{"id":5,"date":"2007-01-15T09:49:32","date_gmt":"2007-01-15T08:49:32","guid":{"rendered":"https:\/\/blogs.ua.es\/miguelon\/about\/"},"modified":"2010-11-09T10:42:21","modified_gmt":"2010-11-09T09:42:21","slug":"about","status":"publish","type":"page","link":"https:\/\/blogs.ua.es\/miguelon\/about\/","title":{"rendered":"Sobre m\u00ed"},"content":{"rendered":"<p><strong>Informaci\u00f3n personal<\/strong><\/p>\n<p>Soy profesor titular de Universidad en en el departamento de Ciencia de la Computaci\u00f3n e Inteligencia Artificial de la Universidad de Alicante. Ingeniero (1995) y Doctor (2000) en Inform\u00e1tica por la misma Universidad. Como veis, nac\u00ed, crec\u00ed, me form\u00e9 y he terminado en mi ciudad de nacimiento. Toda la informaci\u00f3n personal y acad\u00e9mica la pod\u00e9is encontrar en mi <a href=\"http:\/\/www.dccia.ua.es\/~miguel\">p\u00e1gina personal<\/a>.<\/p>\n<p><strong>Docencia<\/strong><\/p>\n<p>Imparto una asignatura troncal, T\u00e9cnicas de Inteligencia Artificial, y una optativa, Robots Aut\u00f3nomos. Tambi\u00e9n imparto una asignatura de m\u00e1ster. Estoy involucrado en varios proyectos innovativos. Siempre he pensado que en la docencia se puede mejorar, por ello intento mantenerme al d\u00eda en las nuevas tecnolog\u00edas y aplicarlas a la docencia. Tambi\u00e9n soy el director del curso de experto en programaci\u00f3n web (<a href=\"http:\/\/www.proweb.ua.es\">http:\/\/www.proweb.ua.es<\/a>)<\/p>\n<p><strong>Investigaci\u00f3n<\/strong><\/p>\n<p>Me fascina el mundo de la rob\u00f3tica. Investigo en temas relacionados con la visi\u00f3n artificial aplicada a rob\u00f3tica. Lamentablemente la investigaci\u00f3n algunas veces est\u00e1 re\u00f1ida con el espect\u00e1culo. El p\u00fablico espera ver robots que hacen cosas impresionantes. Por ello tambi\u00e9n realizo jornadas de divulgaci\u00f3n donde mostramos el funcionamiento de robots desde un punto de vista m\u00e1s orientado al p\u00fablico en general.<\/p>\n","protected":false},"excerpt":{"rendered":"<p>Informaci\u00f3n personal Soy profesor titular de Universidad en en el departamento de Ciencia de la Computaci\u00f3n e Inteligencia Artificial de la Universidad de Alicante. Ingeniero (1995) y Doctor (2000) en Inform\u00e1tica por la misma Universidad. Como veis, nac\u00ed, crec\u00ed, me &hellip; <a href=\"https:\/\/blogs.ua.es\/miguelon\/about\/\">Continue reading <span class=\"meta-nav\">&rarr;<\/span><\/a><\/p>\n","protected":false},"author":342,"featured_media":0,"parent":0,"menu_order":0,"comment_status":"open","ping_status":"open","template":"","meta":{"footnotes":""},"class_list":["post-5","page","type-page","status-publish","hentry"],"_links":{"self":[{"href":"https:\/\/blogs.ua.es\/miguelon\/wp-json\/wp\/v2\/pages\/5","targetHints":{"allow":["GET"]}}],"collection":[{"href":"https:\/\/blogs.ua.es\/miguelon\/wp-json\/wp\/v2\/pages"}],"about":[{"href":"https:\/\/blogs.ua.es\/miguelon\/wp-json\/wp\/v2\/types\/page"}],"author":[{"embeddable":true,"href":"https:\/\/blogs.ua.es\/miguelon\/wp-json\/wp\/v2\/users\/342"}],"replies":[{"embeddable":true,"href":"https:\/\/blogs.ua.es\/miguelon\/wp-json\/wp\/v2\/comments?post=5"}],"version-history":[{"count":5,"href":"https:\/\/blogs.ua.es\/miguelon\/wp-json\/wp\/v2\/pages\/5\/revisions"}],"predecessor-version":[{"id":508,"href":"https:\/\/blogs.ua.es\/miguelon\/wp-json\/wp\/v2\/pages\/5\/revisions\/508"}],"wp:attachment":[{"href":"https:\/\/blogs.ua.es\/miguelon\/wp-json\/wp\/v2\/media?parent=5"}],"curies":[{"name":"wp","href":"https:\/\/api.w.org\/{rel}","templated":true}]}}