{"id":96,"date":"2011-01-23T15:24:58","date_gmt":"2011-01-23T13:24:58","guid":{"rendered":"https:\/\/blogs.ua.es\/minoriasmarginadas\/"},"modified":"2011-01-24T20:50:23","modified_gmt":"2011-01-24T18:50:23","slug":"los-mendigos-y-vagabundos","status":"publish","type":"page","link":"https:\/\/blogs.ua.es\/minoriasmarginadas\/los-mendigos-y-vagabundos\/","title":{"rendered":"Los mendigos y vagabundos"},"content":{"rendered":"<p>\u00a0<\/p>\n<figure id=\"attachment_254\" aria-describedby=\"caption-attachment-254\" style=\"width: 150px\" class=\"wp-caption aligncenter\"><a href=\"https:\/\/blogs.ua.es\/minoriasmarginadas\/files\/2011\/01\/ninos_mendigos2.jpg\"><img loading=\"lazy\" decoding=\"async\" class=\"size-thumbnail wp-image-254\" src=\"https:\/\/blogs.ua.es\/minoriasmarginadas\/files\/2011\/01\/ninos_mendigos2-150x150.jpg\" alt=\"ni\u00f1os mendigos jugando\" width=\"150\" height=\"150\" \/><\/a><figcaption id=\"caption-attachment-254\" class=\"wp-caption-text\">ni\u00f1os mendigos jugando<\/figcaption><\/figure>\n<p>Desde el siglo XVI y principalmente en el siglo XVII\u00a0 y XVIII, se desarrollo en los pa\u00edses de Europa Occidental una abundante producci\u00f3n de escritos que analizaban el clima econ\u00f3mico-social de esa \u00e9poca, pero tambi\u00e9n examinaban el fen\u00f3meno del crecido n\u00famero de pobres que se juntaban en\u00a0los centros urbanos.\u00a0 Muchos de estos necesitados se convert\u00edan en mendigos; otros viv\u00edan del hurto en la osociedad y la vagancia.<\/p>\n<p>Como soluci\u00f3n a los problemas sociales; se propon\u00edan medidas tendientes a moderar el sistema econ\u00f3mico de acuerdo con las normas de la justicia y de la caridad, a la vez que a ampliar las fuentes de trabajo para proveer as\u00ed a las clases populares de sufiientes medios para sostenerse honradamente. No obstante la protecci\u00f3n extendida a las clases probres, se vituperaban los abusos de los mendigos fraudulentos y los atropellos de los vagos.<\/p>\n<p>Siguiendo una l\u00ednea parecida comentar que la poblaci\u00f3n vagabunda y medicante siempre fue de dif\u00edcil cuantificaci\u00f3n, aunqe aumentan en \u00e9poca de crisis. De ella tenemos constancia por las novelas picaresca, que refleja\u00a0la situaci\u00f3n de una parte de la poblaci\u00f3n importante. Estas personas son las que sufren las levas para el ej\u00e9rcito,\u00a0 y las leyes de vagos que les oligan a trbajar por poco dinero en obras p\u00fablicas. Proliferan los conventos donde se ofrece la\u00a0&#8220;sopa boba&#8221; y los hospicios para los hu\u00e9rfanos. En ellos se trabaja bajo el control de los gremios en oficios \u00fatiles.<\/p>\n<p>Por \u00faltimo y como curiosidad se crearon en\u00a0Espa\u00f1a <em>Centros de educaci\u00f3n especial en los niveles primarios<\/em>\u00a0. Numerosas instituciones de asisttencia, correci\u00f3n y ense\u00f1anza para los ni\u00f1os pobres, exp\u00f3sitos y hu\u00e9rfanos, vagabundos y p\u00edcaros, surg\u00edan en la Espa\u00f1a del siglo XVI como fruto de la preocupaci\u00f3n social de la infancia. La doctrina de Lu\u00eds Vives de que el Estado, po raz\u00f3n de justicia y no s\u00f3lo de caridad, hab\u00eda de proteger el ni\u00f1o pobre, coincid\u00eda casi en el tiempo con\u00a0 la petici\u00f3n de las Cortes de Castilla (1518-1523) de que los pobres y mendigos se redimieran por el trabajo, prohibiendo la mendicidad. Pero este intento de regular semejantes situaciones no tuvo \u00e9xito y el mismo Felipe II en 1565 hubo de admitir la limosna p\u00fablica, aunque regulando su funcionamiento.<\/p>\n<figure id=\"attachment_264\" aria-describedby=\"caption-attachment-264\" style=\"width: 150px\" class=\"wp-caption alignleft\"><a href=\"https:\/\/blogs.ua.es\/minoriasmarginadas\/files\/2011\/01\/7041818566761247.jpg\"><img loading=\"lazy\" decoding=\"async\" class=\"size-thumbnail wp-image-264\" src=\"https:\/\/blogs.ua.es\/minoriasmarginadas\/files\/2011\/01\/7041818566761247-150x150.jpg\" alt=\"dibujo de mendigo\" width=\"150\" height=\"150\" \/><\/a><figcaption id=\"caption-attachment-264\" class=\"wp-caption-text\">dibujo de mendigo<\/figcaption><\/figure>\n<div class=\"mceTemp\">\u00a0\u00a0\u00a0\u00a0\u00a0\u00a0\u00a0<\/p>\n<figure id=\"attachment_277\" aria-describedby=\"caption-attachment-277\" style=\"width: 150px\" class=\"wp-caption alignright\"><a href=\"https:\/\/blogs.ua.es\/minoriasmarginadas\/files\/2011\/01\/p\u00edcaro1.jpg\"><img loading=\"lazy\" decoding=\"async\" class=\"size-thumbnail wp-image-277\" src=\"https:\/\/blogs.ua.es\/minoriasmarginadas\/files\/2011\/01\/p\u00edcaro1-150x150.jpg\" alt=\"p\u00edcaro\" width=\"150\" height=\"150\" \/><\/a><figcaption id=\"caption-attachment-277\" class=\"wp-caption-text\">p\u00edcaro<\/figcaption><\/figure>\n<\/div>\n","protected":false},"excerpt":{"rendered":"<p>\u00a0 Desde el siglo XVI y principalmente en el siglo XVII\u00a0 y XVIII, se desarrollo en los pa\u00edses de Europa Occidental una abundante producci\u00f3n de escritos que analizaban el clima econ\u00f3mico-social de esa \u00e9poca, pero tambi\u00e9n examinaban el fen\u00f3meno del crecido n\u00famero de pobres que se juntaban en\u00a0los centros urbanos.\u00a0 Muchos de estos necesitados se [&hellip;]<\/p>\n","protected":false},"author":1836,"featured_media":0,"parent":0,"menu_order":0,"comment_status":"open","ping_status":"open","template":"","meta":{"footnotes":""},"class_list":["post-96","page","type-page","status-publish","hentry"],"_links":{"self":[{"href":"https:\/\/blogs.ua.es\/minoriasmarginadas\/wp-json\/wp\/v2\/pages\/96","targetHints":{"allow":["GET"]}}],"collection":[{"href":"https:\/\/blogs.ua.es\/minoriasmarginadas\/wp-json\/wp\/v2\/pages"}],"about":[{"href":"https:\/\/blogs.ua.es\/minoriasmarginadas\/wp-json\/wp\/v2\/types\/page"}],"author":[{"embeddable":true,"href":"https:\/\/blogs.ua.es\/minoriasmarginadas\/wp-json\/wp\/v2\/users\/1836"}],"replies":[{"embeddable":true,"href":"https:\/\/blogs.ua.es\/minoriasmarginadas\/wp-json\/wp\/v2\/comments?post=96"}],"version-history":[{"count":14,"href":"https:\/\/blogs.ua.es\/minoriasmarginadas\/wp-json\/wp\/v2\/pages\/96\/revisions"}],"predecessor-version":[{"id":278,"href":"https:\/\/blogs.ua.es\/minoriasmarginadas\/wp-json\/wp\/v2\/pages\/96\/revisions\/278"}],"wp:attachment":[{"href":"https:\/\/blogs.ua.es\/minoriasmarginadas\/wp-json\/wp\/v2\/media?parent=96"}],"curies":[{"name":"wp","href":"https:\/\/api.w.org\/{rel}","templated":true}]}}