{"id":2,"date":"2021-12-23T16:43:57","date_gmt":"2021-12-23T16:43:57","guid":{"rendered":"https:\/\/blogs.ua.es\/miscosasdepsicologa\/?page_id=2"},"modified":"2022-03-26T22:05:22","modified_gmt":"2022-03-26T22:05:22","slug":"pagina-ejemplo","status":"publish","type":"page","link":"https:\/\/blogs.ua.es\/miscosasdepsicologa\/pagina-ejemplo\/","title":{"rendered":"Sobre m\u00ed"},"content":{"rendered":"<p><img loading=\"lazy\" decoding=\"async\" class=\"wp-image-70 alignleft\" src=\"https:\/\/blogs.ua.es\/miscosasdepsicologa\/files\/2022\/03\/Una-Psicologa.png\" alt=\"Una Psic\u00f3loga\" width=\"111\" height=\"111\" srcset=\"https:\/\/blogs.ua.es\/miscosasdepsicologa\/files\/2022\/03\/Una-Psicologa.png 398w, https:\/\/blogs.ua.es\/miscosasdepsicologa\/files\/2022\/03\/Una-Psicologa-290x290.png 290w\" sizes=\"auto, (max-width: 111px) 100vw, 111px\" \/><\/p>\n<p><em>Mis Cosas de Psic\u00f3loga<\/em> es un blog dedicado a todas aquellas personas que trabajan o desean trabajar en el mundo de la Psicolog\u00eda.<\/p>\n<p>Toda la informaci\u00f3n, recursos y sugerencias que comparto en este blog est\u00e1n basados en mi experiencia como psic\u00f3loga.<\/p>\n<p>Espero que os ayude a conocer un poco mejor esta maravillosa disciplina.<\/p>\n<p>&nbsp;<\/p>\n<p><em><strong>Una Psic\u00f3loga que\u00a0adora su profesi\u00f3n pero no siempre sus condiciones de trabajo.<\/strong><\/em><\/p>\n<p><img loading=\"lazy\" decoding=\"async\" class=\"wp-image-91 aligncenter\" src=\"https:\/\/blogs.ua.es\/miscosasdepsicologa\/files\/2022\/03\/Blog-para-psicologos.png\" alt=\"Blog para psic\u00f3logas y psic\u00f3logos. Informaci\u00f3n \u00fatil para trabajar como psic\u00f3loga o psic\u00f3logo.\" width=\"126\" height=\"126\" srcset=\"https:\/\/blogs.ua.es\/miscosasdepsicologa\/files\/2022\/03\/Blog-para-psicologos.png 398w, https:\/\/blogs.ua.es\/miscosasdepsicologa\/files\/2022\/03\/Blog-para-psicologos-290x290.png 290w\" sizes=\"auto, (max-width: 126px) 100vw, 126px\" \/><\/p>\n","protected":false},"excerpt":{"rendered":"<p>Mis Cosas de Psic\u00f3loga es un blog dedicado a todas aquellas personas que trabajan o desean trabajar en el mundo de la Psicolog\u00eda. Toda la informaci\u00f3n, recursos y sugerencias que comparto en este blog est\u00e1n basados en mi experiencia como &hellip; <a href=\"https:\/\/blogs.ua.es\/miscosasdepsicologa\/pagina-ejemplo\/\">Continuar leyendo <span class=\"meta-nav\">&rarr;<\/span><\/a><\/p>\n","protected":false},"author":4511,"featured_media":70,"parent":0,"menu_order":0,"comment_status":"closed","ping_status":"open","template":"","meta":{"footnotes":""},"class_list":["post-2","page","type-page","status-publish","has-post-thumbnail","hentry"],"_links":{"self":[{"href":"https:\/\/blogs.ua.es\/miscosasdepsicologa\/wp-json\/wp\/v2\/pages\/2","targetHints":{"allow":["GET"]}}],"collection":[{"href":"https:\/\/blogs.ua.es\/miscosasdepsicologa\/wp-json\/wp\/v2\/pages"}],"about":[{"href":"https:\/\/blogs.ua.es\/miscosasdepsicologa\/wp-json\/wp\/v2\/types\/page"}],"author":[{"embeddable":true,"href":"https:\/\/blogs.ua.es\/miscosasdepsicologa\/wp-json\/wp\/v2\/users\/4511"}],"replies":[{"embeddable":true,"href":"https:\/\/blogs.ua.es\/miscosasdepsicologa\/wp-json\/wp\/v2\/comments?post=2"}],"version-history":[{"count":10,"href":"https:\/\/blogs.ua.es\/miscosasdepsicologa\/wp-json\/wp\/v2\/pages\/2\/revisions"}],"predecessor-version":[{"id":99,"href":"https:\/\/blogs.ua.es\/miscosasdepsicologa\/wp-json\/wp\/v2\/pages\/2\/revisions\/99"}],"wp:featuredmedia":[{"embeddable":true,"href":"https:\/\/blogs.ua.es\/miscosasdepsicologa\/wp-json\/wp\/v2\/media\/70"}],"wp:attachment":[{"href":"https:\/\/blogs.ua.es\/miscosasdepsicologa\/wp-json\/wp\/v2\/media?parent=2"}],"curies":[{"name":"wp","href":"https:\/\/api.w.org\/{rel}","templated":true}]}}