{"id":11,"date":"2020-04-16T17:02:16","date_gmt":"2020-04-16T17:02:16","guid":{"rendered":"https:\/\/blogs.ua.es\/modernasenblog\/?page_id=11"},"modified":"2021-05-12T08:27:18","modified_gmt":"2021-05-12T08:27:18","slug":"proyecto","status":"publish","type":"page","link":"https:\/\/blogs.ua.es\/modernasenblog\/proyecto\/","title":{"rendered":"Proyecto"},"content":{"rendered":"<p align=\"JUSTIFY\">La presente iniciativa presenta las actividades realizadas en dos proyectos did\u00e1cticos y divulgativos de la Universidad de Alicante.<\/p>\n<p align=\"JUSTIFY\">El primero fue realizado en el curso pasado, en el contexto de la Red 4854 \u201cModernas en blog\u201d, perteneciente al Programa I3CE de Investigaci\u00f3n en Docencia Universitaria 2019-2020. Dicha Red ten\u00eda como meta principal la inclusi\u00f3n de la perspectiva de g\u00e9nero en la asignatura \u201cDel Medievo a la Modernidad\u201d, que se imparte en el primer curso de los grados de Historia, Geograf\u00eda y Ordenaci\u00f3n del Territorio, y Humanidades, realizando acciones de innovaci\u00f3n educativa utilizando las TIC y las TAC.<\/p>\n<p align=\"JUSTIFY\">El segundo proyecto ha sido realizado a lo largo del presente curso, en el marco de la Red 5323 &#8220;Modernas por el Mundo&#8221;, perteneciente al Programa I3CE de Investigaci\u00f3n en Docencia Universitaria 2020-2021, organizado por la citada Universidad de Alicante. El objetivo principal vuelve a ser la inclusi\u00f3n de la perspectiva de g\u00e9nero en varias asignaturas del Grado de Historia, por medio de la realizaci\u00f3n de acciones de innovaci\u00f3n educativa. As\u00ed mismo, la iniciativa pretende promover la formaci\u00f3n en valores como la tolerancia, el respeto y la empat\u00eda.<\/p>\n","protected":false},"excerpt":{"rendered":"<p>La presente iniciativa presenta las actividades realizadas en dos proyectos did\u00e1cticos y divulgativos de la Universidad de Alicante. El primero fue realizado en el curso pasado, en el contexto de la Red 4854 \u201cModernas en blog\u201d, perteneciente al Programa I3CE &hellip; <a href=\"https:\/\/blogs.ua.es\/modernasenblog\/proyecto\/\">Continue reading <span class=\"meta-nav\">&rarr;<\/span><\/a><\/p>\n","protected":false},"author":936,"featured_media":0,"parent":0,"menu_order":0,"comment_status":"closed","ping_status":"closed","template":"","meta":{"footnotes":""},"class_list":["post-11","page","type-page","status-publish","hentry"],"_links":{"self":[{"href":"https:\/\/blogs.ua.es\/modernasenblog\/wp-json\/wp\/v2\/pages\/11","targetHints":{"allow":["GET"]}}],"collection":[{"href":"https:\/\/blogs.ua.es\/modernasenblog\/wp-json\/wp\/v2\/pages"}],"about":[{"href":"https:\/\/blogs.ua.es\/modernasenblog\/wp-json\/wp\/v2\/types\/page"}],"author":[{"embeddable":true,"href":"https:\/\/blogs.ua.es\/modernasenblog\/wp-json\/wp\/v2\/users\/936"}],"replies":[{"embeddable":true,"href":"https:\/\/blogs.ua.es\/modernasenblog\/wp-json\/wp\/v2\/comments?post=11"}],"version-history":[{"count":6,"href":"https:\/\/blogs.ua.es\/modernasenblog\/wp-json\/wp\/v2\/pages\/11\/revisions"}],"predecessor-version":[{"id":363,"href":"https:\/\/blogs.ua.es\/modernasenblog\/wp-json\/wp\/v2\/pages\/11\/revisions\/363"}],"wp:attachment":[{"href":"https:\/\/blogs.ua.es\/modernasenblog\/wp-json\/wp\/v2\/media?parent=11"}],"curies":[{"name":"wp","href":"https:\/\/api.w.org\/{rel}","templated":true}]}}