{"id":58,"date":"2020-04-17T08:52:17","date_gmt":"2020-04-17T08:52:17","guid":{"rendered":"https:\/\/blogs.ua.es\/modernasenblog\/?page_id=58"},"modified":"2020-05-27T14:45:56","modified_gmt":"2020-05-27T14:45:56","slug":"fernando-herranz","status":"publish","type":"page","link":"https:\/\/blogs.ua.es\/modernasenblog\/equipo\/fernando-herranz\/","title":{"rendered":"Fernando Herranz"},"content":{"rendered":"<p><strong>Fernando Herranz Vel\u00e1zquez\u00a0<\/strong>(\u00c1vila, 1993).<\/p>\n<p>Doctorando en Estudios de G\u00e9nero por el Instituto Universitario de Investigaci\u00f3n en Estudios de G\u00e9nero (IUIEG) de la Universitat d\u2019Alcant. T\u00e9cnico profesional de Igualdad de G\u00e9nero y t\u00e9cnico de formaci\u00f3n en g\u00e9nero. Graduado en Historia por la Universidad de Salamanca. M\u00e1ster interuniversitario en Historia e identidades del Mediterr\u00e1neo Occidental (ss. XV-XIX) en la Universidad de Alicante, donde obtuvo el premio extraordinario de M\u00e1ster. Especialista en Edad Moderna y\u00a0masculinidades.<\/p>\n<p>Centrado en dos l\u00edneas de investigaci\u00f3n. Por un lado, la educaci\u00f3n del siglo XVIII, concretamente en el an\u00e1lisis en el estudio de la educaci\u00f3n familiar y moral; y, por otro, en la historia de las masculinidades. Ambas v\u00edas enfocadas desde una visi\u00f3n e historiograf\u00eda social y de estudios de g\u00e9nero.<\/p>\n<p>Codirector de la revista\u00a0<em>Mundo Hist\u00f3rico. Revista de investigaci\u00f3n<\/em><\/p>\n","protected":false},"excerpt":{"rendered":"<p>Fernando Herranz Vel\u00e1zquez\u00a0(\u00c1vila, 1993). Doctorando en Estudios de G\u00e9nero por el Instituto Universitario de Investigaci\u00f3n en Estudios de G\u00e9nero (IUIEG) de la Universitat d\u2019Alcant. T\u00e9cnico profesional de Igualdad de G\u00e9nero y t\u00e9cnico de formaci\u00f3n en g\u00e9nero. Graduado en Historia por &hellip; <a href=\"https:\/\/blogs.ua.es\/modernasenblog\/equipo\/fernando-herranz\/\">Continue reading <span class=\"meta-nav\">&rarr;<\/span><\/a><\/p>\n","protected":false},"author":4394,"featured_media":0,"parent":54,"menu_order":0,"comment_status":"closed","ping_status":"closed","template":"","meta":{"footnotes":""},"class_list":["post-58","page","type-page","status-publish","hentry"],"_links":{"self":[{"href":"https:\/\/blogs.ua.es\/modernasenblog\/wp-json\/wp\/v2\/pages\/58","targetHints":{"allow":["GET"]}}],"collection":[{"href":"https:\/\/blogs.ua.es\/modernasenblog\/wp-json\/wp\/v2\/pages"}],"about":[{"href":"https:\/\/blogs.ua.es\/modernasenblog\/wp-json\/wp\/v2\/types\/page"}],"author":[{"embeddable":true,"href":"https:\/\/blogs.ua.es\/modernasenblog\/wp-json\/wp\/v2\/users\/4394"}],"replies":[{"embeddable":true,"href":"https:\/\/blogs.ua.es\/modernasenblog\/wp-json\/wp\/v2\/comments?post=58"}],"version-history":[{"count":5,"href":"https:\/\/blogs.ua.es\/modernasenblog\/wp-json\/wp\/v2\/pages\/58\/revisions"}],"predecessor-version":[{"id":300,"href":"https:\/\/blogs.ua.es\/modernasenblog\/wp-json\/wp\/v2\/pages\/58\/revisions\/300"}],"up":[{"embeddable":true,"href":"https:\/\/blogs.ua.es\/modernasenblog\/wp-json\/wp\/v2\/pages\/54"}],"wp:attachment":[{"href":"https:\/\/blogs.ua.es\/modernasenblog\/wp-json\/wp\/v2\/media?parent=58"}],"curies":[{"name":"wp","href":"https:\/\/api.w.org\/{rel}","templated":true}]}}