{"id":127,"date":"2011-01-26T00:03:50","date_gmt":"2011-01-25T22:03:50","guid":{"rendered":"https:\/\/blogs.ua.es\/monarquiahispanicaeinglaterra\/"},"modified":"2011-01-26T00:03:50","modified_gmt":"2011-01-25T22:03:50","slug":"la-armada-invencible","status":"publish","type":"page","link":"https:\/\/blogs.ua.es\/monarquiahispanicaeinglaterra\/la-armada-invencible\/","title":{"rendered":"La Armada Invencible"},"content":{"rendered":"<p>Haciendo memoria de todo lo ocurrido; Inglaterra hab\u00eda sido desde el reinado de los RRCC, aliada de la Corona espa\u00f1ola frente a Francia. El primer matrimonio de Felipe II fue con Mar\u00eda Tudor, reina de Inglaterra y cat\u00f3lica, pero al\u00a0 morir sin descendencia, como hemos nombrando anteriormente, subi\u00f3 al trono su hermanastra Isabel en 1558. Isabel I de religi\u00f3n anglicana, apoy\u00f3 a los protestantes de Flandes y, deseosa de competir por el dominio Atl\u00e1ntico y el control del comercio americano, protegi\u00f3 a los corsarios (los ingleses Hawkins y Drake) que atacaban constantemente a los barcos espa\u00f1oles; eran barcos privados que navegaban con autorizaci\u00f3n de su gobierno y se dedicaban a saquear y atacar barcos (mercantes) de pa\u00edses enemigos; estos atacaban las posesiones espa\u00f1olas en las Indias y a las flotas con metales preciosos que surcaban el Atl\u00e1ntico; m\u00e1s tarde, con la llegada de la Armada Invencible, estos corsarios pasaron a almirantes de la flota inglesa. Esta fue una de las causas por las que Felipe II decidi\u00f3 enfrentarse a Inglaterra, ya que estaba cansado de los terribles ataques de \u201cpiratas\u201d, que eran aliados de Inglaterra, y est\u00e1 a su vez no hizo nada para evitar estos hechos. As\u00ed que dispuso y prepar\u00f3 una gran flota para atacarla, La gran Armada Invencible. Otra de las causas tambi\u00e9n nombradas fue la condena y ejecuci\u00f3n de Mar\u00eda Estuardo, y la restauraci\u00f3n del catolicismo.<\/p>\n<p>En mayo de 1588, la Armada parti\u00f3 de Lisboa, con 130 buques, 8000 marinos y 20000 soldados. Las naves eran grandes galeones, m\u00e1s indicados para los viajes a Am\u00e9rica que para las aguas del mar del Norte.<\/p>\n<p>La operaci\u00f3n de desembarco de tropas espa\u00f1olas en Inglaterra fue dise\u00f1ada por el propio Felipe II. Su fracaso se debi\u00f3 a la falta de coordinaci\u00f3n entre las tropas de tierra, ubicadas en Flandes al mando de Alejandro Farnesio, y la flota, que carec\u00eda de un puerto adecuado para refugiarse. Adem\u00e1s, los buques ingleses eran m\u00e1s r\u00e1pidos y dispon\u00edan de ca\u00f1ones de mayor alcance. Hay que a\u00f1adir a estos efectos las constantes tormentas que dificultaron el avance de la flota en el canal de la Mancha. Tras su derrota, los barcos regresaron a la pen\u00ednsula dando la vuelta a las islas brit\u00e1nicas, y muchos buques se perdieron. Tras esta derrota los ingleses afianzaron a\u00fan m\u00e1s en su fe protestante.<\/p>\n<p>El impacto del fracaso fue sobretodo psicol\u00f3gico y pol\u00edtico, pues el potencial militar y naval espa\u00f1ol apenas qued\u00f3 da\u00f1ado. Los ingleses, por su parte, emprendieron diversas acciones de represalia asaltando ciudades costeras en la pen\u00ednsula (como Lisboa, C\u00e1diz\u2026) y en las Indias. Se perdieron\u00a0 a su regreso, cerca de 100 nav\u00edos, 20000 hombres y 40 millones de ducados. Fue un completo desastre y la Invencible regres\u00f3 diezmada y vencida.<\/p>\n","protected":false},"excerpt":{"rendered":"<p>Haciendo memoria de todo lo ocurrido; Inglaterra hab\u00eda sido desde el reinado de los RRCC, aliada de la Corona espa\u00f1ola frente a Francia. El primer matrimonio de Felipe II fue con Mar\u00eda Tudor, reina de Inglaterra y cat\u00f3lica, pero al\u00a0 morir sin descendencia, como hemos nombrando anteriormente, subi\u00f3 al trono su hermanastra Isabel en 1558. [&hellip;]<\/p>\n","protected":false},"author":1835,"featured_media":0,"parent":0,"menu_order":0,"comment_status":"open","ping_status":"open","template":"","meta":{"footnotes":""},"class_list":["post-127","page","type-page","status-publish","hentry"],"_links":{"self":[{"href":"https:\/\/blogs.ua.es\/monarquiahispanicaeinglaterra\/wp-json\/wp\/v2\/pages\/127","targetHints":{"allow":["GET"]}}],"collection":[{"href":"https:\/\/blogs.ua.es\/monarquiahispanicaeinglaterra\/wp-json\/wp\/v2\/pages"}],"about":[{"href":"https:\/\/blogs.ua.es\/monarquiahispanicaeinglaterra\/wp-json\/wp\/v2\/types\/page"}],"author":[{"embeddable":true,"href":"https:\/\/blogs.ua.es\/monarquiahispanicaeinglaterra\/wp-json\/wp\/v2\/users\/1835"}],"replies":[{"embeddable":true,"href":"https:\/\/blogs.ua.es\/monarquiahispanicaeinglaterra\/wp-json\/wp\/v2\/comments?post=127"}],"version-history":[{"count":2,"href":"https:\/\/blogs.ua.es\/monarquiahispanicaeinglaterra\/wp-json\/wp\/v2\/pages\/127\/revisions"}],"predecessor-version":[{"id":129,"href":"https:\/\/blogs.ua.es\/monarquiahispanicaeinglaterra\/wp-json\/wp\/v2\/pages\/127\/revisions\/129"}],"wp:attachment":[{"href":"https:\/\/blogs.ua.es\/monarquiahispanicaeinglaterra\/wp-json\/wp\/v2\/media?parent=127"}],"curies":[{"name":"wp","href":"https:\/\/api.w.org\/{rel}","templated":true}]}}