{"id":42,"date":"2010-11-02T17:14:32","date_gmt":"2010-11-02T15:14:32","guid":{"rendered":"https:\/\/blogs.ua.es\/monarquiahispanicaeinglaterra\/"},"modified":"2011-01-20T17:04:31","modified_gmt":"2011-01-20T15:04:31","slug":"el-comienzo-a-la-enemistad","status":"publish","type":"page","link":"https:\/\/blogs.ua.es\/monarquiahispanicaeinglaterra\/felipe-ii-e-inglaterra\/rivalidad-con-inglaterra\/el-comienzo-a-la-enemistad\/","title":{"rendered":"El comienzo a la enemistad"},"content":{"rendered":"<p>La guerra de Flandes, es lo que nos da la clave para poder entender las causas de la enemistad con sus vecinos, como Inglaterra y Francia,\u00a0 pasan a ser enemigas.<\/p>\n<p>En Inglaterra primero comenz\u00f3 con un periodo de uni\u00f3n, que fue el matrimonio de Felipe II de Espa\u00f1a y Mar\u00eda Tudor de Inglaterra en 1554, que desde 1553 era reina de Inglaterra, pero fue un breve periodo por la muerte de Mar\u00eda Tudor; el matrimonio no tubo descendencia, hecho abajo los proyectos de una Inglaterra \u00a0de vuelta al catolicismo y una estrecha colaboraci\u00f3n hispano-inglesa; por lo que a la muerte de Maria, subi\u00f3 al trono su hermana Isabel, y la situaci\u00f3n cambio radicalmente.<\/p>\n<p>Las rivalidades entre las dos naciones era cada vez mas fuerte; habia motivos pol\u00edticos y econ\u00f3micos, tambi\u00e9n religiosos, Espa\u00f1a era cat\u00f3lica e Inglaterra protestante. Ambas luchaban por el dominio de las am\u00e9ricas. Felipe quer\u00eda eliminar a los rebeldes de Flandes porque era el apoyo de los ingleses; asi que pens\u00f3 en invadir Inglaterra, por lo que dispuso grandes preparativos: la Armada Invencible. Una armada de sesenta y cinco navios con once mil tripulantes y diecinueve mil soldados.<\/p>\n<p>Son toda una serie de elementos estrat\u00e9gicos que se utilizaron en el campo de batalla, cada cual mueve ficha en el lugar que m\u00e1s posici\u00f3n estrat\u00e9gica y de prestigio le conviene. Unos hechos que se dan cuando la consolidaci\u00f3n de Espa\u00f1a sobre el Nuevo Mundo fue el mayor logro para Felipe II, pero su incapacidad para reprimir la revuelta holandesa fue su mayor fracaso. Son dos hechos que est\u00e1n meramente relacionados; pues una de las razones fundamentales pare el \u00e9xito de los rebeldes holandeses fue el apoyo de Inglaterra y Francia, debido a que uno de los factores que condujo a estos dos Estados a ayudar a los holandeses fue la neutralizaci\u00f3n implacable de todos los intrusos en Am\u00e9rica por parte de los espa\u00f1oles. Asi ganaban todos, excepto Espa\u00f1a, que fue la m\u00e1s perjudicada.<\/p>\n","protected":false},"excerpt":{"rendered":"<p>La guerra de Flandes, es lo que nos da la clave para poder entender las causas de la enemistad con sus vecinos, como Inglaterra y Francia,\u00a0 pasan a ser enemigas. En Inglaterra primero comenz\u00f3 con un periodo de uni\u00f3n, que fue el matrimonio de Felipe II de Espa\u00f1a y Mar\u00eda Tudor de Inglaterra en 1554, [&hellip;]<\/p>\n","protected":false},"author":1835,"featured_media":0,"parent":13,"menu_order":4,"comment_status":"open","ping_status":"open","template":"","meta":{"footnotes":""},"class_list":["post-42","page","type-page","status-publish","hentry"],"_links":{"self":[{"href":"https:\/\/blogs.ua.es\/monarquiahispanicaeinglaterra\/wp-json\/wp\/v2\/pages\/42","targetHints":{"allow":["GET"]}}],"collection":[{"href":"https:\/\/blogs.ua.es\/monarquiahispanicaeinglaterra\/wp-json\/wp\/v2\/pages"}],"about":[{"href":"https:\/\/blogs.ua.es\/monarquiahispanicaeinglaterra\/wp-json\/wp\/v2\/types\/page"}],"author":[{"embeddable":true,"href":"https:\/\/blogs.ua.es\/monarquiahispanicaeinglaterra\/wp-json\/wp\/v2\/users\/1835"}],"replies":[{"embeddable":true,"href":"https:\/\/blogs.ua.es\/monarquiahispanicaeinglaterra\/wp-json\/wp\/v2\/comments?post=42"}],"version-history":[{"count":12,"href":"https:\/\/blogs.ua.es\/monarquiahispanicaeinglaterra\/wp-json\/wp\/v2\/pages\/42\/revisions"}],"predecessor-version":[{"id":44,"href":"https:\/\/blogs.ua.es\/monarquiahispanicaeinglaterra\/wp-json\/wp\/v2\/pages\/42\/revisions\/44"}],"up":[{"embeddable":true,"href":"https:\/\/blogs.ua.es\/monarquiahispanicaeinglaterra\/wp-json\/wp\/v2\/pages\/13"}],"wp:attachment":[{"href":"https:\/\/blogs.ua.es\/monarquiahispanicaeinglaterra\/wp-json\/wp\/v2\/media?parent=42"}],"curies":[{"name":"wp","href":"https:\/\/api.w.org\/{rel}","templated":true}]}}