{"id":119,"date":"2013-01-16T13:17:50","date_gmt":"2013-01-16T13:17:50","guid":{"rendered":"https:\/\/blogs.ua.es\/monarquiahispanicafrancia\/?page_id=119"},"modified":"2013-01-16T13:17:50","modified_gmt":"2013-01-16T13:17:50","slug":"bibliografia","status":"publish","type":"page","link":"https:\/\/blogs.ua.es\/monarquiahispanicafrancia\/bibliografia\/","title":{"rendered":"Bibliograf\u00eda"},"content":{"rendered":"<p style=\"text-align: justify\">A continuaci\u00f3n, los libros que me han ayudado a realizar este blog, figuran libros espa\u00f1oles como franceses, fue una ventaja ser Erasmus de Francia para este sujeto:<\/p>\n<ul>\n<li>Pierre Chaunu, Mich\u00e8le Escamilla,\u00a0<em>Charles Quint<\/em>, Paris, Fayard, 2000.<\/li>\n<li>Gonzague Saint Bris,\u00a0<em>Fran\u00e7ois Ier et la Renaissance,\u00a0<\/em>Broch\u00e9.<\/li>\n<li>Michel Cassan, <em>L&#8217;Europe au XVIe si\u00e8cle<\/em>, Broch\u00e9.<\/li>\n<li>\u00a0Hugh Thomas, <em>El Imperio Espa\u00f1ol de Carlos V<\/em>, Planeta, 2000.<\/li>\n<li>Manuel Fernandez Alvarez, <em>Carlos V, <\/em>Espasa Calpe<em>, 2000.<\/em><\/li>\n<\/ul>\n<p>&nbsp;<\/p>\n","protected":false},"excerpt":{"rendered":"<p>A continuaci\u00f3n, los libros que me han ayudado a realizar este blog, figuran libros espa\u00f1oles como franceses, fue una ventaja ser Erasmus de Francia para este sujeto: Pierre Chaunu, Mich\u00e8le Escamilla,\u00a0Charles Quint, Paris, Fayard, 2000. Gonzague Saint Bris,\u00a0Fran\u00e7ois Ier et la Renaissance,\u00a0Broch\u00e9. Michel Cassan, L&#8217;Europe au XVIe si\u00e8cle, Broch\u00e9. \u00a0Hugh Thomas, El Imperio Espa\u00f1ol de [&hellip;]<\/p>\n","protected":false},"author":2755,"featured_media":0,"parent":0,"menu_order":0,"comment_status":"open","ping_status":"open","template":"","meta":{"footnotes":""},"class_list":["post-119","page","type-page","status-publish","hentry"],"_links":{"self":[{"href":"https:\/\/blogs.ua.es\/monarquiahispanicafrancia\/wp-json\/wp\/v2\/pages\/119","targetHints":{"allow":["GET"]}}],"collection":[{"href":"https:\/\/blogs.ua.es\/monarquiahispanicafrancia\/wp-json\/wp\/v2\/pages"}],"about":[{"href":"https:\/\/blogs.ua.es\/monarquiahispanicafrancia\/wp-json\/wp\/v2\/types\/page"}],"author":[{"embeddable":true,"href":"https:\/\/blogs.ua.es\/monarquiahispanicafrancia\/wp-json\/wp\/v2\/users\/2755"}],"replies":[{"embeddable":true,"href":"https:\/\/blogs.ua.es\/monarquiahispanicafrancia\/wp-json\/wp\/v2\/comments?post=119"}],"version-history":[{"count":1,"href":"https:\/\/blogs.ua.es\/monarquiahispanicafrancia\/wp-json\/wp\/v2\/pages\/119\/revisions"}],"predecessor-version":[{"id":120,"href":"https:\/\/blogs.ua.es\/monarquiahispanicafrancia\/wp-json\/wp\/v2\/pages\/119\/revisions\/120"}],"wp:attachment":[{"href":"https:\/\/blogs.ua.es\/monarquiahispanicafrancia\/wp-json\/wp\/v2\/media?parent=119"}],"curies":[{"name":"wp","href":"https:\/\/api.w.org\/{rel}","templated":true}]}}