{"id":10,"date":"2011-09-20T14:25:48","date_gmt":"2011-09-20T14:25:48","guid":{"rendered":"https:\/\/blogs.ua.es\/monarquiahispanicaportugal\/?page_id=10"},"modified":"2011-12-06T12:28:13","modified_gmt":"2011-12-06T12:28:13","slug":"quien-soy-yo","status":"publish","type":"page","link":"https:\/\/blogs.ua.es\/monarquiahispanicaportugal\/quien-soy-yo\/","title":{"rendered":"informaci\u00f3n sobre el autor"},"content":{"rendered":"<p>Gracias por visitar mi blog, creado como parte del curso\u00a0<strong><em>La historia moderna de Espa\u00f1a<\/em><\/strong>, un curso de la Universidad de Alicante. Soy estudiante del Espa\u00f1ol de EE.UU, aqu\u00ed en Alicante hasta diciembre como parte de un programa de intercambio.<\/p>\n","protected":false},"excerpt":{"rendered":"<p>Gracias por visitar mi blog, creado como parte del curso\u00a0La historia moderna de Espa\u00f1a, un curso de la Universidad de Alicante. Soy estudiante del Espa\u00f1ol de EE.UU, aqu\u00ed en Alicante hasta diciembre como parte de un programa de intercambio.<\/p>\n","protected":false},"author":2177,"featured_media":0,"parent":0,"menu_order":0,"comment_status":"open","ping_status":"open","template":"","meta":{"footnotes":""},"class_list":["post-10","page","type-page","status-publish","hentry"],"_links":{"self":[{"href":"https:\/\/blogs.ua.es\/monarquiahispanicaportugal\/wp-json\/wp\/v2\/pages\/10","targetHints":{"allow":["GET"]}}],"collection":[{"href":"https:\/\/blogs.ua.es\/monarquiahispanicaportugal\/wp-json\/wp\/v2\/pages"}],"about":[{"href":"https:\/\/blogs.ua.es\/monarquiahispanicaportugal\/wp-json\/wp\/v2\/types\/page"}],"author":[{"embeddable":true,"href":"https:\/\/blogs.ua.es\/monarquiahispanicaportugal\/wp-json\/wp\/v2\/users\/2177"}],"replies":[{"embeddable":true,"href":"https:\/\/blogs.ua.es\/monarquiahispanicaportugal\/wp-json\/wp\/v2\/comments?post=10"}],"version-history":[{"count":5,"href":"https:\/\/blogs.ua.es\/monarquiahispanicaportugal\/wp-json\/wp\/v2\/pages\/10\/revisions"}],"predecessor-version":[{"id":29,"href":"https:\/\/blogs.ua.es\/monarquiahispanicaportugal\/wp-json\/wp\/v2\/pages\/10\/revisions\/29"}],"wp:attachment":[{"href":"https:\/\/blogs.ua.es\/monarquiahispanicaportugal\/wp-json\/wp\/v2\/media?parent=10"}],"curies":[{"name":"wp","href":"https:\/\/api.w.org\/{rel}","templated":true}]}}