{"id":2,"date":"2013-12-12T11:42:57","date_gmt":"2013-12-12T11:42:57","guid":{"rendered":"https:\/\/blogs.ua.es\/monforte1\/?page_id=2"},"modified":"2013-12-23T16:59:29","modified_gmt":"2013-12-23T16:59:29","slug":"presentacion","status":"publish","type":"page","link":"https:\/\/blogs.ua.es\/monforte1\/presentacion\/","title":{"rendered":"PRESENTACI\u00d3N"},"content":{"rendered":"<p>\u00a1\u00a1\u00a1HOOOLIII!!!<\/p>\n<p>As\u00ed, para empezar&#8230;ya que es el principio, vamos a deciros c\u00f3mo nos llamamos (aunque se ve en las entradas que vamos realizando), qui\u00e9nes somos y m\u00e1s cositas que es posible que no os interesen.<\/p>\n<p>En conjunto somos dos j\u00f3venes estudiantes de 1\u00ba de Geograf\u00eda y Ordenaci\u00f3n del Territorio que han sido embaucados (en el [carente de] buen sentido de la palabra) en un maravilloso viaje (A.K.A. estupendo trabajo a realizar) a trav\u00e9s del mar de letras correlacionadas entre s\u00ed de las que se sirve el ser humano para comunicar diversos mensajes. Esta es la definici\u00f3n que hemos propuesto para &#8220;<i>ESCRITURAS EXPUESTAS&#8221;<\/i>.<\/p>\n<p>Nos resumimos as\u00ed:<\/p>\n<p>&#8220;Soy V\u00edctor y me dedico a so\u00f1ar con lo que har\u00e9 mientras est\u00e9 so\u00f1ando.&#8221;<\/p>\n<p>&#8220;Soy Lolo y siempre he querido cantar &#8220;Eva Mar\u00eda&#8221; a una chica que se vaya de la costa.&#8221;<\/p>\n<p>En este blog comentaremos im\u00e1genes de escrituras expuestas en Monforte del Cid sum\u00e1ndoles paranoias nuestras.<\/p>\n<p style=\"text-align: center\"><strong>\u00a1ENJOY IT!<\/strong><\/p>\n","protected":false},"excerpt":{"rendered":"<p>\u00a1\u00a1\u00a1HOOOLIII!!! As\u00ed, para empezar&#8230;ya que es el principio, vamos a deciros c\u00f3mo nos llamamos (aunque se ve en las entradas que vamos realizando), qui\u00e9nes somos y m\u00e1s cositas que es posible que no os interesen. En conjunto somos dos j\u00f3venes estudiantes de 1\u00ba de Geograf\u00eda y Ordenaci\u00f3n del Territorio que han sido embaucados (en el [&hellip;]<\/p>\n","protected":false},"author":3403,"featured_media":0,"parent":0,"menu_order":0,"comment_status":"open","ping_status":"open","template":"","meta":{"footnotes":""},"class_list":["post-2","page","type-page","status-publish","hentry"],"_links":{"self":[{"href":"https:\/\/blogs.ua.es\/monforte1\/wp-json\/wp\/v2\/pages\/2","targetHints":{"allow":["GET"]}}],"collection":[{"href":"https:\/\/blogs.ua.es\/monforte1\/wp-json\/wp\/v2\/pages"}],"about":[{"href":"https:\/\/blogs.ua.es\/monforte1\/wp-json\/wp\/v2\/types\/page"}],"author":[{"embeddable":true,"href":"https:\/\/blogs.ua.es\/monforte1\/wp-json\/wp\/v2\/users\/3403"}],"replies":[{"embeddable":true,"href":"https:\/\/blogs.ua.es\/monforte1\/wp-json\/wp\/v2\/comments?post=2"}],"version-history":[{"count":3,"href":"https:\/\/blogs.ua.es\/monforte1\/wp-json\/wp\/v2\/pages\/2\/revisions"}],"predecessor-version":[{"id":27,"href":"https:\/\/blogs.ua.es\/monforte1\/wp-json\/wp\/v2\/pages\/2\/revisions\/27"}],"wp:attachment":[{"href":"https:\/\/blogs.ua.es\/monforte1\/wp-json\/wp\/v2\/media?parent=2"}],"curies":[{"name":"wp","href":"https:\/\/api.w.org\/{rel}","templated":true}]}}