{"id":24,"date":"2021-11-19T16:45:07","date_gmt":"2021-11-19T16:45:07","guid":{"rendered":"https:\/\/blogs.ua.es\/mujeresactivistasmodernas\/?page_id=24"},"modified":"2026-04-01T16:59:41","modified_gmt":"2026-04-01T16:59:41","slug":"biografias","status":"publish","type":"page","link":"https:\/\/blogs.ua.es\/mujeresactivistasmodernas\/biografias\/","title":{"rendered":"2. Biograf\u00edas"},"content":{"rendered":"<blockquote><p><strong>A<\/strong><\/p><\/blockquote>\n<p><a href=\"https:\/\/blogs.ua.es\/mujeresactivistasmodernas\/2022\/12\/13\/amalia-abad-casasempere\/\">Abad Casasempere, Amalia<\/a><\/p>\n<p><a href=\"https:\/\/blogs.ua.es\/mujeresactivistasmodernas\/2022\/11\/29\/gabriela-abad-miro\/\">Abad Mir\u00f3, Gabriela<\/a><\/p>\n<p><a href=\"https:\/\/blogs.ua.es\/mujeresactivistasmodernas\/2025\/03\/14\/maria-luisa-abad-miro\/\">Abad Mir\u00f3, Mar\u00eda Luisa<\/a><\/p>\n<p><a href=\"https:\/\/blogs.ua.es\/mujeresactivistasmodernas\/2022\/04\/06\/virtudes-abenza-rodriguez\/\">Abenza Rodr\u00edguez, Virtudes<\/a><\/p>\n<p><a href=\"https:\/\/blogs.ua.es\/mujeresactivistasmodernas\/2025\/10\/19\/josefa-alba-sanchez\/\">Alba S\u00e1nchez, Josefa<\/a><\/p>\n<p><a href=\"https:\/\/blogs.ua.es\/mujeresactivistasmodernas\/2022\/03\/01\/soledad-amoros-girona\/\">Amor\u00f3s Girona, Soledad<\/a><\/p>\n<p><a href=\"https:\/\/blogs.ua.es\/mujeresactivistasmodernas\/2023\/03\/22\/francisca-amoros-marco\/\">Amor\u00f3s Marco, Francisca<\/a><\/p>\n<p><a href=\"https:\/\/blogs.ua.es\/mujeresactivistasmodernas\/2022\/01\/25\/purificacion-aznar-pomares\/\">Aznar Pomares, Purificaci\u00f3n<\/a><\/p>\n<blockquote><p><strong>B<\/strong><\/p><\/blockquote>\n<p><a href=\"https:\/\/blogs.ua.es\/mujeresactivistasmodernas\/2025\/11\/12\/laura-blanquer\/\">Blanquer, Laura<\/a><\/p>\n<p><a href=\"https:\/\/blogs.ua.es\/mujeresactivistasmodernas\/2022\/04\/13\/adelfa-blasco-mendiola\/\">Blasco Mendiola, Adelfa<\/a><\/p>\n<p><a href=\"https:\/\/blogs.ua.es\/mujeresactivistasmodernas\/2023\/06\/12\/adela-bohunicki-2\/\">Bohunicki, Adela<\/a><\/p>\n<p><a href=\"https:\/\/blogs.ua.es\/mujeresactivistasmodernas\/2023\/11\/27\/rosario-botella-vicedo\/\">Botella Vicedo, Rosario<\/a><\/p>\n<p><a href=\"https:\/\/blogs.ua.es\/mujeresactivistasmodernas\/2022\/04\/24\/libertad-brotons\/\">Brotons, Libertad<\/a><\/p>\n<p><a href=\"https:\/\/blogs.ua.es\/mujeresactivistasmodernas\/2023\/03\/22\/matilde-brotons-pastor\/\">Brotons Pastor, Matilde\u00a0<\/a><\/p>\n<blockquote><p><strong>C<\/strong><\/p><\/blockquote>\n<p><a href=\"https:\/\/blogs.ua.es\/mujeresactivistasmodernas\/2022\/01\/25\/carmen-caamano-diaz\/\">Caama\u00f1o D\u00edaz, Carmen<\/a><\/p>\n<p><a href=\"https:\/\/blogs.ua.es\/mujeresactivistasmodernas\/2022\/04\/30\/angela-candela-zoya\/\">Candela Zoya, \u00c1ngela<\/a><\/p>\n<p><a href=\"https:\/\/blogs.ua.es\/mujeresactivistasmodernas\/2022\/03\/05\/maria-cambrils-sendra\/\">Cambrils Sendra, Maria<\/a><\/p>\n<p><a href=\"https:\/\/blogs.ua.es\/mujeresactivistasmodernas\/2025\/02\/14\/asuncion-campello-anton\/\">Campello Ant\u00f3n, Asunci\u00f3n<\/a><\/p>\n<p><a href=\"https:\/\/blogs.ua.es\/mujeresactivistasmodernas\/2022\/03\/24\/josefa-campillo\/\">Campillo, Josefa<\/a><\/p>\n<p><a href=\"https:\/\/blogs.ua.es\/mujeresactivistasmodernas\/2026\/03\/31\/lupe-canto-sanjuan\/\">Cant\u00f3 Sanjuan, Lupe<\/a><\/p>\n<p><a href=\"https:\/\/blogs.ua.es\/mujeresactivistasmodernas\/2023\/01\/26\/pilar-casasempere-juan\/\">Casasempere Juan, Pilar<\/a><\/p>\n<p><a href=\"https:\/\/blogs.ua.es\/mujeresactivistasmodernas\/2022\/12\/06\/concepcion-cerda\/\">Cerd\u00e1, Concepci\u00f3n<\/a><\/p>\n<p><a href=\"https:\/\/blogs.ua.es\/mujeresactivistasmodernas\/2023\/11\/07\/nieves-cerdan-yuste\/\">Cerd\u00e1n Yuste, Nieves<\/a><\/p>\n<blockquote><p><strong>D<\/strong><\/p><\/blockquote>\n<p><a href=\"https:\/\/blogs.ua.es\/mujeresactivistasmodernas\/2022\/02\/21\/guadalupe-delgado-pineda\/\">Delgado Pineda, Guadalupe<\/a><\/p>\n<blockquote><p><strong>E<\/strong><\/p><\/blockquote>\n<p><a href=\"https:\/\/blogs.ua.es\/mujeresactivistasmodernas\/2022\/03\/28\/maria-espinosa-santamaria\/\">Espinosa Santamar\u00eda, Mar\u00eda<\/a><\/p>\n<blockquote><p><strong>F<\/strong><\/p><\/blockquote>\n<p><a href=\"https:\/\/blogs.ua.es\/mujeresactivistasmodernas\/2025\/07\/24\/rosario-falco-marti\/\">Falc\u00f3 Mart\u00ed, Rosario<\/a><\/p>\n<p><a href=\"https:\/\/blogs.ua.es\/mujeresactivistasmodernas\/2022\/01\/26\/carmen-fernandez\/\">Fern\u00e1ndez, Carmen<\/a><\/p>\n<p><a href=\"https:\/\/blogs.ua.es\/mujeresactivistasmodernas\/2025\/12\/20\/aurora-fernandez-garcia\/\">Fern\u00e1ndez Garc\u00eda, Aurora<\/a><\/p>\n<p><a href=\"https:\/\/blogs.ua.es\/mujeresactivistasmodernas\/2023\/11\/27\/josefina-ferrandiz-casares\/\">Ferr\u00e1ndiz Casares, Josefina<\/a><\/p>\n<p><a href=\"https:\/\/blogs.ua.es\/mujeresactivistasmodernas\/2022\/04\/06\/vicenta-fuentes-pastor\/\">Fuentes Pastor, Vicenta<\/a><\/p>\n<blockquote><p><strong>G<\/strong><\/p><\/blockquote>\n<p><a href=\"https:\/\/blogs.ua.es\/mujeresactivistasmodernas\/2022\/04\/06\/amalia-gandia-colomer\/\">Gand\u00eda Colomer, Amalia<\/a><\/p>\n<p><a href=\"https:\/\/blogs.ua.es\/mujeresactivistasmodernas\/2023\/06\/11\/luisa-garcia\/\">Garc\u00eda, Luisa<\/a><\/p>\n<p><a href=\"https:\/\/blogs.ua.es\/mujeresactivistasmodernas\/2022\/04\/13\/rita-garcia-agullo\/\">Garc\u00eda Agull\u00f3, Rita<\/a><\/p>\n<p><a href=\"https:\/\/blogs.ua.es\/mujeresactivistasmodernas\/2023\/03\/22\/maria-garcia-ferrandez\/\">Garc\u00eda Ferr\u00e1ndez, Mar\u00eda<\/a><\/p>\n<p><a href=\"https:\/\/blogs.ua.es\/mujeresactivistasmodernas\/2022\/03\/03\/josefa-garcia-garcia\/\">Garc\u00eda Garc\u00eda, Josefa<\/a><\/p>\n<p><a href=\"https:\/\/blogs.ua.es\/mujeresactivistasmodernas\/2022\/02\/21\/manuela-garcia-luquero\/\">Garc\u00eda Luquero, Manuela<\/a><\/p>\n<p><a href=\"https:\/\/blogs.ua.es\/mujeresactivistasmodernas\/2022\/10\/27\/amalia-garcia-miralles\/\">Garc\u00eda Miralles, Amalia<\/a><\/p>\n<p><a href=\"https:\/\/blogs.ua.es\/mujeresactivistasmodernas\/2022\/04\/06\/catalina-garcia-trejo-del-campo\/\">Garc\u00eda-Trejo del Campo, Catalina<\/a><\/p>\n<p><a href=\"https:\/\/blogs.ua.es\/mujeresactivistasmodernas\/2025\/07\/25\/rosa-garcia-vera\/\">Garc\u00eda Vera, Rosa<\/a><\/p>\n<p><a href=\"https:\/\/blogs.ua.es\/mujeresactivistasmodernas\/2022\/03\/03\/teresa-girona-mateo\/\">Girona Mateo, Teresa<\/a><\/p>\n<p><a href=\"https:\/\/blogs.ua.es\/mujeresactivistasmodernas\/2022\/07\/28\/luisa-gomez-de-tortosa-navarro\/\">G\u00f3mez de Tortosa, Luisa<\/a><\/p>\n<p><a href=\"https:\/\/blogs.ua.es\/mujeresactivistasmodernas\/2022\/03\/04\/rosario-gonzalez-valero\/\">Gonz\u00e1lez Valero, Rosario<\/a><\/p>\n<blockquote><p><strong>H<\/strong><\/p><\/blockquote>\n<p><a href=\"https:\/\/blogs.ua.es\/mujeresactivistasmodernas\/2023\/10\/31\/nini-haslund\/\">Haslund, Nini<\/a><\/p>\n<p><a href=\"https:\/\/blogs.ua.es\/mujeresactivistasmodernas\/2022\/04\/04\/dora-haut\/\">Haut, Dora<\/a><\/p>\n<p><a href=\"https:\/\/blogs.ua.es\/mujeresactivistasmodernas\/2022\/03\/26\/crescencia-hernandez-galvez\/\">Hern\u00e1ndez G\u00e1lvez, Crescencia<\/a><\/p>\n<p><a href=\"https:\/\/blogs.ua.es\/mujeresactivistasmodernas\/2022\/03\/20\/encarnacion-hernandez-luna\/\">Hern\u00e1ndez Luna, Encarnaci\u00f3n<\/a><\/p>\n<p><a href=\"https:\/\/blogs.ua.es\/mujeresactivistasmodernas\/2023\/06\/11\/consuelo-hernandez-martinez\/\">Hern\u00e1ndez Mart\u00ednez, Consuelo<\/a><\/p>\n<p><a href=\"https:\/\/blogs.ua.es\/mujeresactivistasmodernas\/2022\/03\/24\/rosario-hernandez-sandoval\/\">Hern\u00e1ndez Sandoval, Rosario<\/a><\/p>\n<blockquote><p><strong>I<\/strong><\/p><\/blockquote>\n<p><a href=\"https:\/\/blogs.ua.es\/mujeresactivistasmodernas\/2022\/04\/13\/matilde-iborra-garcia\/\">Iborra Garc\u00eda, Matilde<\/a><\/p>\n<p><a href=\"https:\/\/blogs.ua.es\/mujeresactivistasmodernas\/2022\/03\/26\/concepcion-illan-belen\/\">Ill\u00e1n Bel\u00e9n, Concepci\u00f3n<\/a><\/p>\n<p><a href=\"https:\/\/blogs.ua.es\/mujeresactivistasmodernas\/2022\/03\/26\/marina-ivars-de-bergue\/\">Ivars de Bergu\u00e9, Marina<\/a><\/p>\n<blockquote><p><strong>J<\/strong><\/p><\/blockquote>\n<p><a href=\"https:\/\/blogs.ua.es\/mujeresactivistasmodernas\/2022\/04\/06\/candida-jimeno-gargallo\/\">Jimeno Gargallo, C\u00e1ndida<\/a><\/p>\n<p><a href=\"https:\/\/blogs.ua.es\/mujeresactivistasmodernas\/2022\/03\/18\/remedios-jover-canovas\/\">Jover C\u00e1novas, Remedios<\/a><\/p>\n<p><a href=\"https:\/\/blogs.ua.es\/mujeresactivistasmodernas\/2021\/11\/19\/carmen-juan-molina\/\">Juan Molina, Carmen<\/a><\/p>\n<blockquote><p><strong>L<\/strong><\/p><\/blockquote>\n<p><a href=\"https:\/\/blogs.ua.es\/mujeresactivistasmodernas\/2026\/02\/26\/alejandrina-llopis-llopis\/\">Llopis Llopis, Alejandrina<\/a><\/p>\n<p><a href=\"https:\/\/blogs.ua.es\/mujeresactivistasmodernas\/2025\/06\/04\/josefa-llorca-lledo\/\">Llorca Lled\u00f3, Josefa<\/a><\/p>\n<p><a href=\"https:\/\/blogs.ua.es\/mujeresactivistasmodernas\/2022\/04\/28\/salvadora-llorca-navarro\/\">Llorca Navarro, Salvadora<\/a><\/p>\n<p><a href=\"https:\/\/blogs.ua.es\/mujeresactivistasmodernas\/2023\/03\/22\/gregoria-lozoya-lag\/\">Lozoya Lag, Gregoria<\/a><\/p>\n<p><a href=\"https:\/\/blogs.ua.es\/mujeresactivistasmodernas\/2022\/02\/21\/manolita-luque-albala\/\">Luque Albal\u00e1, Manolita<\/a><\/p>\n<blockquote><p><strong>M<\/strong><\/p><\/blockquote>\n<p><a href=\"https:\/\/blogs.ua.es\/mujeresactivistasmodernas\/2023\/04\/29\/teofila-madronal-iglesias\/\">Madro\u00f1al Iglesias, Te\u00f3fila<\/a><\/p>\n<p><a href=\"https:\/\/blogs.ua.es\/mujeresactivistasmodernas\/2022\/04\/28\/magdalena-mallebrera-esteve\/\">Mallebrera Esteve, Magdalena<\/a><\/p>\n<p><a href=\"https:\/\/blogs.ua.es\/mujeresactivistasmodernas\/2022\/03\/28\/amparo-manchon-mas\/\">Manch\u00f3n Mas, Amparo<\/a><\/p>\n<p><a href=\"https:\/\/blogs.ua.es\/mujeresactivistasmodernas\/2023\/03\/22\/dolores-marcos-martinez\/\">Marcos Mart\u00ednez, Dolores<\/a><\/p>\n<p><a href=\"https:\/\/blogs.ua.es\/mujeresactivistasmodernas\/2025\/04\/01\/ventura-marti-perez\/\">Mart\u00ed P\u00e9rez, Ventura<\/a><\/p>\n<p><a href=\"https:\/\/blogs.ua.es\/mujeresactivistasmodernas\/2023\/01\/05\/carmen-marti-polop\/ \u200e\">Mart\u00ed Polop, Carmen<\/a><\/p>\n<p><a href=\"https:\/\/blogs.ua.es\/mujeresactivistasmodernas\/2022\/03\/18\/carmen-martinez\/\">Mart\u00ednez, Carmen<\/a><\/p>\n<p><a href=\"https:\/\/blogs.ua.es\/mujeresactivistasmodernas\/2025\/07\/24\/carmen-martinez-silvestre\/\">Mart\u00ednez Silvestre, Carmen<\/a><\/p>\n<p><a href=\"https:\/\/blogs.ua.es\/mujeresactivistasmodernas\/2023\/12\/21\/rosa-mas-verdu\/\">Mas Verd\u00fa, Rosa<\/a><\/p>\n<p><a href=\"https:\/\/blogs.ua.es\/mujeresactivistasmodernas\/2025\/10\/19\/consuelo-masanet-marti\/\">Masanet Mart\u00ed, Consuelo<\/a><\/p>\n<p><a href=\"https:\/\/blogs.ua.es\/mujeresactivistasmodernas\/2022\/01\/25\/esperanza-masia-enebra\/\">Mas\u00eda Enebra, Esperanza<\/a><\/p>\n<p><a href=\"https:\/\/blogs.ua.es\/mujeresactivistasmodernas\/2023\/06\/13\/antonia-maymon-gimenez\/\">Maym\u00f3n Gim\u00e9nez, Antonia<\/a><\/p>\n<p><a href=\"https:\/\/blogs.ua.es\/mujeresactivistasmodernas\/2022\/03\/24\/julia-medina-gimenez\/\">Medina Gim\u00e9nez, Julia<\/a><\/p>\n<p><a href=\"https:\/\/blogs.ua.es\/mujeresactivistasmodernas\/2023\/04\/29\/felisa-melendo-alonso-2\/\">Melendo Alonso, Felisa<\/a><\/p>\n<p><a href=\"https:\/\/blogs.ua.es\/mujeresactivistasmodernas\/2022\/02\/21\/nieves-millan-samper\/\">Mill\u00e1n Samper, Nieves<\/a><\/p>\n<p><a href=\"https:\/\/blogs.ua.es\/mujeresactivistasmodernas\/2022\/04\/28\/concepcion-miquel-giner\/\">Miquel Giner, Concepci\u00f3n<\/a><\/p>\n<blockquote><p><strong>N<\/strong><\/p><\/blockquote>\n<p><a href=\"https:\/\/blogs.ua.es\/mujeresactivistasmodernas\/2022\/03\/26\/cecilia-navarro-vila\/\">Navarro Vila, Cecilia<\/a><\/p>\n<p><a href=\"https:\/\/blogs.ua.es\/mujeresactivistasmodernas\/2023\/01\/26\/marthe-nygaard\/\">Nygaard, Marthe<\/a><\/p>\n<blockquote><p><strong>O<\/strong><\/p><\/blockquote>\n<p><a href=\"https:\/\/blogs.ua.es\/mujeresactivistasmodernas\/2022\/04\/06\/marina-olcina-gonzalez\/\">Olcina Gonz\u00e1lez, Marina<\/a><\/p>\n<p><a href=\"https:\/\/blogs.ua.es\/mujeresactivistasmodernas\/2023\/07\/15\/magnhild-olsson\/\">Olsson, Magnhild<\/a><\/p>\n<blockquote><p><strong>P<\/strong><\/p><\/blockquote>\n<p><a href=\"https:\/\/blogs.ua.es\/mujeresactivistasmodernas\/2022\/03\/29\/josefa-pastor-brotons\/\">Pastor Brotons, Josefa<\/a><\/p>\n<p><a href=\"https:\/\/blogs.ua.es\/mujeresactivistasmodernas\/2022\/04\/06\/amparo-paya-garcia\">Pay\u00e1 Garc\u00eda, Amparo<\/a><\/p>\n<p><a href=\"https:\/\/blogs.ua.es\/mujeresactivistasmodernas\/2023\/03\/22\/carmen-paya-mira\/\">Pay\u00e1 Mira, Carmen<\/a><\/p>\n<p><a href=\"https:\/\/blogs.ua.es\/mujeresactivistasmodernas\/2023\/03\/22\/milagros-pelegrin-banuls\/\">Pelegr\u00edn Ba\u00f1uls, Milagros<\/a><\/p>\n<p><a href=\"https:\/\/blogs.ua.es\/mujeresactivistasmodernas\/2022\/03\/18\/norberta-del-olvido-peral-serrano\/\">Peral Serrano, Norberta del Olvido<\/a><\/p>\n<p><a href=\"https:\/\/blogs.ua.es\/mujeresactivistasmodernas\/2022\/03\/05\/matilde-perez-molla\/\">P\u00e9rez Moll\u00e0, Matilde<\/a><\/p>\n<p><a href=\"https:\/\/blogs.ua.es\/mujeresactivistasmodernas\/2022\/06\/07\/maria-bautista-perez-de-torres-2\/\">P\u00e9rez de Torres, Mar\u00eda Bautista<\/a><\/p>\n<p><a href=\"https:\/\/blogs.ua.es\/mujeresactivistasmodernas\/2023\/06\/13\/remedios-pico-maestre\/\">Pic\u00f3 Maestre, Remedios<\/a><\/p>\n<p><a href=\"https:\/\/blogs.ua.es\/mujeresactivistasmodernas\/2022\/04\/30\/carmen-piqueras-campoy\/\">Piqueras Campoy, Carmen<\/a><\/p>\n<p><a href=\"https:\/\/blogs.ua.es\/mujeresactivistasmodernas\/2022\/05\/13\/maria-pinies-roca-de-togores\/\">Pini\u00e9s Roca de Togores, Mar\u00eda<\/a><\/p>\n<p><a href=\"https:\/\/blogs.ua.es\/mujeresactivistasmodernas\/2022\/05\/13\/josefa-pons-nadal\/\">Pons Nadal, Josefa<\/a><\/p>\n<p><a href=\"https:\/\/blogs.ua.es\/mujeresactivistasmodernas\/2022\/04\/28\/luisa-prats-garcia\/\">Prats Garc\u00eda, Luisa<\/a><\/p>\n<blockquote><p><strong>R<\/strong><\/p><\/blockquote>\n<p><a href=\"https:\/\/blogs.ua.es\/mujeresactivistasmodernas\/2022\/05\/13\/aurelia-ramos-molla\/\">Ramos Moll\u00e0, Aurelia<\/a><\/p>\n<p><a href=\"https:\/\/blogs.ua.es\/mujeresactivistasmodernas\/2022\/03\/01\/teresa-rodriguez-calvo\/\">Rodr\u00edguez Calvo, Teresa\u00a0<\/a><\/p>\n<p><a href=\"https:\/\/blogs.ua.es\/mujeresactivistasmodernas\/2023\/03\/22\/clara-rodriguez-vicedo\/\">Rodr\u00edguez Vicedo, Clara<\/a><\/p>\n<p><a href=\"https:\/\/blogs.ua.es\/mujeresactivistasmodernas\/2023\/03\/22\/ventura-roman-calvo\/\">Rom\u00e1n Calvo, Ventura<\/a><\/p>\n<p><a href=\"https:\/\/blogs.ua.es\/mujeresactivistasmodernas\/2023\/06\/11\/carmen-rubi-martin\/\">Rub\u00ed Mart\u00edn, Carmen<\/a><\/p>\n<p><a href=\"https:\/\/blogs.ua.es\/mujeresactivistasmodernas\/2022\/02\/21\/francisca-ruiz-vallecillo\/\">Ruiz Vallecillo, Francisca<\/a><\/p>\n<blockquote><p><strong>S<\/strong><\/p><\/blockquote>\n<p><a href=\"https:\/\/blogs.ua.es\/mujeresactivistasmodernas\/2022\/04\/20\/manuela-santana-fuentes\/\">Santana Fuentes, Manuela<\/a><\/p>\n<p><a href=\"https:\/\/blogs.ua.es\/mujeresactivistasmodernas\/2023\/03\/22\/angela-eufemia-sempere-sanjuan\/\">Sempere Sanju\u00e1n, \u00c1ngela<\/a><\/p>\n<p><a href=\"https:\/\/blogs.ua.es\/mujeresactivistasmodernas\/2025\/08\/05\/rosa-sendra-llorca\/\">Sendra Llorca, Rosa<\/a><\/p>\n<p><a href=\"https:\/\/blogs.ua.es\/mujeresactivistasmodernas\/2022\/04\/24\/eladia-serna-berna-la-alejandra\/\">Serna Bern\u00e1, Eladia<\/a><\/p>\n<p><a href=\"https:\/\/blogs.ua.es\/mujeresactivistasmodernas\/2022\/04\/06\/solanich-lacombe-ma-socorro\/\">Solanich Lacombe, M\u00aa Socorro<\/a><\/p>\n<p><a href=\"https:\/\/blogs.ua.es\/mujeresactivistasmodernas\/2022\/04\/04\/purificacion-solbes-oltra\/\">Solbes Oltra, Purificaci\u00f3n<\/a><\/p>\n<p><a href=\"https:\/\/blogs.ua.es\/mujeresactivistasmodernas\/2023\/03\/22\/josefa-soriano-beltran\/\">Soriano Beltr\u00e1n, Josefa<\/a><\/p>\n<p><a href=\"https:\/\/blogs.ua.es\/mujeresactivistasmodernas\/2023\/03\/22\/maria-soriano-beltran\/\">Soriano Beltr\u00e1n, Mar\u00eda<\/a><\/p>\n<p><a href=\"https:\/\/blogs.ua.es\/mujeresactivistasmodernas\/2022\/03\/03\/carmen-soriano-gambin\/\">Soriano Gambin, Carmen<\/a><\/p>\n<blockquote><p><strong>T<\/strong><\/p><\/blockquote>\n<p><a href=\"https:\/\/blogs.ua.es\/mujeresactivistasmodernas\/2023\/06\/13\/natalia-tendero-gil\/\">Tendero Gil, Natalia<\/a><\/p>\n<p><a href=\"https:\/\/blogs.ua.es\/mujeresactivistasmodernas\/2022\/04\/10\/antonia-tro-orihuel\/\">Tro Orihuel, Antonia<\/a><\/p>\n<blockquote><p><strong>V<\/strong><\/p><\/blockquote>\n<p><a href=\"https:\/\/blogs.ua.es\/mujeresactivistasmodernas\/2022\/03\/03\/mercedes-vaillo-pastor\/\">Vaillo Pastor, Mercedes<\/a><\/p>\n<p><a href=\"https:\/\/blogs.ua.es\/mujeresactivistasmodernas\/2023\/11\/27\/celia-valls-pastor\/\">Valls Pastor, Celia<\/a><\/p>\n<p><a href=\"https:\/\/blogs.ua.es\/mujeresactivistasmodernas\/2022\/03\/29\/frasquita-vazquez-gonzalvez\/\">V\u00e1zquez Gonz\u00e1lvez, Frasquita<\/a><\/p>\n","protected":false},"excerpt":{"rendered":"<p>A Abad Casasempere, Amalia Abad Mir\u00f3, Gabriela Abad Mir\u00f3, Mar\u00eda Luisa Abenza Rodr\u00edguez, Virtudes Alba S\u00e1nchez, Josefa Amor\u00f3s Girona, Soledad Amor\u00f3s Marco, Francisca Aznar Pomares, Purificaci\u00f3n B Blanquer, Laura Blasco Mendiola, Adelfa Bohunicki, Adela Botella Vicedo, Rosario Brotons, Libertad Brotons Pastor, Matilde\u00a0 C Caama\u00f1o D\u00edaz, Carmen Candela Zoya, \u00c1ngela Cambrils Sendra, Maria Campello Ant\u00f3n, Asunci\u00f3n &hellip; <a href=\"https:\/\/blogs.ua.es\/mujeresactivistasmodernas\/biografias\/\" class=\"more-link\">Continue reading <span class=\"screen-reader-text\">2. Biograf\u00edas<\/span> <span class=\"meta-nav\">&rarr;<\/span><\/a><\/p>\n","protected":false},"author":4506,"featured_media":0,"parent":0,"menu_order":0,"comment_status":"closed","ping_status":"closed","template":"","meta":{"footnotes":""},"class_list":["post-24","page","type-page","status-publish","hentry"],"_links":{"self":[{"href":"https:\/\/blogs.ua.es\/mujeresactivistasmodernas\/wp-json\/wp\/v2\/pages\/24","targetHints":{"allow":["GET"]}}],"collection":[{"href":"https:\/\/blogs.ua.es\/mujeresactivistasmodernas\/wp-json\/wp\/v2\/pages"}],"about":[{"href":"https:\/\/blogs.ua.es\/mujeresactivistasmodernas\/wp-json\/wp\/v2\/types\/page"}],"author":[{"embeddable":true,"href":"https:\/\/blogs.ua.es\/mujeresactivistasmodernas\/wp-json\/wp\/v2\/users\/4506"}],"replies":[{"embeddable":true,"href":"https:\/\/blogs.ua.es\/mujeresactivistasmodernas\/wp-json\/wp\/v2\/comments?post=24"}],"version-history":[{"count":114,"href":"https:\/\/blogs.ua.es\/mujeresactivistasmodernas\/wp-json\/wp\/v2\/pages\/24\/revisions"}],"predecessor-version":[{"id":2294,"href":"https:\/\/blogs.ua.es\/mujeresactivistasmodernas\/wp-json\/wp\/v2\/pages\/24\/revisions\/2294"}],"wp:attachment":[{"href":"https:\/\/blogs.ua.es\/mujeresactivistasmodernas\/wp-json\/wp\/v2\/media?parent=24"}],"curies":[{"name":"wp","href":"https:\/\/api.w.org\/{rel}","templated":true}]}}