{"id":51,"date":"2011-12-29T21:11:54","date_gmt":"2011-12-29T21:11:54","guid":{"rendered":"https:\/\/blogs.ua.es\/museosalicantinos\/?page_id=51"},"modified":"2012-01-13T12:13:01","modified_gmt":"2012-01-13T12:13:01","slug":"referencias-publicadas","status":"publish","type":"page","link":"https:\/\/blogs.ua.es\/museosalicantinos\/referencias-publicadas\/","title":{"rendered":"Metodolog\u00eda y recursos utilizados"},"content":{"rendered":"<p>Para realizar este blog hemos utilizado los recursos de\u00a0Internet\u00a0 explicados en clase. Hemos consultado cat\u00e1logos online, p\u00e1ginas web de los museos, hemerotecas donde hemos podido consultar la informaci\u00f3n sobre noticias que acontecen en la ciudad de Alicante. Tambi\u00e9n hemos incluido en nuestras entradas las referencias sobre los art\u00edculos que hemos publicado utilizando la norma ISO 690-2010.<\/p>\n<p>Los recursos utilizados han sido:<\/p>\n<p>&#8211; Hemeroteca del peri\u00f3dico Informaci\u00f3n de Alicante. [en l\u00ednea]<\/p>\n<p>&#8211; Hemeroteca del peri\u00f3dico El Pa\u00eds. [en l\u00ednea]<\/p>\n<p>&#8211; Cat\u00e1logo Dialnet.<\/p>\n<p>&#8211; Cat\u00e1logo de la Biblioteca de la Universidad de Alicante.<\/p>\n<p>&#8211; P\u00e1gina web del patronato municipal de turismo de Alicante.<\/p>\n<p>&#8211; Canal Youtube de La diputaci\u00f3n de Alicante.<\/p>\n<p>&#8211; P\u00e1gina web de turismo de la Comunidad Valenciana.<\/p>\n<p>&#8211; P\u00e1gina web del Museo Arqueol\u00f3gico de Alicante.<\/p>\n<p>&#8211; Revista Taurina Aplausos. [en l\u00ednea]<\/p>\n<p>&nbsp;<\/p>\n<p>&nbsp;<\/p>\n<p>&nbsp;<\/p>\n","protected":false},"excerpt":{"rendered":"<p>Para realizar este blog hemos utilizado los recursos de\u00a0Internet\u00a0 explicados en clase. Hemos consultado cat\u00e1logos online, p\u00e1ginas web de los museos, hemerotecas donde hemos podido consultar la informaci\u00f3n sobre noticias que acontecen en la ciudad de Alicante. Tambi\u00e9n hemos incluido en nuestras entradas las referencias sobre los art\u00edculos que hemos publicado utilizando la norma ISO [&hellip;]<\/p>\n","protected":false},"author":2480,"featured_media":0,"parent":0,"menu_order":3,"comment_status":"open","ping_status":"open","template":"","meta":{"footnotes":""},"class_list":["post-51","page","type-page","status-publish","hentry"],"_links":{"self":[{"href":"https:\/\/blogs.ua.es\/museosalicantinos\/wp-json\/wp\/v2\/pages\/51","targetHints":{"allow":["GET"]}}],"collection":[{"href":"https:\/\/blogs.ua.es\/museosalicantinos\/wp-json\/wp\/v2\/pages"}],"about":[{"href":"https:\/\/blogs.ua.es\/museosalicantinos\/wp-json\/wp\/v2\/types\/page"}],"author":[{"embeddable":true,"href":"https:\/\/blogs.ua.es\/museosalicantinos\/wp-json\/wp\/v2\/users\/2480"}],"replies":[{"embeddable":true,"href":"https:\/\/blogs.ua.es\/museosalicantinos\/wp-json\/wp\/v2\/comments?post=51"}],"version-history":[{"count":9,"href":"https:\/\/blogs.ua.es\/museosalicantinos\/wp-json\/wp\/v2\/pages\/51\/revisions"}],"predecessor-version":[{"id":211,"href":"https:\/\/blogs.ua.es\/museosalicantinos\/wp-json\/wp\/v2\/pages\/51\/revisions\/211"}],"wp:attachment":[{"href":"https:\/\/blogs.ua.es\/museosalicantinos\/wp-json\/wp\/v2\/media?parent=51"}],"curies":[{"name":"wp","href":"https:\/\/api.w.org\/{rel}","templated":true}]}}