{"id":28,"date":"2013-01-10T18:02:17","date_gmt":"2013-01-10T18:02:17","guid":{"rendered":"https:\/\/blogs.ua.es\/nachoduato\/?page_id=28"},"modified":"2013-01-25T17:13:22","modified_gmt":"2013-01-25T17:13:22","slug":"metodologia","status":"publish","type":"page","link":"https:\/\/blogs.ua.es\/nachoduato\/metodologia\/","title":{"rendered":"Metodolog\u00eda"},"content":{"rendered":"<p><img loading=\"lazy\" decoding=\"async\" class=\"size-full wp-image-96 alignright\" src=\"https:\/\/blogs.ua.es\/nachoduato\/files\/2013\/01\/logo-ua.png\" alt=\"\" width=\"263\" height=\"45\" \/><\/p>\n<p style=\"text-align: left\">Este blog ha sido realizado a partir de la <a href=\"http:\/\/www.ua.es\">p\u00e1gina web de la Universidad de Alicante<\/a>, utilizando tanto soportes digitales como libros encontrados en la BUA (Biblioteca de la Universidad de Alicante).<\/p>\n<p>En cuanto a recursos digitales, podemos encontrar informaci\u00f3n acerca de Nacho Duato y toda su vida tanto personal como profesional en cualquier p\u00e1gina web de peri\u00f3dicos o revistas; en este caso, yo he utilizado una portada de la <strong>revista Zero<\/strong>, <strong>Europapress<\/strong> y p\u00e1ginas web como<strong> Pizquita<\/strong>, <strong>Wikipedia<\/strong>, <strong>Espa\u00f1a es cultura<\/strong>, <strong>Fundaci\u00f3n Loewe<\/strong>,<strong>Culturamas<\/strong> y el recurso bibliogr\u00e1fico que he encontrado ha sido\u00a0<strong><em>El placer de la danza<\/em><\/strong>, escrito por el propio artista.<\/p>\n<p>En cada entrada podemos encontrar la referencia donde se ha encontrado la informaci\u00f3n que \u00e9sta contiene, adem\u00e1s de un comentario propio al final valorando lo escrito anteriormente.<\/p>\n<p>Para realizar las referencias de cada entrada, han sido necesarias las\u00a0<strong><strong>normas ISO\u00a0690-2010<\/strong><\/strong>\u00a0que nos han proporcionado en clase:<\/p>\n<p><strong>Referencias bibliogr\u00e1ficas:<\/strong>\u00a0 \u00a0 \u00a0 \u00a0 \u00a0 \u00a0 \u00a0 \u00a0 \u00a0 \u00a0 \u00a0 \u00a0 \u00a0 \u00a0 \u00a0 \u00a0 \u00a0 \u00a0 \u00a0 \u00a0 \u00a0 \u00a0 \u00a0 \u00a0 \u00a0 \u00a0 \u00a0 \u00a0 \u00a0 \u00a0 \u00a0 \u00a0 \u00a0 \u00a0 \u00a0 \u00a0 \u00a0 \u00a0 \u00a0 \u00a0 \u00a0 \u00a0 APELLIDOS, Nombre. T\u00edtulo. Edici\u00f3n. Lugar. Editor, a\u00f1o (opcional). (Serie, n\u00famero). ISBN<\/p>\n<p><strong><em>Monograf\u00edas:<\/em>\u00a0<\/strong> \u00a0 \u00a0 \u00a0 \u00a0 \u00a0 \u00a0 \u00a0 \u00a0 \u00a0 \u00a0 \u00a0 \u00a0 \u00a0 \u00a0 \u00a0 \u00a0 \u00a0 \u00a0 \u00a0 \u00a0 \u00a0 \u00a0 \u00a0 \u00a0 \u00a0 \u00a0 \u00a0 \u00a0 \u00a0 \u00a0 \u00a0 \u00a0 \u00a0 \u00a0 \u00a0 \u00a0 \u00a0 \u00a0 \u00a0 \u00a0 \u00a0 \u00a0 \u00a0 \u00a0 \u00a0 \u00a0 \u00a0 \u00a0 \u00a0 \u00a0 \u00a0 \u00a0 \u00a0 \u00a0 \u00a0 \u00a0 \u00a0 \u00a0 \u00a0 \u00a0 \u00a0 \u00a0 \u00a0 \u00a0 \u00a0 \u00a0 \u00a0(Autor\/res de la parte) APELLIDOS, Nombre. Titulo de la parte. En: T\u00edtulo de la obra completa. Edici\u00f3n. Lugar de edici\u00f3n : editor, a\u00f1o, pp. ISBN<\/p>\n<p><strong><em>Publicaci\u00f3n en serie<\/em><\/strong>\u00a0(Revista completa) : Responsabilidad. A\u00f1o de inicio-a\u00f1o de cierre. ISSN<\/p>\n<p><strong><em>Art\u00edculos de revistas:<\/em><\/strong>\u00a0 \u00a0 \u00a0 \u00a0 \u00a0 \u00a0 \u00a0 \u00a0 \u00a0 \u00a0 \u00a0 \u00a0 \u00a0 \u00a0 \u00a0 \u00a0 \u00a0 \u00a0 \u00a0 \u00a0 \u00a0 \u00a0 \u00a0 \u00a0 \u00a0 \u00a0 \u00a0 \u00a0 \u00a0 \u00a0 \u00a0 \u00a0 \u00a0 \u00a0 \u00a0 \u00a0 \u00a0 \u00a0 \u00a0 \u00a0 \u00a0 \u00a0 \u00a0 \u00a0 \u00a0 \u00a0 \u00a0 \u00a0 \u00a0 \u00a0 \u00a0(Autor\/es de la contribuci\u00f3n) APELLIDOS, Nombre. T\u00edtulo del art\u00edculo. \u00a0T\u00edtulo de revista. A\u00f1o, volumen (n\u00famero), pp. ISSN<\/p>\n<p><strong><em>Libros electr\u00f3nicos y monograf\u00edas en l\u00ednea<\/em>: \u00a0 \u00a0 \u00a0 \u00a0 \u00a0 \u00a0 \u00a0 \u00a0 \u00a0 \u00a0 \u00a0 \u00a0 \u00a0 \u00a0 \u00a0 \u00a0 \u00a0 \u00a0 \u00a0 \u00a0 \u00a0 \u00a0 \u00a0<\/strong>APELLIDOS. Nombre. T\u00edtulo [en l\u00ednea]. Lugar de publicaci\u00f3n: editor, fecha de publicaci\u00f3n [Consulta: fecha de consulta]. Formato (pdf, etc), tama\u00f1o del fichero (MB). \u00a0Disponible en: http:\/\/<\/p>\n<p><strong><em>Art\u00edculo de revista en l\u00ednea:<\/em><\/strong>\u00a0 \u00a0 \u00a0 \u00a0 \u00a0 \u00a0 \u00a0 \u00a0 \u00a0 \u00a0 \u00a0 \u00a0 \u00a0 \u00a0 \u00a0 \u00a0 \u00a0 \u00a0 \u00a0 \u00a0 \u00a0 \u00a0 \u00a0 \u00a0 \u00a0 \u00a0 \u00a0 \u00a0 \u00a0 \u00a0 \u00a0 \u00a0 \u00a0 \u00a0 \u00a0 \u00a0 \u00a0 \u00a0 \u00a0 \u00a0 \u00a0 \u00a0 \u00a0 \u00a0 \u00a0 \u00a0 \u00a0 \u00a0 \u00a0 \u00a0 \u00a0(Autor\/es del art\u00edculo) APELLIDOS, Nombre. T\u00edtulo del art\u00edculo. T\u00edtulo de la revista [en l\u00ednea] Lugar: editor, fecha de publicaci\u00f3n, vol\u00famen, n\u00famero [consulta: fecha de consulta] ISSN. Disponible en: http:\/\/<\/p>\n<p><strong><em>Sitio Web:<\/em><\/strong>\u00a0T\u00edtulo de la Web. Editor, a\u00f1o [consulta: fecha de consulta] Disponible en: http:\/\/<\/p>\n<p><strong>Documentos especiales<\/strong><\/p>\n<p><em><strong>Pel\u00edculas: \u00a0 \u00a0 \u00a0 \u00a0 \u00a0 \u00a0 \u00a0 \u00a0 \u00a0 \u00a0 \u00a0 \u00a0 \u00a0 \u00a0 \u00a0 \u00a0 \u00a0 \u00a0 \u00a0 \u00a0 \u00a0 \u00a0 \u00a0 \u00a0 \u00a0 \u00a0 \u00a0 \u00a0 \u00a0 \u00a0 \u00a0 \u00a0 \u00a0 \u00a0 \u00a0 \u00a0 \u00a0 \u00a0 \u00a0 \u00a0 \u00a0 \u00a0 \u00a0 \u00a0 \u00a0 \u00a0 \u00a0 \u00a0 \u00a0 \u00a0 \u00a0 \u00a0 \u00a0 \u00a0 \u00a0 \u00a0 \u00a0 \u00a0 \u00a0 \u00a0 \u00a0 \u00a0 \u00a0 \u00a0 \u00a0<\/strong><\/em><em>T\u00edtulo de la pel\u00edcula\u00a0<\/em>[Pel\u00edcula]. Dirigida por Nombre, APELLIDOS. Pa\u00eds: Productora, a\u00f1o. Lugar: distribuida en Espa\u00f1a por\u2026<\/p>\n<p><strong><em>Programa de televisi\u00f3n o documental: \u00a0 \u00a0 \u00a0 \u00a0 \u00a0 \u00a0 \u00a0 \u00a0 \u00a0 \u00a0 \u00a0 \u00a0 \u00a0 \u00a0 \u00a0 \u00a0 \u00a0 \u00a0 \u00a0 \u00a0 \u00a0 \u00a0 \u00a0 \u00a0 \u00a0 \u00a0 \u00a0 \u00a0 \u00a0 \u00a0 \u00a0 \u00a0 \u00a0 \u00a0 \u00a0<\/em><\/strong>T\u00edtulo. Nombre de la cadena de televisi\u00f3n, fecha.<\/p>\n<p><em><strong>Im\u00e1genes:\u00a0 \u00a0 \u00a0 \u00a0 \u00a0 \u00a0 \u00a0 \u00a0 \u00a0 \u00a0 \u00a0 \u00a0 \u00a0 \u00a0 \u00a0 \u00a0 \u00a0 \u00a0 \u00a0 \u00a0 \u00a0 \u00a0 \u00a0 \u00a0 \u00a0 \u00a0 \u00a0 \u00a0 \u00a0 \u00a0 \u00a0 \u00a0 \u00a0 \u00a0 \u00a0 \u00a0 \u00a0 \u00a0 \u00a0 \u00a0 \u00a0 \u00a0 \u00a0 \u00a0 \u00a0 \u00a0 \u00a0 \u00a0 \u00a0 \u00a0 \u00a0 \u00a0 \u00a0 \u00a0 \u00a0 \u00a0 \u00a0 \u00a0 \u00a0 \u00a0 \u00a0 \u00a0<\/strong><\/em>APELLIDOS, Nombre.\u00a0<em>T\u00edtulo de la obra.\u00a0<\/em>A\u00f1o [imagen digital]. Museo\u2026 [Consulta: fecha de consulta]. Disponible en: http:\/\/<\/p>\n<p><em><strong>Recursos electr\u00f3nicos:<\/strong>\u00a0<\/em>Los tipos de soporte electr\u00f3nico se hacen constar a continuaci\u00f3n del t\u00edtulo entre corchetes: [en l\u00ednea] [DVD]<\/p>\n<p>&nbsp;<\/p>\n","protected":false},"excerpt":{"rendered":"<p>Este blog ha sido realizado a partir de la p\u00e1gina web de la Universidad de Alicante, utilizando tanto soportes digitales como libros encontrados en la BUA (Biblioteca de la Universidad de Alicante). En cuanto a recursos digitales, podemos encontrar informaci\u00f3n &hellip; <a href=\"https:\/\/blogs.ua.es\/nachoduato\/metodologia\/\">Continue reading <span class=\"meta-nav\">&rarr;<\/span><\/a><\/p>\n","protected":false},"author":2865,"featured_media":0,"parent":0,"menu_order":0,"comment_status":"open","ping_status":"open","template":"","meta":{"footnotes":""},"class_list":["post-28","page","type-page","status-publish","hentry"],"_links":{"self":[{"href":"https:\/\/blogs.ua.es\/nachoduato\/wp-json\/wp\/v2\/pages\/28","targetHints":{"allow":["GET"]}}],"collection":[{"href":"https:\/\/blogs.ua.es\/nachoduato\/wp-json\/wp\/v2\/pages"}],"about":[{"href":"https:\/\/blogs.ua.es\/nachoduato\/wp-json\/wp\/v2\/types\/page"}],"author":[{"embeddable":true,"href":"https:\/\/blogs.ua.es\/nachoduato\/wp-json\/wp\/v2\/users\/2865"}],"replies":[{"embeddable":true,"href":"https:\/\/blogs.ua.es\/nachoduato\/wp-json\/wp\/v2\/comments?post=28"}],"version-history":[{"count":3,"href":"https:\/\/blogs.ua.es\/nachoduato\/wp-json\/wp\/v2\/pages\/28\/revisions"}],"predecessor-version":[{"id":95,"href":"https:\/\/blogs.ua.es\/nachoduato\/wp-json\/wp\/v2\/pages\/28\/revisions\/95"}],"wp:attachment":[{"href":"https:\/\/blogs.ua.es\/nachoduato\/wp-json\/wp\/v2\/media?parent=28"}],"curies":[{"name":"wp","href":"https:\/\/api.w.org\/{rel}","templated":true}]}}