{"id":151,"date":"2012-01-29T19:02:12","date_gmt":"2012-01-29T19:02:12","guid":{"rendered":"https:\/\/blogs.ua.es\/navegaciontransoceanica\/?page_id=151"},"modified":"2012-01-31T18:01:00","modified_gmt":"2012-01-31T18:01:00","slug":"introduccion","status":"publish","type":"page","link":"https:\/\/blogs.ua.es\/navegaciontransoceanica\/introduccion\/","title":{"rendered":"Introducci\u00f3n"},"content":{"rendered":"<p>La Expansi\u00f3n ultramarina produjo un gran cambio en el dialogo del hombre y del espacio ser\u00eda un primer momento de la econom\u00eda mundo de fines del siglo XVI y m\u00e1s all\u00e1 de la econom\u00eda seria la historia \u00fanica de la familia de los hombres. En el siglo XIII ninguna civilizaci\u00f3n m\u00e1s de un tercio del planeta. La revoluci\u00f3n del espacio, fue a partir de un sector geogr\u00e1fico entre el norte de Italia y la Hispania atl\u00e1ntica. La salida de la Cristiandad latina por mar en busca de otras humanidades es asunto de motivaci\u00f3n y de medios. El pas\u00f3 del Ecuador, la b\u00fasqueda de \u00a0las Indias en el Oeste, la posibilidad de los ant\u00edpodas, el miedo vencido del mundo al rev\u00e9s, la navegaci\u00f3n astron\u00f3mica, pertenecen al orden de los pensamientos.<\/p>\n<p>Las navegaciones y los descubrimientos han marcado la historia. Pero al ampliar en gran medida el conocimiento del mundo, y al modificar la visi\u00f3n que el hombre ten\u00eda de s\u00ed mismo, tambi\u00e9n han marcado la historia , artes y t\u00e9cnicas, literatura, moral y religi\u00f3n- sufrieron las consecuencias.<\/p>\n<p>&nbsp;<\/p>\n<p>Pero los navegantes y los descubrimientos tambi\u00e9n fueron una aventura muy concreta, vivida por unos seres de carne y hueso, que en su mayor parte no eran santos. En ellos encontramos todo un desencadenamiento de pasiones, de brutalidades y de violencias. Pero esta aventura tambi\u00e9n exigi\u00f3 una singular valent\u00eda. Vemos a hombres enfrentados con el misterio, el miedo, el sufrimiento y la muerte. Como todos los grandes progresos de la historia, \u00e9ste cost\u00f3 muchos sudores, l\u00e1grimas y sangre. Est\u00e1 bien, que despu\u00e9s de quinientos a\u00f1os, les dediquemos un recuerdo.<\/p>\n<p>&nbsp;<\/p>\n<p>&nbsp;<\/p>\n<p>Los avances t\u00e9cnicos acompa\u00f1ado de la necesidad de descubrir nuevos horizontes hicieron el resto y naciones deficitarias en materias primas encontraron nuevos horizontes situ\u00e1ndose en un abrir y cerrar de ojos en el epicentro del mundo comercial, cultural y econ\u00f3mico.<\/p>\n<p>&nbsp;<\/p>\n<p>El mar fue el medio donde se desarroll\u00f3 gracias a los avances t\u00e9cnicos, -un mayor progreso en la fabricaci\u00f3n de los nav\u00edos, cient\u00edfico\u00a0 y gracias al \u00edmpetu y entusiasmo de navegantes se pudo realizar\u00a0 el resto.<\/p>\n<p>&nbsp;<\/p>\n<p>Se pudo descubrir nuevas v\u00edas mar\u00edtimas que anteriormente no estaban datadas, as\u00ed como el conocimiento de\u00a0 nuevas culturas, lenguas, alimentos, materias primas y un largo etc\u00e9tera.<\/p>\n<p>&nbsp;<\/p>\n<p>Las personas contempor\u00e1neas somos parte de este periodo y gracias a este nuevo impulso del ser humano hemos avanzado, nos hemos unido mucho m\u00e1s si cabe.<\/p>\n","protected":false},"excerpt":{"rendered":"<p>La Expansi\u00f3n ultramarina produjo un gran cambio en el dialogo del hombre y del espacio ser\u00eda un primer momento de la econom\u00eda mundo de fines del siglo XVI y m\u00e1s all\u00e1 de la econom\u00eda seria la historia \u00fanica de la &hellip; <a href=\"https:\/\/blogs.ua.es\/navegaciontransoceanica\/introduccion\/\">Continue reading <span class=\"meta-nav\">&rarr;<\/span><\/a><\/p>\n","protected":false},"author":2188,"featured_media":0,"parent":0,"menu_order":0,"comment_status":"open","ping_status":"open","template":"","meta":{"footnotes":""},"class_list":["post-151","page","type-page","status-publish","hentry"],"_links":{"self":[{"href":"https:\/\/blogs.ua.es\/navegaciontransoceanica\/wp-json\/wp\/v2\/pages\/151","targetHints":{"allow":["GET"]}}],"collection":[{"href":"https:\/\/blogs.ua.es\/navegaciontransoceanica\/wp-json\/wp\/v2\/pages"}],"about":[{"href":"https:\/\/blogs.ua.es\/navegaciontransoceanica\/wp-json\/wp\/v2\/types\/page"}],"author":[{"embeddable":true,"href":"https:\/\/blogs.ua.es\/navegaciontransoceanica\/wp-json\/wp\/v2\/users\/2188"}],"replies":[{"embeddable":true,"href":"https:\/\/blogs.ua.es\/navegaciontransoceanica\/wp-json\/wp\/v2\/comments?post=151"}],"version-history":[{"count":5,"href":"https:\/\/blogs.ua.es\/navegaciontransoceanica\/wp-json\/wp\/v2\/pages\/151\/revisions"}],"predecessor-version":[{"id":261,"href":"https:\/\/blogs.ua.es\/navegaciontransoceanica\/wp-json\/wp\/v2\/pages\/151\/revisions\/261"}],"wp:attachment":[{"href":"https:\/\/blogs.ua.es\/navegaciontransoceanica\/wp-json\/wp\/v2\/media?parent=151"}],"curies":[{"name":"wp","href":"https:\/\/api.w.org\/{rel}","templated":true}]}}