{"id":376,"date":"2010-06-04T11:02:42","date_gmt":"2010-06-04T11:02:42","guid":{"rendered":"https:\/\/blogs.ua.es\/niccolomachiavelli\/?page_id=376"},"modified":"2010-06-04T11:02:42","modified_gmt":"2010-06-04T11:02:42","slug":"bibliografia-5","status":"publish","type":"page","link":"https:\/\/blogs.ua.es\/niccolomachiavelli\/bibliografia-5\/","title":{"rendered":"BIBLIOGRAF\u00cdA"},"content":{"rendered":"<p>&#8211; MAQUIAVELO, N. (1998 edici\u00f3n): El Pr\u00edncipe. Madrid. Editorial  Espasa Calpe.<\/p>\n<p>&#8211; STRAUSS, L: (1964): Meditaci\u00f3n sobre Maquiavelo. Madrid. Instituto  de Estudios Pol\u00edticos.<\/p>\n<p>&#8211; CHEVALLIER, J. (1967): Los grandes textos pol\u00edticos: desde  Maquiavelo a nuestros d\u00edas. Madrid.<\/p>\n","protected":false},"excerpt":{"rendered":"<p>&#8211; MAQUIAVELO, N. (1998 edici\u00f3n): El Pr\u00edncipe. Madrid. Editorial Espasa Calpe. &#8211; STRAUSS, L: (1964): Meditaci\u00f3n sobre Maquiavelo. Madrid. Instituto de Estudios Pol\u00edticos. &#8211; CHEVALLIER, J. (1967): Los grandes textos pol\u00edticos: desde Maquiavelo a nuestros d\u00edas. Madrid.<\/p>\n","protected":false},"author":458,"featured_media":0,"parent":0,"menu_order":0,"comment_status":"open","ping_status":"open","template":"","meta":{"footnotes":""},"class_list":["post-376","page","type-page","status-publish","hentry"],"_links":{"self":[{"href":"https:\/\/blogs.ua.es\/niccolomachiavelli\/wp-json\/wp\/v2\/pages\/376","targetHints":{"allow":["GET"]}}],"collection":[{"href":"https:\/\/blogs.ua.es\/niccolomachiavelli\/wp-json\/wp\/v2\/pages"}],"about":[{"href":"https:\/\/blogs.ua.es\/niccolomachiavelli\/wp-json\/wp\/v2\/types\/page"}],"author":[{"embeddable":true,"href":"https:\/\/blogs.ua.es\/niccolomachiavelli\/wp-json\/wp\/v2\/users\/458"}],"replies":[{"embeddable":true,"href":"https:\/\/blogs.ua.es\/niccolomachiavelli\/wp-json\/wp\/v2\/comments?post=376"}],"version-history":[{"count":1,"href":"https:\/\/blogs.ua.es\/niccolomachiavelli\/wp-json\/wp\/v2\/pages\/376\/revisions"}],"predecessor-version":[{"id":377,"href":"https:\/\/blogs.ua.es\/niccolomachiavelli\/wp-json\/wp\/v2\/pages\/376\/revisions\/377"}],"wp:attachment":[{"href":"https:\/\/blogs.ua.es\/niccolomachiavelli\/wp-json\/wp\/v2\/media?parent=376"}],"curies":[{"name":"wp","href":"https:\/\/api.w.org\/{rel}","templated":true}]}}