{"id":2,"date":"2015-01-20T07:11:55","date_gmt":"2015-01-20T07:11:55","guid":{"rendered":"https:\/\/blogs.ua.es\/nutritic\/?page_id=2"},"modified":"2015-03-25T10:37:34","modified_gmt":"2015-03-25T10:37:34","slug":"inicio-nutritic","status":"publish","type":"page","link":"https:\/\/blogs.ua.es\/nutritic\/inicio-nutritic\/","title":{"rendered":"\u00bfQui\u00e9nes somos?"},"content":{"rendered":"<p><strong>NutriTic<\/strong> es un portal web sobre recursos educativos para el desarrollo de competencias profesionales en estudiantes del Grado en Nutrici\u00f3n Humana y Diet\u00e9tica.<\/p>\n<p>Este proyecto es una iniciativa del departamento de Psicolog\u00eda de la Salud de la Universidad de Alicante, en el cual participan profesionales y expertos en diferentes \u00e1mbitos de la salud: nutricionistas, psic\u00f3logos, enfermeros y biotecn\u00f3logos.<\/p>\n<p>Para cualquier duda, contacta con nosotros accediendo a la pesta\u00f1a <strong>Contacto<\/strong> del men\u00fa principal.<\/p>\n<p>&nbsp;<\/p>\n","protected":false},"excerpt":{"rendered":"<p>NutriTic es un portal web sobre recursos educativos para el desarrollo de competencias profesionales en estudiantes del Grado en Nutrici\u00f3n Humana y Diet\u00e9tica. Este proyecto es una iniciativa del departamento de Psicolog\u00eda de la Salud de la Universidad de Alicante, &hellip; <a href=\"https:\/\/blogs.ua.es\/nutritic\/inicio-nutritic\/\">Continue reading <span class=\"meta-nav\">&rarr;<\/span><\/a><\/p>\n","protected":false},"author":3047,"featured_media":0,"parent":0,"menu_order":0,"comment_status":"open","ping_status":"open","template":"","meta":{"footnotes":""},"class_list":["post-2","page","type-page","status-publish","hentry"],"_links":{"self":[{"href":"https:\/\/blogs.ua.es\/nutritic\/wp-json\/wp\/v2\/pages\/2","targetHints":{"allow":["GET"]}}],"collection":[{"href":"https:\/\/blogs.ua.es\/nutritic\/wp-json\/wp\/v2\/pages"}],"about":[{"href":"https:\/\/blogs.ua.es\/nutritic\/wp-json\/wp\/v2\/types\/page"}],"author":[{"embeddable":true,"href":"https:\/\/blogs.ua.es\/nutritic\/wp-json\/wp\/v2\/users\/3047"}],"replies":[{"embeddable":true,"href":"https:\/\/blogs.ua.es\/nutritic\/wp-json\/wp\/v2\/comments?post=2"}],"version-history":[{"count":8,"href":"https:\/\/blogs.ua.es\/nutritic\/wp-json\/wp\/v2\/pages\/2\/revisions"}],"predecessor-version":[{"id":333,"href":"https:\/\/blogs.ua.es\/nutritic\/wp-json\/wp\/v2\/pages\/2\/revisions\/333"}],"wp:attachment":[{"href":"https:\/\/blogs.ua.es\/nutritic\/wp-json\/wp\/v2\/media?parent=2"}],"curies":[{"name":"wp","href":"https:\/\/api.w.org\/{rel}","templated":true}]}}