{"id":215,"date":"2015-03-18T09:19:02","date_gmt":"2015-03-18T09:19:02","guid":{"rendered":"https:\/\/blogs.ua.es\/nutritic\/?page_id=215"},"modified":"2015-04-08T15:54:24","modified_gmt":"2015-04-08T15:54:24","slug":"nacionales","status":"publish","type":"page","link":"https:\/\/blogs.ua.es\/nutritic\/organismos-oficiales\/nacionales\/","title":{"rendered":"Organismos Oficiales Nacionales"},"content":{"rendered":"<h1><\/h1>\n<h1>Organismos Oficiales e Instituciones nacionales en materia de nutrici\u00f3n y alimentaci\u00f3n:<\/h1>\n<ul>\n<li><a href=\"http:\/\/www.fedn.es\/\" target=\"_blank\">Fundaci\u00f3n Espa\u00f1ola de Dietistas Nutricionistas<\/a><\/li>\n<\/ul>\n<ul>\n<li><a href=\"http:\/\/www.codinucova.es\/ca\/\" target=\"_blank\">Colegio Oficial de Dietistas Nutricionistas de la Comunidad Valenciana<\/a><\/li>\n<\/ul>\n<ul>\n<li><a href=\"http:\/\/www.who.int\/es\/\" target=\"_blank\">Organizaci\u00f3n Mundial de la Salud\u00a0<\/a><\/li>\n<\/ul>\n<ul>\n<li><a href=\"http:\/\/aesan.msssi.gob.es\/#\">Agencia Espa\u00f1ola de consumo, seguridad alimentaria y nutrici\u00f3n\u00a0<\/a><\/li>\n<\/ul>\n<ul>\n<li><a href=\"http:\/\/www.inia.es\/IniaPortal\/verPresentacion.action\" target=\"_blank\">Instituto nacional de Investigaciones y Tecnolog\u00eda Agraria y Alimentaria<\/a><\/li>\n<\/ul>\n<ul>\n<li><a href=\"http:\/\/www.msssi.gob.es\" target=\"_blank\">Ministerio de Sanidad y Consumo<\/a><\/li>\n<\/ul>\n<ul>\n<li><a href=\"http:\/\/www.isciii.es\" target=\"_blank\">Instituto de Salud Carlos III<\/a><\/li>\n<\/ul>\n<ul>\n<li><a href=\"http:\/\/www.seedo.es\" target=\"_blank\">Sociedad Espa\u00f1ola para el estudio de la obesidad<\/a><\/li>\n<\/ul>\n","protected":false},"excerpt":{"rendered":"<p>Organismos Oficiales e Instituciones nacionales en materia de nutrici\u00f3n y alimentaci\u00f3n: Fundaci\u00f3n Espa\u00f1ola de Dietistas Nutricionistas Colegio Oficial de Dietistas Nutricionistas de la Comunidad Valenciana Organizaci\u00f3n Mundial de la Salud\u00a0 Agencia Espa\u00f1ola de consumo, seguridad alimentaria y nutrici\u00f3n\u00a0 Instituto nacional &hellip; <a href=\"https:\/\/blogs.ua.es\/nutritic\/organismos-oficiales\/nacionales\/\">Continue reading <span class=\"meta-nav\">&rarr;<\/span><\/a><\/p>\n","protected":false},"author":3807,"featured_media":0,"parent":35,"menu_order":0,"comment_status":"open","ping_status":"open","template":"","meta":{"footnotes":""},"class_list":["post-215","page","type-page","status-publish","hentry"],"_links":{"self":[{"href":"https:\/\/blogs.ua.es\/nutritic\/wp-json\/wp\/v2\/pages\/215","targetHints":{"allow":["GET"]}}],"collection":[{"href":"https:\/\/blogs.ua.es\/nutritic\/wp-json\/wp\/v2\/pages"}],"about":[{"href":"https:\/\/blogs.ua.es\/nutritic\/wp-json\/wp\/v2\/types\/page"}],"author":[{"embeddable":true,"href":"https:\/\/blogs.ua.es\/nutritic\/wp-json\/wp\/v2\/users\/3807"}],"replies":[{"embeddable":true,"href":"https:\/\/blogs.ua.es\/nutritic\/wp-json\/wp\/v2\/comments?post=215"}],"version-history":[{"count":3,"href":"https:\/\/blogs.ua.es\/nutritic\/wp-json\/wp\/v2\/pages\/215\/revisions"}],"predecessor-version":[{"id":374,"href":"https:\/\/blogs.ua.es\/nutritic\/wp-json\/wp\/v2\/pages\/215\/revisions\/374"}],"up":[{"embeddable":true,"href":"https:\/\/blogs.ua.es\/nutritic\/wp-json\/wp\/v2\/pages\/35"}],"wp:attachment":[{"href":"https:\/\/blogs.ua.es\/nutritic\/wp-json\/wp\/v2\/media?parent=215"}],"curies":[{"name":"wp","href":"https:\/\/api.w.org\/{rel}","templated":true}]}}