{"id":31,"date":"2015-02-04T09:08:35","date_gmt":"2015-02-04T09:08:35","guid":{"rendered":"https:\/\/blogs.ua.es\/nutritic\/?page_id=31"},"modified":"2015-05-10T20:24:51","modified_gmt":"2015-05-10T20:24:51","slug":"divulgacion-cientifica","status":"publish","type":"page","link":"https:\/\/blogs.ua.es\/nutritic\/recursos-bibliograficos-y-multimedia\/divulgacion-cientifica\/","title":{"rendered":"Divulgaci\u00f3n cient\u00edfica"},"content":{"rendered":"<p>En esta p\u00e1gina podr\u00e9is encontrar art\u00edculos cient\u00edficos recientes relacionados con la alimentaci\u00f3n, nutrici\u00f3n y otras \u00e1reas afines:<\/p>\n<ul>\n<li><strong>Towards the Genomization of Food? Potentials and Risks of Nutrigenomics as a Way of Personalized Care and Prevention (Davide Galesi, 2014).<\/strong><\/li>\n<\/ul>\n<p><a href=\"http:\/\/www.italiansociologicalreview.eu\/attachments\/article\/172\/4%20Towards%20the%20genomization%20of%20food_Galesi.pdf\"><img loading=\"lazy\" decoding=\"async\" class=\"aligncenter size-medium wp-image-424\" src=\"https:\/\/blogs.ua.es\/nutritic\/files\/2015\/05\/genomizacion-292x300.png\" alt=\"genomizacion\" width=\"292\" height=\"300\" srcset=\"https:\/\/blogs.ua.es\/nutritic\/files\/2015\/05\/genomizacion-292x300.png 292w, https:\/\/blogs.ua.es\/nutritic\/files\/2015\/05\/genomizacion.png 585w\" sizes=\"auto, (max-width: 292px) 100vw, 292px\" \/><\/a><\/p>\n<p>&nbsp;<\/p>\n<p>&nbsp;<\/p>\n<ul>\n<li><strong>Milk intake and risk of mortality and fractures in women and men: cohort studies (Karl Micha\u00eblsson, Alicja Wolk, Sophie Langenski\u00f6ld, Samar Basu, Eva Warensj\u00f6 Lemming, H\u00e5kan Melhus &amp; Liisa Byberg, 2014).<\/strong><\/li>\n<\/ul>\n<p><a href=\"http:\/\/www.bmj.com\/content\/bmj\/349\/bmj.g6015.full.pdf\"><img loading=\"lazy\" decoding=\"async\" class=\"aligncenter size-medium wp-image-445\" src=\"https:\/\/blogs.ua.es\/nutritic\/files\/2015\/05\/milk-intake-and-risk-of-mortality-234x300.png\" alt=\"milk intake and risk of mortality\" width=\"234\" height=\"300\" srcset=\"https:\/\/blogs.ua.es\/nutritic\/files\/2015\/05\/milk-intake-and-risk-of-mortality-234x300.png 234w, https:\/\/blogs.ua.es\/nutritic\/files\/2015\/05\/milk-intake-and-risk-of-mortality.png 467w\" sizes=\"auto, (max-width: 234px) 100vw, 234px\" \/><\/a><\/p>\n","protected":false},"excerpt":{"rendered":"<p>En esta p\u00e1gina podr\u00e9is encontrar art\u00edculos cient\u00edficos recientes relacionados con la alimentaci\u00f3n, nutrici\u00f3n y otras \u00e1reas afines: Towards the Genomization of Food? Potentials and Risks of Nutrigenomics as a Way of Personalized Care and Prevention (Davide Galesi, 2014). &nbsp; &nbsp; &hellip; <a href=\"https:\/\/blogs.ua.es\/nutritic\/recursos-bibliograficos-y-multimedia\/divulgacion-cientifica\/\">Continue reading <span class=\"meta-nav\">&rarr;<\/span><\/a><\/p>\n","protected":false},"author":3047,"featured_media":0,"parent":126,"menu_order":0,"comment_status":"open","ping_status":"open","template":"","meta":{"footnotes":""},"class_list":["post-31","page","type-page","status-publish","hentry"],"_links":{"self":[{"href":"https:\/\/blogs.ua.es\/nutritic\/wp-json\/wp\/v2\/pages\/31","targetHints":{"allow":["GET"]}}],"collection":[{"href":"https:\/\/blogs.ua.es\/nutritic\/wp-json\/wp\/v2\/pages"}],"about":[{"href":"https:\/\/blogs.ua.es\/nutritic\/wp-json\/wp\/v2\/types\/page"}],"author":[{"embeddable":true,"href":"https:\/\/blogs.ua.es\/nutritic\/wp-json\/wp\/v2\/users\/3047"}],"replies":[{"embeddable":true,"href":"https:\/\/blogs.ua.es\/nutritic\/wp-json\/wp\/v2\/comments?post=31"}],"version-history":[{"count":7,"href":"https:\/\/blogs.ua.es\/nutritic\/wp-json\/wp\/v2\/pages\/31\/revisions"}],"predecessor-version":[{"id":448,"href":"https:\/\/blogs.ua.es\/nutritic\/wp-json\/wp\/v2\/pages\/31\/revisions\/448"}],"up":[{"embeddable":true,"href":"https:\/\/blogs.ua.es\/nutritic\/wp-json\/wp\/v2\/pages\/126"}],"wp:attachment":[{"href":"https:\/\/blogs.ua.es\/nutritic\/wp-json\/wp\/v2\/media?parent=31"}],"curies":[{"name":"wp","href":"https:\/\/api.w.org\/{rel}","templated":true}]}}