{"id":39,"date":"2015-02-04T09:10:51","date_gmt":"2015-02-04T09:10:51","guid":{"rendered":"https:\/\/blogs.ua.es\/nutritic\/?page_id=39"},"modified":"2015-04-08T16:12:03","modified_gmt":"2015-04-08T16:12:03","slug":"material-bibliografico","status":"publish","type":"page","link":"https:\/\/blogs.ua.es\/nutritic\/recursos-bibliograficos-y-multimedia\/material-bibliografico\/","title":{"rendered":"Material bibliogr\u00e1fico"},"content":{"rendered":"<p>En esta p\u00e1gina podr\u00e1s encontrar recursos para todas las edades y que tratan sobre diferentes temas. Puedes acceder mediante\u00a0el men\u00fa superior a cada uno de ellos o bien pulsa sobre los enlaces de esta p\u00e1gina. Se dividen en cuatro apartados:<\/p>\n<p>&nbsp;<\/p>\n<ul>\n<li><strong><a href=\"https:\/\/blogs.ua.es\/nutritic\/recursos-bibliograficos-y-multimedia\/material-bibliografico\/poblacion-general\/\">Poblaci\u00f3n general<\/a>:<\/strong>\u00a0Obesidad, c\u00e1ncer, comer fuera de casa, men\u00fas equilibrados, etc.<\/li>\n<\/ul>\n<ul>\n<li><a href=\"https:\/\/blogs.ua.es\/nutritic\/recursos-bibliograficos-y-multimedia\/material-bibliografico\/infancia-y-adolescencia\/\"><strong>Infancia y adolescencia:<\/strong><\/a> Alimentaci\u00f3n saludable en la escuela.<\/li>\n<\/ul>\n<ul>\n<li><a href=\"https:\/\/blogs.ua.es\/nutritic\/recursos-bibliograficos-y-multimedia\/material-bibliografico\/embarazo-y-lactancia\/\"><strong>Embarazo y lactancia:<\/strong><\/a> Recomendaciones nutricionales durante el per\u00edodo de embarazo y lactancia.<\/li>\n<\/ul>\n<ul>\n<li><a href=\"https:\/\/blogs.ua.es\/nutritic\/recursos-bibliograficos-y-multimedia\/material-bibliografico\/ancianos\/\"><strong>Ancianos:<\/strong> <\/a>Recomendaciones nutricionales durante la senectud.<\/li>\n<\/ul>\n<p>&nbsp;<\/p>\n","protected":false},"excerpt":{"rendered":"<p>En esta p\u00e1gina podr\u00e1s encontrar recursos para todas las edades y que tratan sobre diferentes temas. Puedes acceder mediante\u00a0el men\u00fa superior a cada uno de ellos o bien pulsa sobre los enlaces de esta p\u00e1gina. Se dividen en cuatro apartados: &hellip; <a href=\"https:\/\/blogs.ua.es\/nutritic\/recursos-bibliograficos-y-multimedia\/material-bibliografico\/\">Continue reading <span class=\"meta-nav\">&rarr;<\/span><\/a><\/p>\n","protected":false},"author":3047,"featured_media":0,"parent":126,"menu_order":0,"comment_status":"open","ping_status":"open","template":"","meta":{"footnotes":""},"class_list":["post-39","page","type-page","status-publish","hentry"],"_links":{"self":[{"href":"https:\/\/blogs.ua.es\/nutritic\/wp-json\/wp\/v2\/pages\/39","targetHints":{"allow":["GET"]}}],"collection":[{"href":"https:\/\/blogs.ua.es\/nutritic\/wp-json\/wp\/v2\/pages"}],"about":[{"href":"https:\/\/blogs.ua.es\/nutritic\/wp-json\/wp\/v2\/types\/page"}],"author":[{"embeddable":true,"href":"https:\/\/blogs.ua.es\/nutritic\/wp-json\/wp\/v2\/users\/3047"}],"replies":[{"embeddable":true,"href":"https:\/\/blogs.ua.es\/nutritic\/wp-json\/wp\/v2\/comments?post=39"}],"version-history":[{"count":23,"href":"https:\/\/blogs.ua.es\/nutritic\/wp-json\/wp\/v2\/pages\/39\/revisions"}],"predecessor-version":[{"id":379,"href":"https:\/\/blogs.ua.es\/nutritic\/wp-json\/wp\/v2\/pages\/39\/revisions\/379"}],"up":[{"embeddable":true,"href":"https:\/\/blogs.ua.es\/nutritic\/wp-json\/wp\/v2\/pages\/126"}],"wp:attachment":[{"href":"https:\/\/blogs.ua.es\/nutritic\/wp-json\/wp\/v2\/media?parent=39"}],"curies":[{"name":"wp","href":"https:\/\/api.w.org\/{rel}","templated":true}]}}