{"id":47,"date":"2021-09-29T05:28:47","date_gmt":"2021-09-29T05:28:47","guid":{"rendered":"https:\/\/blogs.ua.es\/obispadoorihuela\/?page_id=47"},"modified":"2021-09-29T05:31:08","modified_gmt":"2021-09-29T05:31:08","slug":"15-mapas","status":"publish","type":"page","link":"https:\/\/blogs.ua.es\/obispadoorihuela\/15-mapas\/","title":{"rendered":"15. Mapas"},"content":{"rendered":"<p><strong>A. Las l\u00edneas de frontera del sudeste peninsular en la Baja Edad Media<\/strong><\/p>\n<p><img loading=\"lazy\" decoding=\"async\" class=\"wp-image-48 aligncenter\" src=\"https:\/\/blogs.ua.es\/obispadoorihuela\/files\/2021\/09\/Mapa_limites-1024x655.jpg\" alt=\"\" width=\"600\" height=\"384\" srcset=\"https:\/\/blogs.ua.es\/obispadoorihuela\/files\/2021\/09\/Mapa_limites-1024x655.jpg 1024w, https:\/\/blogs.ua.es\/obispadoorihuela\/files\/2021\/09\/Mapa_limites-300x192.jpg 300w, https:\/\/blogs.ua.es\/obispadoorihuela\/files\/2021\/09\/Mapa_limites-768x492.jpg 768w, https:\/\/blogs.ua.es\/obispadoorihuela\/files\/2021\/09\/Mapa_limites-1536x983.jpg 1536w, https:\/\/blogs.ua.es\/obispadoorihuela\/files\/2021\/09\/Mapa_limites-2048x1311.jpg 2048w\" sizes=\"auto, (max-width: 600px) 100vw, 600px\" \/><\/p>\n<p><strong>B. El obispado de Cartagena en el siglo XV<\/strong><\/p>\n<p><img loading=\"lazy\" decoding=\"async\" class=\"aligncenter wp-image-49\" src=\"https:\/\/blogs.ua.es\/obispadoorihuela\/files\/2021\/09\/Mapa_obp-1024x655.jpg\" alt=\"Mapa del obispado de Cartagena en el siglo XV\" width=\"600\" height=\"384\" srcset=\"https:\/\/blogs.ua.es\/obispadoorihuela\/files\/2021\/09\/Mapa_obp-1024x655.jpg 1024w, https:\/\/blogs.ua.es\/obispadoorihuela\/files\/2021\/09\/Mapa_obp-300x192.jpg 300w, https:\/\/blogs.ua.es\/obispadoorihuela\/files\/2021\/09\/Mapa_obp-768x492.jpg 768w, https:\/\/blogs.ua.es\/obispadoorihuela\/files\/2021\/09\/Mapa_obp-1536x983.jpg 1536w, https:\/\/blogs.ua.es\/obispadoorihuela\/files\/2021\/09\/Mapa_obp-2048x1311.jpg 2048w\" sizes=\"auto, (max-width: 600px) 100vw, 600px\" \/><\/p>\n<p><em><strong>Leyenda<\/strong><\/em><\/p>\n<p><strong>Parte de la Corona de Castilla.<\/strong><\/p>\n<p>\u2011Oficialato de Murcia (M).<br \/>\nCapital: Murcia.<br \/>\nM1 Beniaj\u00e1n.<br \/>\nM2 (Cinco) Alquer\u00edas.<br \/>\nM3 Beniel.<br \/>\nM4 Santomera.<br \/>\nM5E Cieza.<br \/>\nM6 Molina del Segura.<br \/>\nM7 Mula.<br \/>\nM8E Abanilla.<br \/>\nM9 Librilla.<br \/>\nM10E Pliego.<br \/>\nM11 Alhama de Murcia.<br \/>\nM12 Alcantarilla.<br \/>\nM13 Alguazas.<br \/>\nM14 Las Torres de Cotillas.<br \/>\nM15 Ceut\u00ed.<br \/>\nM16E Lorqu\u00ed.<br \/>\nM17 Fortuna.<br \/>\nM18 Campos del R\u00edo.<br \/>\nM19 Albudeite.<br \/>\nM20 La Puebla de Mula.<\/p>\n<p>\u2011Oficialato de Cartagena (C).<br \/>\nCapital: Cartagena.<br \/>\nC1 Albuj\u00f3n.<\/p>\n<p>\u2011Oficialato de Lorca (L).<br \/>\nCapital: Lorca.<br \/>\nL1E Aledo.<br \/>\nL2 Puerto Lumbreras (Nogalte).<br \/>\nL3 Albox.<\/p>\n<p>\u2011Vicariato de Hell\u00edn (He).<br \/>\nCapital: Hell\u00edn.<br \/>\nHe1 Jumilla.<br \/>\nHe2 Tobarra.<br \/>\nHe3 Isso.<br \/>\nHe4 Calasparra.<\/p>\n<p>\u2011Vicariato de Segura (S).<br \/>\nCapital: Segura de la Sierra (E).<br \/>\nS1E Yeste.<br \/>\nS2E Beas de Segura.<\/p>\n<p>-Arciprestazgo de Chinchilla (Ch).<br \/>\nCapital: Chinchilla de Monte Arag\u00f3n.<br \/>\nCh1 Pe\u00f1as de San Pedro.<br \/>\nCh2 Alpera.<br \/>\nCh3 Montealegre del Castillo.<\/p>\n<p>-Vicariato de Albacete (Ab).<br \/>\nCapital: Albacete.<br \/>\nAb1 La Gineta.<br \/>\nAb2 Santa Ana de Argamasilla.<\/p>\n<p>-Localidades de encomiendas (E).<br \/>\nE1 F\u00e9rez.<br \/>\nE2 Socovos.<br \/>\nE3 Blanca.<br \/>\nE4 Caravaca de la Cruz.<br \/>\nE5 Ceheg\u00edn.<br \/>\nE6 Moratalla.<br \/>\nE7 Canara.<br \/>\nE8 Archena.<\/p>\n<p>-Vicariato de Jorquera (J).<br \/>\nCapital: Jorquera.<br \/>\nJ1 Villa de Ves.<br \/>\nJ2 Alcal\u00e1 del J\u00facar (del R\u00edo).<br \/>\nJ3 Alborea.<br \/>\nJ4 Cubas.<br \/>\nJ5E Carcel\u00e9n.<\/p>\n<p>-Arciprestazgo de Hu\u00e9scar (Hu).<br \/>\nCapital: Hu\u00e9scar.<br \/>\nHu1 Galera.<br \/>\nHu2 Castillejar.<\/p>\n<p>-Arciprestazgo de Villena<br \/>\nCapital: Villena.<br \/>\nV1 Almansa.<br \/>\nV2 Yecla.<br \/>\nV3 Caudete.<br \/>\nV4 Sax.<\/p>\n<p><strong>Parte de la Corona de Arag\u00f3n.<\/strong><\/p>\n<p>-Arciprestazgo de Orihuela (O).<br \/>\nCapital: Orihuela.<br \/>\nO1 Guardamar.<br \/>\nO2 Rojales.<br \/>\nO3 Redov\u00e1n.<br \/>\nO4 Callosa de Segura.<br \/>\nO5 Catral.<br \/>\nO6 La Daya.<br \/>\nO7 Almorad\u00ed.<br \/>\nO8 Jacarilla.<br \/>\nO9 Benej\u00fazar.<br \/>\n10 Albatera.<br \/>\n11 Cox.<br \/>\n12 La Granja de Rocamora.<br \/>\n13 Formentera del Segura.<\/p>\n<p>-Vicariato de Elche (I).<br \/>\nCapital: Elche.<br \/>\nI1 Aspe.<br \/>\nI2 Novelda.<br \/>\nI3 Elda.<br \/>\nI4 Salinas.<br \/>\nI5 Petrel.<br \/>\nI6 La Mola.<br \/>\nI7 Chinorla.<br \/>\nI8 Mon\u00f3var.<br \/>\nI9 Crevillente.<br \/>\nI10 Asprillas.<\/p>\n<p>-Vicariato de Alicante (A).<br \/>\nCapital: Alicante.<br \/>\nA1 Monforte del Cid.<br \/>\nA2 Agost.<br \/>\nA3 Aig\u00fces.<br \/>\nA4 Busot.<br \/>\nA5 San Juan.<br \/>\nA6 Muchamiel.<\/p>\n<p>-Vicariato de Ayora (Ay).<br \/>\nCapital: Ayora.<br \/>\nAy1 Jarafuel.<br \/>\nAy2 Zarra.<br \/>\nAy3 Jalance.<br \/>\nAy4 Cofrentes.<br \/>\nAy5 Teresa de Cofrentes.<\/p>\n<p>&nbsp;<\/p>\n<p><strong>C. El obispado de Orihuela<\/strong><\/p>\n<p><img loading=\"lazy\" decoding=\"async\" class=\"aligncenter size-large wp-image-50\" src=\"https:\/\/blogs.ua.es\/obispadoorihuela\/files\/2021\/09\/Mapa_obpd_O-1024x747.jpg\" alt=\"El obispado de Orihuela\" width=\"1024\" height=\"747\" srcset=\"https:\/\/blogs.ua.es\/obispadoorihuela\/files\/2021\/09\/Mapa_obpd_O-1024x747.jpg 1024w, https:\/\/blogs.ua.es\/obispadoorihuela\/files\/2021\/09\/Mapa_obpd_O-300x219.jpg 300w, https:\/\/blogs.ua.es\/obispadoorihuela\/files\/2021\/09\/Mapa_obpd_O-768x560.jpg 768w, https:\/\/blogs.ua.es\/obispadoorihuela\/files\/2021\/09\/Mapa_obpd_O-1536x1121.jpg 1536w, https:\/\/blogs.ua.es\/obispadoorihuela\/files\/2021\/09\/Mapa_obpd_O-2048x1494.jpg 2048w\" sizes=\"auto, (max-width: 1024px) 100vw, 1024px\" \/><\/p>\n<p><strong><em>Leyenda<\/em><\/strong><\/p>\n<ol>\n<li>La Granda de Rocamora.<\/li>\n<li>Albatera.<\/li>\n<li>Cox.<\/li>\n<li>Callosa de Segura.<\/li>\n<li>Redov\u00e1n.<\/li>\n<li>Jacarilla.<\/li>\n<li>Benej\u00fazar.<\/li>\n<li>Formentera del Segura.<\/li>\n<li>Rojales.<\/li>\n<li>Catral.<\/li>\n<li>Almorad\u00ed.<\/li>\n<li>La Daya.<\/li>\n<li>Asprillas.<\/li>\n<li>Crevillente.<\/li>\n<li>Chinorla.<\/li>\n<li>Salinas.<\/li>\n<li>Mon\u00f3var.<\/li>\n<li>La Mola.<\/li>\n<li>Elda.<\/li>\n<li>Petrel.<\/li>\n<li>Novelda.<\/li>\n<li>Aspe.<\/li>\n<li>Monforte del Cid.<\/li>\n<li>Muchamiel.<\/li>\n<li>Busot.<\/li>\n<li>San Juan.<\/li>\n<li>Guardamar del Segura.<\/li>\n<li>Agost.<\/li>\n<\/ol>\n","protected":false},"excerpt":{"rendered":"<p>A. Las l\u00edneas de frontera del sudeste peninsular en la Baja Edad Media B. El obispado de Cartagena en el siglo XV Leyenda Parte de la Corona de Castilla. \u2011Oficialato de Murcia (M). Capital: Murcia. M1 Beniaj\u00e1n. M2 (Cinco) Alquer\u00edas. M3 Beniel. M4 Santomera. M5E Cieza. M6 Molina del Segura. M7 Mula. M8E Abanilla. M9 [&hellip;]<\/p>\n","protected":false},"author":936,"featured_media":0,"parent":0,"menu_order":15,"comment_status":"closed","ping_status":"closed","template":"","meta":{"footnotes":""},"class_list":["post-47","page","type-page","status-publish","hentry"],"_links":{"self":[{"href":"https:\/\/blogs.ua.es\/obispadoorihuela\/wp-json\/wp\/v2\/pages\/47","targetHints":{"allow":["GET"]}}],"collection":[{"href":"https:\/\/blogs.ua.es\/obispadoorihuela\/wp-json\/wp\/v2\/pages"}],"about":[{"href":"https:\/\/blogs.ua.es\/obispadoorihuela\/wp-json\/wp\/v2\/types\/page"}],"author":[{"embeddable":true,"href":"https:\/\/blogs.ua.es\/obispadoorihuela\/wp-json\/wp\/v2\/users\/936"}],"replies":[{"embeddable":true,"href":"https:\/\/blogs.ua.es\/obispadoorihuela\/wp-json\/wp\/v2\/comments?post=47"}],"version-history":[{"count":4,"href":"https:\/\/blogs.ua.es\/obispadoorihuela\/wp-json\/wp\/v2\/pages\/47\/revisions"}],"predecessor-version":[{"id":54,"href":"https:\/\/blogs.ua.es\/obispadoorihuela\/wp-json\/wp\/v2\/pages\/47\/revisions\/54"}],"wp:attachment":[{"href":"https:\/\/blogs.ua.es\/obispadoorihuela\/wp-json\/wp\/v2\/media?parent=47"}],"curies":[{"name":"wp","href":"https:\/\/api.w.org\/{rel}","templated":true}]}}