{"id":59,"date":"2021-09-29T06:24:57","date_gmt":"2021-09-29T06:24:57","guid":{"rendered":"https:\/\/blogs.ua.es\/obispadoorihuela\/?page_id=59"},"modified":"2021-09-29T06:24:57","modified_gmt":"2021-09-29T06:24:57","slug":"00-siglas-y-notas-de-edicion","status":"publish","type":"page","link":"https:\/\/blogs.ua.es\/obispadoorihuela\/00-siglas-y-notas-de-edicion\/","title":{"rendered":"00. Siglas y notas de edici\u00f3n"},"content":{"rendered":"<p><strong>Siglas utilizadas para los distintos archivos consultados<\/strong><\/p>\n<ul>\n<li>A.C.O. Archivo de la Catedral de Orihuela.<\/li>\n<li>A.E.E.S.S. Archivo de la Embajada espa\u00f1ola cerca de la Santa Sede.<\/li>\n<li>A.M.O. Archivo Municipal de Orihuela.<\/li>\n<li>A.S.M. Archivo de Santiago y Montserrat.<\/li>\n<li>A.S.V. Archivo Secreto Vaticano.<\/li>\n<\/ul>\n<p><strong>Notas sobre la edici\u00f3n<\/strong><\/p>\n<ul>\n<li>En las citas literales extra\u00eddas de la documentaci\u00f3n manejada para el presente estudio, hemos conservado las graf\u00edas originales. \u00danicamente hemos decidido variar, en ocasiones, su puntuaci\u00f3n, en aras a su mejor comprensi\u00f3n. Y estos mismos criterios hemos seguido para incluir fragmentos de obras impresas o manuscritas anteriores al siglo XVIII.<\/li>\n<li>En cambio, en los textos reproducidos de obras impresas posteriores a dicha centuria, hemos optado por actualizar la ortograf\u00eda, adapt\u00e1ndola a las reglas vigentes.<\/li>\n<li>Todos los cuadros, gr\u00e1ficos y mapas que aparecen en esta investigaci\u00f3n son de elaboraci\u00f3n propia.<\/li>\n<\/ul>\n","protected":false},"excerpt":{"rendered":"<p>Siglas utilizadas para los distintos archivos consultados A.C.O. Archivo de la Catedral de Orihuela. A.E.E.S.S. Archivo de la Embajada espa\u00f1ola cerca de la Santa Sede. A.M.O. Archivo Municipal de Orihuela. A.S.M. Archivo de Santiago y Montserrat. A.S.V. Archivo Secreto Vaticano. Notas sobre la edici\u00f3n En las citas literales extra\u00eddas de la documentaci\u00f3n manejada para el [&hellip;]<\/p>\n","protected":false},"author":936,"featured_media":0,"parent":0,"menu_order":0,"comment_status":"closed","ping_status":"closed","template":"","meta":{"footnotes":""},"class_list":["post-59","page","type-page","status-publish","hentry"],"_links":{"self":[{"href":"https:\/\/blogs.ua.es\/obispadoorihuela\/wp-json\/wp\/v2\/pages\/59","targetHints":{"allow":["GET"]}}],"collection":[{"href":"https:\/\/blogs.ua.es\/obispadoorihuela\/wp-json\/wp\/v2\/pages"}],"about":[{"href":"https:\/\/blogs.ua.es\/obispadoorihuela\/wp-json\/wp\/v2\/types\/page"}],"author":[{"embeddable":true,"href":"https:\/\/blogs.ua.es\/obispadoorihuela\/wp-json\/wp\/v2\/users\/936"}],"replies":[{"embeddable":true,"href":"https:\/\/blogs.ua.es\/obispadoorihuela\/wp-json\/wp\/v2\/comments?post=59"}],"version-history":[{"count":1,"href":"https:\/\/blogs.ua.es\/obispadoorihuela\/wp-json\/wp\/v2\/pages\/59\/revisions"}],"predecessor-version":[{"id":60,"href":"https:\/\/blogs.ua.es\/obispadoorihuela\/wp-json\/wp\/v2\/pages\/59\/revisions\/60"}],"wp:attachment":[{"href":"https:\/\/blogs.ua.es\/obispadoorihuela\/wp-json\/wp\/v2\/media?parent=59"}],"curies":[{"name":"wp","href":"https:\/\/api.w.org\/{rel}","templated":true}]}}