{"id":8,"date":"2014-06-01T11:52:00","date_gmt":"2014-06-01T11:52:00","guid":{"rendered":"https:\/\/blogs.ua.es\/ontinyent\/?page_id=8"},"modified":"2014-06-01T11:52:18","modified_gmt":"2014-06-01T11:52:18","slug":"historia","status":"publish","type":"page","link":"https:\/\/blogs.ua.es\/ontinyent\/historia\/","title":{"rendered":"Historia"},"content":{"rendered":"<p>La ciudad de Ontinyent se encuentra en las comarcas centromeridionales valencianas, ubicada en el sector occidental de la comarca de la Vall d&#8217;Albaida, rodeada mayoritariamente de tierras de cultivo y junto al r\u00edo Clariano.<\/p>\n<p>Si nos centramos en la \u00e9poca que nos acontece en el blog, el siglo XX es la \u00e9poca de las grandes transformaciones de la ciudad. El Ontinyent que se adentra en este siglo es, como el resto de la comarca, de base agraria y la industria a\u00fan est\u00e1 poco desarrollada.<\/p>\n<p>Si tenemos que definir a Ontinyent durante el transcurso de la II Rep\u00fablica ser\u00eda indudablemente con el adjetivo de conservador. El entramado cat\u00f3lico-patronal domina la visi\u00f3n y el pensamiento de Ontinyent en el grupo de las sociedades m\u00e1s influenciadas. Por tanto, podemos ver un cierto apego a una visi\u00f3n conservador, diferenci\u00e1ndose claramente de los pensamientos revolucionarios y reformistas caracter\u00edsticos de la Rep\u00fablica. De hecho, si atendemos a los dos \u00faltimos procesos electorales acontecidos durante el periodo republicano (1933 y 1936), \u00a0observamos que los partidos de la derecha conservadora consiguen la victoria en ambas elecciones, si bien es cierto que el porcentaje de voto del Frente Popular fue considerablemente alto.<\/p>\n<p>A partir del mes de abril de 1939, se produce de forma definitiva la victoria del ej\u00e9rcito franquista en el municipio. El 29 de marzo del mismo a\u00f1o, el jefe local de la Falange Espa\u00f1ola Tradicionalista y de las Jons, Jos\u00e9 Sim\u00f3 Aynat, toma el mando de la presidencia de la Junta Municipal Provisional realizando un acto de traspaso de poderes del hasta entonces alcalde republicano Jos\u00e9 Donad Vidal. Es el 11 de abril cuando se constituye la Comisi\u00f3n Gestora, en la que el cargo de alcalde lo ocupo Luis Momp\u00f3 Delgado de Molina. Los primeros a\u00f1os del franquismo vendr\u00e1n marcados por una fuerte represi\u00f3n, donde cualquier atisbo de contrariedad u oposici\u00f3n al r\u00e9gimen ser\u00e1n perseguidos y silenciados. Adem\u00e1s, tal y como sucedi\u00f3 a lo largo de la geograf\u00eda espa\u00f1ola, los procesos de &#8220;eliminaci\u00f3n de todo s\u00edmbolo marxista&#8221; o los cambios de nombre del viario urbano (plaza del General\u00edsimo, calle de Jos\u00e9 Antonio, etc.) tambi\u00e9n estuvieron presentes en la localidad de Ontinyent durante los primeros compases de la dictadura franquista.<\/p>\n<p>&nbsp;<\/p>\n<p>Bibliograf\u00eda:<\/p>\n<p>BERNABEU SANCHIS, A. GANDIA CALABUIG, J. GIRON\u00c9S GUILLEM, I. RIBERA C\u00d3MEZ, A. <em>Hist\u00f2ria B\u00e0sica d&#8217;Ontinyent,\u00a0<\/em>Ed. Servei de Publicacions de l&#8217;Excm. Ajuntament d&#8217;Ontinyent, 1995.<\/p>\n<p>Libros de actas:<\/p>\n<p style=\"padding-left: 30px\">-AMO LA 57\/1 &#8211; 1937\/1939<\/p>\n<p style=\"padding-left: 30px\">-AMO LA 57\/2 &#8211; 1939\/1940<\/p>\n<p>&nbsp;<\/p>\n<p>&nbsp;<\/p>\n<p>&nbsp;<\/p>\n<p>&nbsp;<\/p>\n","protected":false},"excerpt":{"rendered":"<p>La ciudad de Ontinyent se encuentra en las comarcas centromeridionales valencianas, ubicada en el sector occidental de la comarca de la Vall d&#8217;Albaida, rodeada mayoritariamente de tierras de cultivo y junto al r\u00edo Clariano. Si nos centramos en la \u00e9poca &hellip; <a href=\"https:\/\/blogs.ua.es\/ontinyent\/historia\/\">Continue reading <span class=\"meta-nav\">&rarr;<\/span><\/a><\/p>\n","protected":false},"author":2473,"featured_media":0,"parent":0,"menu_order":0,"comment_status":"open","ping_status":"closed","template":"","meta":{"footnotes":""},"class_list":["post-8","page","type-page","status-publish","hentry"],"_links":{"self":[{"href":"https:\/\/blogs.ua.es\/ontinyent\/wp-json\/wp\/v2\/pages\/8","targetHints":{"allow":["GET"]}}],"collection":[{"href":"https:\/\/blogs.ua.es\/ontinyent\/wp-json\/wp\/v2\/pages"}],"about":[{"href":"https:\/\/blogs.ua.es\/ontinyent\/wp-json\/wp\/v2\/types\/page"}],"author":[{"embeddable":true,"href":"https:\/\/blogs.ua.es\/ontinyent\/wp-json\/wp\/v2\/users\/2473"}],"replies":[{"embeddable":true,"href":"https:\/\/blogs.ua.es\/ontinyent\/wp-json\/wp\/v2\/comments?post=8"}],"version-history":[{"count":2,"href":"https:\/\/blogs.ua.es\/ontinyent\/wp-json\/wp\/v2\/pages\/8\/revisions"}],"predecessor-version":[{"id":68,"href":"https:\/\/blogs.ua.es\/ontinyent\/wp-json\/wp\/v2\/pages\/8\/revisions\/68"}],"wp:attachment":[{"href":"https:\/\/blogs.ua.es\/ontinyent\/wp-json\/wp\/v2\/media?parent=8"}],"curies":[{"name":"wp","href":"https:\/\/api.w.org\/{rel}","templated":true}]}}