{"id":8,"date":"2013-11-15T11:50:33","date_gmt":"2013-11-15T11:50:33","guid":{"rendered":"https:\/\/blogs.ua.es\/orihuela1\/?page_id=8"},"modified":"2014-01-14T20:45:55","modified_gmt":"2014-01-14T19:45:55","slug":"valoracion","status":"publish","type":"page","link":"https:\/\/blogs.ua.es\/orihuela1\/valoracion\/","title":{"rendered":"Valoraci\u00f3n"},"content":{"rendered":"<p>Lo cierto es que este trabajo se present\u00f3 en un principio como un trabajo m\u00e1s de clase, a pesar de lo que dijera el profesor. No pensamos que disfrutar\u00edamos tanto con la experiencia.<\/p>\n<p>Estamos en primero de carrera, todo es nuevo y no estamos acostumbradas a muchas situaciones. Intentamos llevar todos nuestros quehaceres, ya no solo de la universidad, sino tambi\u00e9n de nuestro d\u00eda a d\u00eda, algo dif\u00edcil de compatibilizar en muchas ocasiones, sobre todo con los planes de estudio que vienen integrando en educaci\u00f3n hoy d\u00eda.<\/p>\n<p>Este trabajo, como mencionamos antes, pareci\u00f3 como otro m\u00e1s, pero algo ten\u00eda de especial que se nos escap\u00f3.\u00a0Al perdernos por los rincones de la ciudad, observarla y verla de un modo diferente al que estamos acostumbradas, nos dimos cuenta de que nos perdemos infinidad de detalles, de curiosidades, nuestras ra\u00edces y hasta nuestro conocimiento del por qu\u00e9 de las cosas. Es un mundo inmenso donde todo tiene su trocito de historia. Es impresionante ver como caminamos por lugares que pueden contarnos tanto y ni siquiera llegamos a imaginarlo.<\/p>\n<p>Ha sido un trabajo muy interesante, sobre todo a nivel personal, porque tambi\u00e9n nos ha obligado a retomar un poco nuestra faceta art\u00edstica.<\/p>\n<p>Lo \u00fanico que lamentamos es no haber llegado a todos los lugares que quer\u00edamos por la limitaci\u00f3n de tiempo. Esperamos poder seguir completando lugares y rincones que aun no hemos subido a la p\u00e1gina.<\/p>\n<p>Ojal\u00e1 disfrut\u00e9is con la p\u00e1gina.<\/p>\n<p>&nbsp;<\/p>\n","protected":false},"excerpt":{"rendered":"<p>Lo cierto es que este trabajo se present\u00f3 en un principio como un trabajo m\u00e1s de clase, a pesar de lo que dijera el profesor. No pensamos que disfrutar\u00edamos tanto con la experiencia. Estamos en primero de carrera, todo es &hellip; <a href=\"https:\/\/blogs.ua.es\/orihuela1\/valoracion\/\">Continue reading <span class=\"meta-nav\">&rarr;<\/span><\/a><\/p>\n","protected":false},"author":3312,"featured_media":0,"parent":0,"menu_order":2,"comment_status":"open","ping_status":"open","template":"","meta":{"footnotes":""},"class_list":["post-8","page","type-page","status-publish","hentry"],"_links":{"self":[{"href":"https:\/\/blogs.ua.es\/orihuela1\/wp-json\/wp\/v2\/pages\/8","targetHints":{"allow":["GET"]}}],"collection":[{"href":"https:\/\/blogs.ua.es\/orihuela1\/wp-json\/wp\/v2\/pages"}],"about":[{"href":"https:\/\/blogs.ua.es\/orihuela1\/wp-json\/wp\/v2\/types\/page"}],"author":[{"embeddable":true,"href":"https:\/\/blogs.ua.es\/orihuela1\/wp-json\/wp\/v2\/users\/3312"}],"replies":[{"embeddable":true,"href":"https:\/\/blogs.ua.es\/orihuela1\/wp-json\/wp\/v2\/comments?post=8"}],"version-history":[{"count":5,"href":"https:\/\/blogs.ua.es\/orihuela1\/wp-json\/wp\/v2\/pages\/8\/revisions"}],"predecessor-version":[{"id":441,"href":"https:\/\/blogs.ua.es\/orihuela1\/wp-json\/wp\/v2\/pages\/8\/revisions\/441"}],"wp:attachment":[{"href":"https:\/\/blogs.ua.es\/orihuela1\/wp-json\/wp\/v2\/media?parent=8"}],"curies":[{"name":"wp","href":"https:\/\/api.w.org\/{rel}","templated":true}]}}