{"id":13,"date":"2017-12-18T11:59:14","date_gmt":"2017-12-18T11:59:14","guid":{"rendered":"https:\/\/blogs.ua.es\/paseandoporcopenhague\/?page_id=13"},"modified":"2017-12-19T11:21:40","modified_gmt":"2017-12-19T11:21:40","slug":"renacimiento","status":"publish","type":"page","link":"https:\/\/blogs.ua.es\/paseandoporcopenhague\/renacimiento\/","title":{"rendered":"Renacimiento"},"content":{"rendered":"<p>El Renacimiento es un periodo cultural surgido en <strong>Europa Occidental<\/strong> entre los siglo XV y XVI que, a su vez, coincidi\u00f3 con el periodo de transici\u00f3n de la <strong>Edad Media<\/strong> a la <strong>Edad Moderna<\/strong>.\u00a0 As\u00ed pues las caracter\u00edsticas del <strong>Renacimiento<\/strong> ser\u00edan:<\/p>\n<ul>\n<li><strong>Una &#8220;vuelta a la antig\u00fcedad&#8221;:\u00a0<\/strong>Surgieron de nuevo las formas arquitect\u00f3nicas cl\u00e1sicas y sus elementos simb\u00f3licos.<\/li>\n<li><strong>Una nueva &#8220;relaci\u00f3n con la naturaleza&#8221;<\/strong>\u00a0unida al inicio de una concepci\u00f3n m\u00e1s realista de la ciencia y las matem\u00e1ticas, que ayudar\u00e1n a crear los ideales de &#8220;belleza&#8221;.<\/li>\n<li><strong>El hombre como medida de todas las cosas:\u00a0<\/strong>La figura humana ser\u00e1 el centro de inter\u00e9s del artista que se preocupar\u00e1 del estudio de la anatom\u00eda humana y su expresi\u00f3n.<\/li>\n<li><strong>El mecenazgo:\u00a0<\/strong>A partir de este momento ser\u00e1n las clases altas las que patrocinen a los artistas y encarguen las obras, por lo que el arte pasar\u00e1 a ser s\u00edmbolo de prestigio.<\/li>\n<\/ul>\n<p>Cronol\u00f3gicamente el <strong>Renacimiento<\/strong> en el sur de <strong>Europa<\/strong> comprende dos periodos: el <strong>Quattrocento<\/strong> (s. XV) y el <strong>Cinquecento<\/strong> (s.XVI), adem\u00e1s del movimiento <strong>manierista<\/strong> del siglo XVI. Sin embargo, en el norte de <strong>Europa<\/strong> y m\u00e1s concretamente en la ciudad que tratamos en este blog, <strong>Copenhague<\/strong>, esta cronolog\u00eda ser\u00e1 algo m\u00e1s tard\u00eda. La arquitectura renacentista danesa tuvo su mayor auge en los reinados de\u00a0<strong>Frederick II\u00a0<\/strong>(1559-1588) y de\u00a0<strong>Christian IV<\/strong>\u00a0(1588-1648), quienes iniciaron numerosos proyectos arquitect\u00f3nicos basados en la\u00a0 arquitectura renacentista.<\/p>\n<p><img loading=\"lazy\" decoding=\"async\" class=\"size-medium wp-image-65 aligncenter\" src=\"https:\/\/blogs.ua.es\/paseandoporcopenhague\/files\/2017\/12\/christian-iv-dinamarca-300x240.jpg\" alt=\"\" width=\"300\" height=\"240\" srcset=\"https:\/\/blogs.ua.es\/paseandoporcopenhague\/files\/2017\/12\/christian-iv-dinamarca-300x240.jpg 300w, https:\/\/blogs.ua.es\/paseandoporcopenhague\/files\/2017\/12\/christian-iv-dinamarca.jpg 680w\" sizes=\"auto, (max-width: 300px) 100vw, 300px\" \/><\/p>\n<p style=\"text-align: center\"><em><strong>El rey Christian IV<\/strong> (1588-1648)<\/em><\/p>\n<p>As\u00ed pues, fueron los nobles los que dieron auge a las diversas formas de expresi\u00f3n art\u00edstica del <strong>Renacimiento<\/strong>.<\/p>\n","protected":false},"excerpt":{"rendered":"<p>El Renacimiento es un periodo cultural surgido en Europa Occidental entre los siglo XV y XVI que, a su vez, coincidi\u00f3 con el periodo de transici\u00f3n de la Edad Media a la Edad Moderna.\u00a0 As\u00ed pues las caracter\u00edsticas del Renacimiento ser\u00edan: Una &#8220;vuelta a la antig\u00fcedad&#8221;:\u00a0Surgieron de nuevo las formas arquitect\u00f3nicas cl\u00e1sicas y sus elementos [&hellip;]<\/p>\n","protected":false},"author":3649,"featured_media":0,"parent":0,"menu_order":2,"comment_status":"closed","ping_status":"closed","template":"","meta":{"footnotes":""},"class_list":["post-13","page","type-page","status-publish","hentry"],"_links":{"self":[{"href":"https:\/\/blogs.ua.es\/paseandoporcopenhague\/wp-json\/wp\/v2\/pages\/13","targetHints":{"allow":["GET"]}}],"collection":[{"href":"https:\/\/blogs.ua.es\/paseandoporcopenhague\/wp-json\/wp\/v2\/pages"}],"about":[{"href":"https:\/\/blogs.ua.es\/paseandoporcopenhague\/wp-json\/wp\/v2\/types\/page"}],"author":[{"embeddable":true,"href":"https:\/\/blogs.ua.es\/paseandoporcopenhague\/wp-json\/wp\/v2\/users\/3649"}],"replies":[{"embeddable":true,"href":"https:\/\/blogs.ua.es\/paseandoporcopenhague\/wp-json\/wp\/v2\/comments?post=13"}],"version-history":[{"count":13,"href":"https:\/\/blogs.ua.es\/paseandoporcopenhague\/wp-json\/wp\/v2\/pages\/13\/revisions"}],"predecessor-version":[{"id":118,"href":"https:\/\/blogs.ua.es\/paseandoporcopenhague\/wp-json\/wp\/v2\/pages\/13\/revisions\/118"}],"wp:attachment":[{"href":"https:\/\/blogs.ua.es\/paseandoporcopenhague\/wp-json\/wp\/v2\/media?parent=13"}],"curies":[{"name":"wp","href":"https:\/\/api.w.org\/{rel}","templated":true}]}}