{"id":86,"date":"2020-06-12T09:35:45","date_gmt":"2020-06-12T09:35:45","guid":{"rendered":"https:\/\/blogs.ua.es\/patricia3\/?page_id=86"},"modified":"2020-06-12T09:35:45","modified_gmt":"2020-06-12T09:35:45","slug":"pelicula-2","status":"publish","type":"page","link":"https:\/\/blogs.ua.es\/patricia3\/pelicula-2\/","title":{"rendered":"El C\u00edrculo"},"content":{"rendered":"<p>&nbsp;<\/p>\n<p><iframe loading=\"lazy\" title=\"Teor\u00eda de la civilizaci\u00f3n (Pel\u00edcula &quot;El C\u00edrculo&quot;)\" width=\"500\" height=\"281\" src=\"https:\/\/www.youtube.com\/embed\/H-Sdbu1Qftc?feature=oembed\" frameborder=\"0\" allow=\"accelerometer; autoplay; clipboard-write; encrypted-media; gyroscope; picture-in-picture; web-share\" referrerpolicy=\"strict-origin-when-cross-origin\" allowfullscreen><\/iframe><\/p>\n<p>La pel\u00edcula &#8220;El C\u00edrculo&#8221; narra la historia de una chica, Mae, que es contratada en una empresa de inform\u00e1tica y tecnolog\u00eda que est\u00e1 llevando a cabo grandes cambios tecnol\u00f3gicos y sociales. Mae empieza siendo una trabajadora de atenci\u00f3n al cliente, contestando llamadas y recogiendo datos sobre la valoraci\u00f3n de los clientes. Pero con el tiempo y gracias a su implacable entusiasmo termina haci\u00e9ndose un hueco en la alta esfera de la empresa. Poco a poco va proponiendo ideas revolucionarias que admiran a sus superiores y que le abren un camino hasta la \u00e9lite. Mae junto con los fundadores de El C\u00edrculo avanzan paso a paso hacia un mundo nuevo, un mundo en el que la privacidad y la injusticia no tienen cabida. Hasta que un evento fat\u00eddico le abre los ojos a la protagonista. A partir de la historia recibe un giro inesperado.<\/p>\n<p>&nbsp;<\/p>\n<p>La secuencia seleccionada es la que corresponde al desafortunado evento que provoca un cambio de pensamiento en Mae. Todos los trabajadores y trabajadoras de la empresa han sido reunidos para presentarles un nuevo hallazgo. Se trata de &#8216;Soul Search&#8217;, un buscador que te permite encontrar a cualquier persona en la faz de la Tierra gracias a la colaboraci\u00f3n de todos los ciudadanos y su tecnolog\u00eda. Despu\u00e9s de haber inaugurado con \u00e9xito el prototipo con la b\u00fasqueda de una fugitiva el p\u00fablico le propone a Mae usar &#8216;Soul Search&#8217; para encontrar a su amigo Mercer, con el que lleva tiempo distanciada. En la escena Mae experimenta un claro debate interno muy confuso. En un principio se niega a complacer a sus espectadores, movida por un sentimiento de empat\u00eda y respeto hacia su amigo. Pero, despu\u00e9s de que uno de los fundadores de la empresa entre en la palestra para recordarle el motivo de la existencia de El C\u00edrculo, cambia de idea. Y su <strong>mecanismo de autoconstre\u00f1imiento<\/strong> le permite dejar de lado los sentimientos privados hacia su amigo para poder ensalzar el bien com\u00fan. Para poner de manifiesto con su propio ejemplo que lo que se est\u00e1 llevando a cabo en El C\u00edrculo es m\u00e1s grande que cada persona, m\u00e1s grande que todas ellas.<\/p>\n<p>&nbsp;<\/p>\n<p>&nbsp;<\/p>\n<p>&nbsp;<\/p>\n","protected":false},"excerpt":{"rendered":"<p>&nbsp; La pel\u00edcula &#8220;El C\u00edrculo&#8221; narra la historia de una chica, Mae, que es contratada en una empresa de inform\u00e1tica y tecnolog\u00eda que est\u00e1 llevando a cabo grandes cambios tecnol\u00f3gicos y sociales. Mae empieza siendo una trabajadora de atenci\u00f3n al cliente, contestando llamadas y recogiendo datos sobre la valoraci\u00f3n de los clientes. Pero con el [&hellip;]<\/p>\n","protected":false},"author":4419,"featured_media":0,"parent":0,"menu_order":0,"comment_status":"closed","ping_status":"closed","template":"","meta":{"footnotes":""},"class_list":["post-86","page","type-page","status-publish","hentry"],"_links":{"self":[{"href":"https:\/\/blogs.ua.es\/patricia3\/wp-json\/wp\/v2\/pages\/86","targetHints":{"allow":["GET"]}}],"collection":[{"href":"https:\/\/blogs.ua.es\/patricia3\/wp-json\/wp\/v2\/pages"}],"about":[{"href":"https:\/\/blogs.ua.es\/patricia3\/wp-json\/wp\/v2\/types\/page"}],"author":[{"embeddable":true,"href":"https:\/\/blogs.ua.es\/patricia3\/wp-json\/wp\/v2\/users\/4419"}],"replies":[{"embeddable":true,"href":"https:\/\/blogs.ua.es\/patricia3\/wp-json\/wp\/v2\/comments?post=86"}],"version-history":[{"count":7,"href":"https:\/\/blogs.ua.es\/patricia3\/wp-json\/wp\/v2\/pages\/86\/revisions"}],"predecessor-version":[{"id":216,"href":"https:\/\/blogs.ua.es\/patricia3\/wp-json\/wp\/v2\/pages\/86\/revisions\/216"}],"wp:attachment":[{"href":"https:\/\/blogs.ua.es\/patricia3\/wp-json\/wp\/v2\/media?parent=86"}],"curies":[{"name":"wp","href":"https:\/\/api.w.org\/{rel}","templated":true}]}}