{"id":171,"date":"2013-07-13T21:44:25","date_gmt":"2013-07-13T17:44:25","guid":{"rendered":"https:\/\/blogs.ua.es\/percepcionderiesgo\/?page_id=171"},"modified":"2013-12-04T13:57:49","modified_gmt":"2013-12-04T09:57:49","slug":"presentacion","status":"publish","type":"page","link":"https:\/\/blogs.ua.es\/percepcionderiesgo\/?page_id=171","title":{"rendered":"Introduction"},"content":{"rendered":"<div>\n<div>\n<p><strong>[<\/strong><span style=\"text-decoration: underline\"><strong>English<\/strong><\/span><strong><\/strong><strong>]<\/strong><\/p>\n<p style=\"text-align: justify\">Welcome! This blogUA is a virtual space to promote information about the social perception of natural risks and changes in the landscape due to natural hazards, an important environmental subject for society. I hope it is a space for reflection about of natural risk and the life in territory of risk.<\/p>\n<p style=\"text-align: justify\">Risk perception is a subjective judgment made by society about the importance or severity of a risk, it also reflect a state of worry. Social perception is always selective and depends of many mechanisms and factors.<\/p>\n<p style=\"text-align: justify\">The landscape has is important by group of values from the society, both from the ecologically point of view and also as a welfare. Its dual character as territorial expression of structure of the environmental dynamics, cultural and visual. It is a tool for analyzing and assessing necessary for environmental research. As the landscape as a territorial expression of environmental and cultural relations of human beings. The process of perception corresponds to a task of understanding the information of what is happening in the landscape. The landscape can be understood as a mosaic of dynamic factors and organized by a set of environmental messages.<\/p>\n<p style=\"text-align: justify\">The articles had been publish in different languages, according to the scope of work. I hope you find here what you are looking for, greetings to all readers.<\/p>\n<p><strong>[<span style=\"text-decoration: underline\">Spanish<\/span>]<\/strong><\/p>\n<p style=\"text-align: justify\">\u00a1Bienvenido! Este\u00a0blogUA es un espacio virtual para promover informaciones acerca de la percepci\u00f3n social de riesgos naturales y cambios en el paisaje debido a los riesgos naturales. Una cuesti\u00f3n ambiental de gran importancia para nuestra sociedad. Espero que sea un espacio de relfexi\u00f3n sobre los riesgos naturales y la vida en un territorio de riesgo.<\/p>\n<p style=\"text-align: justify\">La percepci\u00f3n del riesgo es un juicio subjetivo que hace la sociedad sobre la relevancia o severidad de un riesgo, tambi\u00e9n reflejan un estado de preocupaci\u00f3n. La percepci\u00f3n social es siempre selectiva y depende de una serie de mecanismos y factores.<\/p>\n<p style=\"text-align: justify\">El paisaje ocupa un lugar importante dentro del grupo de valores de la sociedad, tanto desde el punto de vista ecol\u00f3gico como del bienestar de la sociedad. Su doble car\u00e1cter como expresi\u00f3n territorial de la estructura y din\u00e1mica ambiental, culturales y como una entidad visual perceptible. Es un instrumento de an\u00e1lisis y valoraci\u00f3n necesaria en la investigaci\u00f3n medioambiental. Siendo el paisaje como una expresi\u00f3n territorial de las relaciones medioambientales y culturales del ser humano. El proceso de percepci\u00f3n corresponde a una tarea de comprensi\u00f3n de la informaci\u00f3n de lo que acontece en el paisaje. El paisaje puede ser entendido como un mosaico de factores din\u00e1micos y organizadas por un conjunto de mensajes del medio ambiente.<\/p>\n<p style=\"text-align: justify\">Los art\u00edculos fueram publicados en idiomas distintos, de acuerdo con el \u00e1mbito de trabajo. Espero que aqu\u00ed encontr\u00e9is lo que est\u00e1is buscando, un saludo a todos los lectores.<\/p>\n<\/div>\n<\/div>\n","protected":false},"excerpt":{"rendered":"<p>[English] Welcome! This blogUA is a virtual space to promote information about the social perception of natural risks and changes in the landscape due to natural hazards, an important environmental subject for society. I hope it is a space for &hellip; <a href=\"https:\/\/blogs.ua.es\/percepcionderiesgo\/?page_id=171\">Continue reading <span class=\"meta-nav\">&rarr;<\/span><\/a><\/p>\n","protected":false},"author":2699,"featured_media":0,"parent":0,"menu_order":0,"comment_status":"closed","ping_status":"closed","template":"","meta":{"footnotes":""},"class_list":["post-171","page","type-page","status-publish","hentry"],"_links":{"self":[{"href":"https:\/\/blogs.ua.es\/percepcionderiesgo\/index.php?rest_route=\/wp\/v2\/pages\/171","targetHints":{"allow":["GET"]}}],"collection":[{"href":"https:\/\/blogs.ua.es\/percepcionderiesgo\/index.php?rest_route=\/wp\/v2\/pages"}],"about":[{"href":"https:\/\/blogs.ua.es\/percepcionderiesgo\/index.php?rest_route=\/wp\/v2\/types\/page"}],"author":[{"embeddable":true,"href":"https:\/\/blogs.ua.es\/percepcionderiesgo\/index.php?rest_route=\/wp\/v2\/users\/2699"}],"replies":[{"embeddable":true,"href":"https:\/\/blogs.ua.es\/percepcionderiesgo\/index.php?rest_route=%2Fwp%2Fv2%2Fcomments&post=171"}],"version-history":[{"count":7,"href":"https:\/\/blogs.ua.es\/percepcionderiesgo\/index.php?rest_route=\/wp\/v2\/pages\/171\/revisions"}],"predecessor-version":[{"id":416,"href":"https:\/\/blogs.ua.es\/percepcionderiesgo\/index.php?rest_route=\/wp\/v2\/pages\/171\/revisions\/416"}],"wp:attachment":[{"href":"https:\/\/blogs.ua.es\/percepcionderiesgo\/index.php?rest_route=%2Fwp%2Fv2%2Fmedia&parent=171"}],"curies":[{"name":"wp","href":"https:\/\/api.w.org\/{rel}","templated":true}]}}