{"id":18,"date":"2010-11-16T13:41:02","date_gmt":"2010-11-16T13:41:02","guid":{"rendered":"https:\/\/blogs.ua.es\/personajesdelaespanamoderna\/"},"modified":"2010-11-16T14:03:07","modified_gmt":"2010-11-16T14:03:07","slug":"presentacion","status":"publish","type":"page","link":"https:\/\/blogs.ua.es\/personajesdelaespanamoderna\/presentacion\/","title":{"rendered":"Presentaci\u00f3n"},"content":{"rendered":"<p>Bienvenidos al blog &#8220;Personajes de la Espa\u00f1a Moderna&#8221;.<\/p>\n<p>Las creadoras somos Paula y Bea, alumnas de la asignatura Historia Moderna de Espa\u00f1a I de la Licenciatura de Historia de la UA. Nuestro objetivo aqu\u00ed es destacar a personajes de la historia de Espa\u00f1a dentro de la \u00e9poca moderna, que a nuestro entender merecen cierto reconocimiento o cr\u00edtica por sus actos y sus vidas.<\/p>\n<p>Con esto no queremos influir en la opini\u00f3n que nadie pueda tener de estas figuras, s\u00f3lo es una opini\u00f3n y un punto de vista. Por lo que agradecemos de antemano cualquier opini\u00f3n ya sea opuesta o no.<\/p>\n<p>As\u00ed pues damos las gracias a todo bloguero que se acerque a nuestro rinc\u00f3n a &#8220;cotillear&#8221; sobre aquellos personajes que han formado parte de nuestra historia.<\/p>\n<p>Gracias y esperamos sus visitas.<\/p>\n<p>Paula y Bea<a href=\"https:\/\/blogs.ua.es\/personajesdelaespanamoderna\/files\/2010\/11\/angel-y-demonio.gif\"><img loading=\"lazy\" decoding=\"async\" class=\"aligncenter size-medium wp-image-21\" src=\"https:\/\/blogs.ua.es\/personajesdelaespanamoderna\/files\/2010\/11\/angel-y-demonio-300x239.gif\" alt=\"El bien y el mal\" width=\"300\" height=\"239\" srcset=\"https:\/\/blogs.ua.es\/personajesdelaespanamoderna\/files\/2010\/11\/angel-y-demonio-300x239.gif 300w, https:\/\/blogs.ua.es\/personajesdelaespanamoderna\/files\/2010\/11\/angel-y-demonio.gif 417w\" sizes=\"auto, (max-width: 300px) 100vw, 300px\" \/><\/a><\/p>\n","protected":false},"excerpt":{"rendered":"<p>Bienvenidos al blog &#8220;Personajes de la Espa\u00f1a Moderna&#8221;. Las creadoras somos Paula y Bea, alumnas de la asignatura Historia Moderna de Espa\u00f1a I de la Licenciatura de Historia de la UA. Nuestro objetivo aqu\u00ed es destacar a personajes de la historia de Espa\u00f1a dentro de la \u00e9poca moderna, que a nuestro entender merecen cierto reconocimiento [&hellip;]<\/p>\n","protected":false},"author":1879,"featured_media":0,"parent":0,"menu_order":0,"comment_status":"open","ping_status":"open","template":"","meta":{"footnotes":""},"class_list":["post-18","page","type-page","status-publish","hentry"],"_links":{"self":[{"href":"https:\/\/blogs.ua.es\/personajesdelaespanamoderna\/wp-json\/wp\/v2\/pages\/18","targetHints":{"allow":["GET"]}}],"collection":[{"href":"https:\/\/blogs.ua.es\/personajesdelaespanamoderna\/wp-json\/wp\/v2\/pages"}],"about":[{"href":"https:\/\/blogs.ua.es\/personajesdelaespanamoderna\/wp-json\/wp\/v2\/types\/page"}],"author":[{"embeddable":true,"href":"https:\/\/blogs.ua.es\/personajesdelaespanamoderna\/wp-json\/wp\/v2\/users\/1879"}],"replies":[{"embeddable":true,"href":"https:\/\/blogs.ua.es\/personajesdelaespanamoderna\/wp-json\/wp\/v2\/comments?post=18"}],"version-history":[{"count":2,"href":"https:\/\/blogs.ua.es\/personajesdelaespanamoderna\/wp-json\/wp\/v2\/pages\/18\/revisions"}],"predecessor-version":[{"id":22,"href":"https:\/\/blogs.ua.es\/personajesdelaespanamoderna\/wp-json\/wp\/v2\/pages\/18\/revisions\/22"}],"wp:attachment":[{"href":"https:\/\/blogs.ua.es\/personajesdelaespanamoderna\/wp-json\/wp\/v2\/media?parent=18"}],"curies":[{"name":"wp","href":"https:\/\/api.w.org\/{rel}","templated":true}]}}