{"id":5,"date":"2013-11-15T11:49:20","date_gmt":"2013-11-15T11:49:20","guid":{"rendered":"https:\/\/blogs.ua.es\/petrel3\/?page_id=5"},"modified":"2013-11-15T11:49:20","modified_gmt":"2013-11-15T11:49:20","slug":"presentacion","status":"publish","type":"page","link":"https:\/\/blogs.ua.es\/petrel3\/presentacion\/","title":{"rendered":"Presentaci\u00f3n"},"content":{"rendered":"<p>Hola. Somos los alumnos: <strong>Seila Garc\u00eda Martell, Jos\u00e9 Daniel Busquier L\u00f3pez <\/strong>y<strong> Carles Mill\u00e1<\/strong> <strong>Castell\u00f3<\/strong> de 1er grado de Historia en la <a href=\"http:\/\/www.ua.es\">Universidad de Alicante<\/a> para la asignatura<em> Fuentes y Documentos para la Historia<\/em>. En este blog vamos a mostrar las escrituras expuestas de las categor\u00edas: 1 Carteles y pancartas (Sociales y Pol\u00edticas); 2 Inscripciones y placas en recintos religiosos; 3 Inscripciones y placas en cementerios; 9 Letreros de mercadillos en la localidad de Petrel.<\/p>\n","protected":false},"excerpt":{"rendered":"<p>Hola. Somos los alumnos: Seila Garc\u00eda Martell, Jos\u00e9 Daniel Busquier L\u00f3pez y Carles Mill\u00e1 Castell\u00f3 de 1er grado de Historia en la Universidad de Alicante para la asignatura Fuentes y Documentos para la Historia. En este blog vamos a mostrar las escrituras expuestas de las categor\u00edas: 1 Carteles y pancartas (Sociales y Pol\u00edticas); 2 Inscripciones [&hellip;]<\/p>\n","protected":false},"author":3316,"featured_media":0,"parent":0,"menu_order":0,"comment_status":"open","ping_status":"open","template":"","meta":{"footnotes":""},"class_list":["post-5","page","type-page","status-publish","hentry"],"_links":{"self":[{"href":"https:\/\/blogs.ua.es\/petrel3\/wp-json\/wp\/v2\/pages\/5","targetHints":{"allow":["GET"]}}],"collection":[{"href":"https:\/\/blogs.ua.es\/petrel3\/wp-json\/wp\/v2\/pages"}],"about":[{"href":"https:\/\/blogs.ua.es\/petrel3\/wp-json\/wp\/v2\/types\/page"}],"author":[{"embeddable":true,"href":"https:\/\/blogs.ua.es\/petrel3\/wp-json\/wp\/v2\/users\/3316"}],"replies":[{"embeddable":true,"href":"https:\/\/blogs.ua.es\/petrel3\/wp-json\/wp\/v2\/comments?post=5"}],"version-history":[{"count":1,"href":"https:\/\/blogs.ua.es\/petrel3\/wp-json\/wp\/v2\/pages\/5\/revisions"}],"predecessor-version":[{"id":6,"href":"https:\/\/blogs.ua.es\/petrel3\/wp-json\/wp\/v2\/pages\/5\/revisions\/6"}],"wp:attachment":[{"href":"https:\/\/blogs.ua.es\/petrel3\/wp-json\/wp\/v2\/media?parent=5"}],"curies":[{"name":"wp","href":"https:\/\/api.w.org\/{rel}","templated":true}]}}