{"id":9,"date":"2013-11-15T17:45:24","date_gmt":"2013-11-15T17:45:24","guid":{"rendered":"https:\/\/blogs.ua.es\/petrer2\/?page_id=9"},"modified":"2014-01-14T11:17:04","modified_gmt":"2014-01-14T11:17:04","slug":"valoracion","status":"publish","type":"page","link":"https:\/\/blogs.ua.es\/petrer2\/valoracion\/","title":{"rendered":"Valoraci\u00f3n"},"content":{"rendered":"<p>Por nuestra parte, este trabajo nos ha ayudado para descubrir un lado de Petrer que no conoc\u00edamos. Un lado bastante interesante y por una parte divertido, debido a la an\u00e9cdota que nos ocurri\u00f3 el dia de realizar las fotos.<\/p>\n<p>Mientras realiz\u00e1bamos las fotos por el casco antiguo de Petrer, nos pregunt\u00e1bamos si en el Ayuntamiento de Petrer nos otorgar\u00edan informaci\u00f3n sobre las placas oficiales, puesto que nuestro n\u00famero de \u00a0fotos ni se acercaba al de los graffitis. Fuimos a ver que nos decian y primero nos enviaron a la secci\u00f3n de Alcald\u00eda, y de ahi a Secretar\u00eda. Sin exito, nos enviaron a la parte de turismo de Petrer situado a 2 calles del ayuntamiento. En turismo, nos dijeron dos placas oficiales de las que ya hab\u00edamos hecho fotos, por lo tanto, no nos a\u00f1adieron informaci\u00f3n de la que ped\u00edamos. Menudo ayuntamiento.<\/p>\n<p>Cabe destacar, que este blog, y por lo que me han comentado algunos compa\u00f1eros en el suyo, hemos sufrido un ataque de SPAM y WordPress ha actuado correctamente, eliminandolo. En mi caso, en la entrada de FACHAS, ha sido donde ha actuado.<\/p>\n<p>Lo que m\u00e1s me ha gustado del blog, ha sido la r\u00e1pida realizaci\u00f3n del trabajo, y la suerte que hemos tenido en la elecci\u00f3n de temas.<\/p>\n<p>En definitiva, este trabajo ha sido especial, y no ha sido tan mal como esperaba. Incluso divertido. Disfruten como nosotros hemos disfrutado con el trabajo.<\/p>\n","protected":false},"excerpt":{"rendered":"<p>Por nuestra parte, este trabajo nos ha ayudado para descubrir un lado de Petrer que no conoc\u00edamos. Un lado bastante interesante y por una parte divertido, debido a la an\u00e9cdota que nos ocurri\u00f3 el dia de realizar las fotos. Mientras realiz\u00e1bamos las fotos por el casco antiguo de Petrer, nos pregunt\u00e1bamos si en el Ayuntamiento [&hellip;]<\/p>\n","protected":false},"author":3376,"featured_media":0,"parent":0,"menu_order":2,"comment_status":"open","ping_status":"open","template":"","meta":{"footnotes":""},"class_list":["post-9","page","type-page","status-publish","hentry"],"_links":{"self":[{"href":"https:\/\/blogs.ua.es\/petrer2\/wp-json\/wp\/v2\/pages\/9","targetHints":{"allow":["GET"]}}],"collection":[{"href":"https:\/\/blogs.ua.es\/petrer2\/wp-json\/wp\/v2\/pages"}],"about":[{"href":"https:\/\/blogs.ua.es\/petrer2\/wp-json\/wp\/v2\/types\/page"}],"author":[{"embeddable":true,"href":"https:\/\/blogs.ua.es\/petrer2\/wp-json\/wp\/v2\/users\/3376"}],"replies":[{"embeddable":true,"href":"https:\/\/blogs.ua.es\/petrer2\/wp-json\/wp\/v2\/comments?post=9"}],"version-history":[{"count":5,"href":"https:\/\/blogs.ua.es\/petrer2\/wp-json\/wp\/v2\/pages\/9\/revisions"}],"predecessor-version":[{"id":165,"href":"https:\/\/blogs.ua.es\/petrer2\/wp-json\/wp\/v2\/pages\/9\/revisions\/165"}],"wp:attachment":[{"href":"https:\/\/blogs.ua.es\/petrer2\/wp-json\/wp\/v2\/media?parent=9"}],"curies":[{"name":"wp","href":"https:\/\/api.w.org\/{rel}","templated":true}]}}