{"id":13,"date":"2013-11-15T15:19:17","date_gmt":"2013-11-15T15:19:17","guid":{"rendered":"https:\/\/blogs.ua.es\/pinoso2\/?page_id=13"},"modified":"2014-01-13T18:49:57","modified_gmt":"2014-01-13T18:49:57","slug":"explicacion","status":"publish","type":"page","link":"https:\/\/blogs.ua.es\/pinoso2\/explicacion\/","title":{"rendered":"Explicaci\u00f3n"},"content":{"rendered":"<p>Nosotros somos un grupo de tres alumnos de primer curso del Grado de Humanidades: <strong>Pedro Javier Vigueras Castell\u00f3, \u00c1ngela Rubira Mic\u00f3 <\/strong>y<strong> Lidia D\u00edaz Rico<\/strong> .\u00a0Presentamos este blog de escrituras expuestas de Pinoso para la asignatura de<em>\u00a0Fuentes y Documentos para la Historia<\/em>\u00a0de la\u00a0<a href=\"http:\/\/www.ua.es\/\">Universidad de Alicante<\/a>.<\/p>\n","protected":false},"excerpt":{"rendered":"<p>Nosotros somos un grupo de tres alumnos de primer curso del Grado de Humanidades: Pedro Javier Vigueras Castell\u00f3, \u00c1ngela Rubira Mic\u00f3 y Lidia D\u00edaz Rico .\u00a0Presentamos este blog de escrituras expuestas de Pinoso para la asignatura de\u00a0Fuentes y Documentos para la Historia\u00a0de la\u00a0Universidad de Alicante.<\/p>\n","protected":false},"author":3330,"featured_media":0,"parent":0,"menu_order":2,"comment_status":"open","ping_status":"closed","template":"","meta":{"footnotes":""},"class_list":["post-13","page","type-page","status-publish","hentry"],"_links":{"self":[{"href":"https:\/\/blogs.ua.es\/pinoso2\/wp-json\/wp\/v2\/pages\/13","targetHints":{"allow":["GET"]}}],"collection":[{"href":"https:\/\/blogs.ua.es\/pinoso2\/wp-json\/wp\/v2\/pages"}],"about":[{"href":"https:\/\/blogs.ua.es\/pinoso2\/wp-json\/wp\/v2\/types\/page"}],"author":[{"embeddable":true,"href":"https:\/\/blogs.ua.es\/pinoso2\/wp-json\/wp\/v2\/users\/3330"}],"replies":[{"embeddable":true,"href":"https:\/\/blogs.ua.es\/pinoso2\/wp-json\/wp\/v2\/comments?post=13"}],"version-history":[{"count":2,"href":"https:\/\/blogs.ua.es\/pinoso2\/wp-json\/wp\/v2\/pages\/13\/revisions"}],"predecessor-version":[{"id":240,"href":"https:\/\/blogs.ua.es\/pinoso2\/wp-json\/wp\/v2\/pages\/13\/revisions\/240"}],"wp:attachment":[{"href":"https:\/\/blogs.ua.es\/pinoso2\/wp-json\/wp\/v2\/media?parent=13"}],"curies":[{"name":"wp","href":"https:\/\/api.w.org\/{rel}","templated":true}]}}