{"id":247,"date":"2017-11-30T16:54:58","date_gmt":"2017-11-30T16:54:58","guid":{"rendered":"https:\/\/blogs.ua.es\/prensa23f\/?page_id=247"},"modified":"2017-12-05T07:54:53","modified_gmt":"2017-12-05T07:54:53","slug":"conclusion","status":"publish","type":"page","link":"https:\/\/blogs.ua.es\/prensa23f\/conclusion\/","title":{"rendered":"Conclusiones"},"content":{"rendered":"<p style=\"text-align: justify\">El asalto al Congreso acapar\u00f3 las portadas de los principales peri\u00f3dicos del pa\u00eds. Sin embargo cada redacci\u00f3n dio prioridad a unos aspectos sobre otros. Hemos analizado de manera individual las morfolog\u00edas de las portadas y hemos realizado una valorizaci\u00f3n conjunta. Con la exposici\u00f3n del estudio llevado a cabo ha quedado patente que tras la forma de organizar la informaci\u00f3n en las portadas hay una intencionalidad. Un ejemplo claro lo encontramos en el t\u00edtulo, tanto en el tama\u00f1o como en el contenido. En el caso de el Diario 16 el t\u00edtulo ocupa el 23% de la superficie total de la portada y por contener la palabra &#8220;fracaso&#8221; y presentarla con una tipograf\u00eda de gran tama\u00f1o, sin embargo en el diario ABC el espacio dedicado al t\u00edtulo tan solo corresponde 7,5% y el titular pretende ser neutral: &#8220;asalto armado al congreso&#8221;. El t\u00edtulo de La Vanguardia (15%) guarda cierta similitud con el del ABC: &#8220;El Congreso, ocupado y sitiado&#8221;, no obstante el de El Pa\u00eds (15%) est\u00e1 claramente politizado y muestra su rechazo al golpe de estado: &#8220;El Pa\u00eds, con la Constituci\u00f3n&#8221;. La portada de El Pa\u00eds y de La Vanguardia dedican un mayor superficie de la portada al texto: La Vanguardia el 37% y El Pa\u00eds el 25%; frente al 10% de el Diario 16 y a la ausencia de texto en la portada del ABC. Las portadas de El Pa\u00eds y La Vanguardia tienen por tanto un mayor contenido informativo, mientras que las otras dos b\u00fascan llamar la atenci\u00f3n del lector con im\u00e1genes (en el caso del ABC) y con grandes e impactantes t\u00edtulos (en el caso de el Diario 16).<\/p>\n<p style=\"text-align: justify\">Otro elemento fundamental es la imagen. Todas las portadas recogen al menos una fotograf\u00eda, en el caso de el ABC son dos, ambas de dentro del Congreso, escogidas con la intenci\u00f3n de llamar la atenci\u00f3n al p\u00fablico mediante la imagen en perjuicio del t\u00edtulo. Una de estas fotograf\u00edas aparece tambi\u00e9n en las portadas del Diario 16 y de La Vanguardia. Se trata de la imagen del general Tejero en el centro del hemiciclo del Congreso. La edici\u00f3n escogida de El Pa\u00eds muestra una fotograf\u00eda de la entrada del edificio del Congreso de los Diputados. Esta portada apareci\u00f3 la misma tarde del 23 de febrero, a las 21:00 horas, cuando todav\u00eda no se dispon\u00eda de im\u00e1genes del interior del edificio. En las portadas de las siguientes ediciones ya aparece tambi\u00e9n la imagen del General Tejero durante el secuestro del Congreso.<\/p>\n<p style=\"text-align: justify\">La fotograf\u00eda hay que entenderla como una herramienta para moldear a las masas e influir en sus ideas y comportamientos. El historiador, por tanto, ha de plantear ante las im\u00e1genes las preguntas pertinentes: \u00bfpor qu\u00e9 se ha escogido ese encuadre y no otro? \u00bfa qu\u00e9 se debe la selecci\u00f3n? Vemos que la tarea del historiador ante una portada de prensa escrita es m\u00faltiple y que no se trata \u00fanicamente de realizar un an\u00e1lisis formal: la informaci\u00f3n obtenida hay que ponerla en relaci\u00f3n bien con otras portadas de otros peri\u00f3dicos para la misma fecha, bien con diferentes portadas del mismo peri\u00f3dico en diferentes fechas pero sobre un mismo acontecimiento. Tal y como hemos podido comprobar las opciones que ofrece el an\u00e1lisis de la prensa escrita son muchas y variadas. Este blog tiene un car\u00e1cter \u00fanicamente aproximativo pero pese a lo reducido de su alcance muestra claramente la gran potencialidad de los an\u00e1lisis de la prensa escrita y su importancia para el estudio de la construcci\u00f3n de los acontecimientos.<\/p>\n","protected":false},"excerpt":{"rendered":"<p>El asalto al Congreso acapar\u00f3 las portadas de los principales peri\u00f3dicos del pa\u00eds. Sin embargo cada redacci\u00f3n dio prioridad a unos aspectos sobre otros. Hemos analizado de manera individual las morfolog\u00edas de las portadas y hemos realizado una valorizaci\u00f3n conjunta. Con la exposici\u00f3n del estudio llevado a cabo ha quedado patente que tras la forma [&hellip;]<\/p>\n","protected":false},"author":3614,"featured_media":0,"parent":0,"menu_order":3,"comment_status":"closed","ping_status":"closed","template":"","meta":{"footnotes":""},"class_list":["post-247","page","type-page","status-publish","hentry"],"_links":{"self":[{"href":"https:\/\/blogs.ua.es\/prensa23f\/wp-json\/wp\/v2\/pages\/247","targetHints":{"allow":["GET"]}}],"collection":[{"href":"https:\/\/blogs.ua.es\/prensa23f\/wp-json\/wp\/v2\/pages"}],"about":[{"href":"https:\/\/blogs.ua.es\/prensa23f\/wp-json\/wp\/v2\/types\/page"}],"author":[{"embeddable":true,"href":"https:\/\/blogs.ua.es\/prensa23f\/wp-json\/wp\/v2\/users\/3614"}],"replies":[{"embeddable":true,"href":"https:\/\/blogs.ua.es\/prensa23f\/wp-json\/wp\/v2\/comments?post=247"}],"version-history":[{"count":6,"href":"https:\/\/blogs.ua.es\/prensa23f\/wp-json\/wp\/v2\/pages\/247\/revisions"}],"predecessor-version":[{"id":498,"href":"https:\/\/blogs.ua.es\/prensa23f\/wp-json\/wp\/v2\/pages\/247\/revisions\/498"}],"wp:attachment":[{"href":"https:\/\/blogs.ua.es\/prensa23f\/wp-json\/wp\/v2\/media?parent=247"}],"curies":[{"name":"wp","href":"https:\/\/api.w.org\/{rel}","templated":true}]}}