{"id":249,"date":"2017-11-30T16:55:08","date_gmt":"2017-11-30T16:55:08","guid":{"rendered":"https:\/\/blogs.ua.es\/prensa23f\/?page_id=249"},"modified":"2017-12-05T08:24:16","modified_gmt":"2017-12-05T08:24:16","slug":"bibliografia","status":"publish","type":"page","link":"https:\/\/blogs.ua.es\/prensa23f\/bibliografia\/","title":{"rendered":"Bibliograf\u00eda"},"content":{"rendered":"<p style=\"text-align: justify\">Kayser, J. (1966):\u00a0<em>El peri\u00f3dico: estudios de morfolog\u00eda de metodolog\u00eda y de prensa comparada.<\/em>\u00a03\u00aa edici\u00f3n. Centro Internacional de Estudios Superiores de Comunicaci\u00f3n para Am\u00e9rica Latina, Quito (Ecuador).<\/p>\n<p style=\"text-align: justify\">Mu\u00f1oz Bola\u00f1oz, R. &#8220;Un an\u00e1lisis incompleto de un acontecimiento excepcional: la literatura sobre el golpe de Estado del 23-F (1981-2014)&#8221;, <em>Historiograf\u00edas<\/em>, n\u00ba 9, enero-junio 2015, pp. 81-109.<\/p>\n<p style=\"text-align: justify\">Pinilla Garc\u00eda, A. &#8220;La memoria del 23 F en la prensa. Creaci\u00f3n y realidad.&#8221; En Navajas Zubeldia, C. (ed.): <em>Actas de IV Simposio de Historia Actual, Logro\u00f1o, 17-19 de octubre de 2002<\/em>, Logro\u00f1o, Gobierno de la Rioja. Instituto de Estudio Riojanos, 2004, pp. 847-863.<\/p>\n<p>&nbsp;<\/p>\n","protected":false},"excerpt":{"rendered":"<p>Kayser, J. (1966):\u00a0El peri\u00f3dico: estudios de morfolog\u00eda de metodolog\u00eda y de prensa comparada.\u00a03\u00aa edici\u00f3n. Centro Internacional de Estudios Superiores de Comunicaci\u00f3n para Am\u00e9rica Latina, Quito (Ecuador). Mu\u00f1oz Bola\u00f1oz, R. &#8220;Un an\u00e1lisis incompleto de un acontecimiento excepcional: la literatura sobre el golpe de Estado del 23-F (1981-2014)&#8221;, Historiograf\u00edas, n\u00ba 9, enero-junio 2015, pp. 81-109. Pinilla Garc\u00eda, [&hellip;]<\/p>\n","protected":false},"author":3614,"featured_media":0,"parent":0,"menu_order":5,"comment_status":"closed","ping_status":"closed","template":"","meta":{"footnotes":""},"class_list":["post-249","page","type-page","status-publish","hentry"],"_links":{"self":[{"href":"https:\/\/blogs.ua.es\/prensa23f\/wp-json\/wp\/v2\/pages\/249","targetHints":{"allow":["GET"]}}],"collection":[{"href":"https:\/\/blogs.ua.es\/prensa23f\/wp-json\/wp\/v2\/pages"}],"about":[{"href":"https:\/\/blogs.ua.es\/prensa23f\/wp-json\/wp\/v2\/types\/page"}],"author":[{"embeddable":true,"href":"https:\/\/blogs.ua.es\/prensa23f\/wp-json\/wp\/v2\/users\/3614"}],"replies":[{"embeddable":true,"href":"https:\/\/blogs.ua.es\/prensa23f\/wp-json\/wp\/v2\/comments?post=249"}],"version-history":[{"count":7,"href":"https:\/\/blogs.ua.es\/prensa23f\/wp-json\/wp\/v2\/pages\/249\/revisions"}],"predecessor-version":[{"id":499,"href":"https:\/\/blogs.ua.es\/prensa23f\/wp-json\/wp\/v2\/pages\/249\/revisions\/499"}],"wp:attachment":[{"href":"https:\/\/blogs.ua.es\/prensa23f\/wp-json\/wp\/v2\/media?parent=249"}],"curies":[{"name":"wp","href":"https:\/\/api.w.org\/{rel}","templated":true}]}}