{"id":286,"date":"2017-11-30T17:03:21","date_gmt":"2017-11-30T17:03:21","guid":{"rendered":"https:\/\/blogs.ua.es\/prensa23f\/?page_id=286"},"modified":"2017-12-04T23:29:22","modified_gmt":"2017-12-04T23:29:22","slug":"personalidad","status":"publish","type":"page","link":"https:\/\/blogs.ua.es\/prensa23f\/prensa\/el-pais\/personalidad\/","title":{"rendered":"Personalidad"},"content":{"rendered":"<h3 style=\"text-align: justify\"><span style=\"font-family: Verdana, sans-serif\">1. Nombre del peri\u00f3dico <\/span><\/h3>\n<p style=\"text-align: justify\"><span style=\"font-family: Verdana, sans-serif\">Peri\u00f3dico espa\u00f1ol fundado en 1976 por Jos\u00e9 Ortega Spottorno, Juan Lu\u00eds Cebri\u00e1n y Jes\u00fas de Polanco. Desde sus or\u00edgenes el peri\u00f3dico ha tenido el nombre de El Pa\u00eds. <\/span><\/p>\n<h3 style=\"text-align: justify\"><span style=\"font-family: Verdana, sans-serif\">2. Lugar residencia Administraci\u00f3n y Redacci\u00f3n<\/span><\/h3>\n<p style=\"text-align: justify\"><span style=\"font-family: Verdana, sans-serif\">Tanto la Administraci\u00f3n como la principal redacci\u00f3n del peri\u00f3dico se encuentran en Madrid, m\u00e1s concretamente en la calle Miguel Yuste n\u00ba 40. <\/span><\/p>\n<h3 style=\"text-align: justify\"><span style=\"font-family: Verdana, sans-serif\">3. Indicaciones que se pueden acompa\u00f1ar al nombre<\/span><\/h3>\n<p style=\"text-align: justify\"><span style=\"font-family: Verdana, sans-serif\">En un principio junto al nombre del peri\u00f3dico aparec\u00eda la frase \u201cEl diario independiente de la ma\u00f1ana\u201d, a partir de 2007 se sustituy\u00f3 tal frase por \u201cEl peri\u00f3dico global espa\u00f1ol\u201d hasta nuestros d\u00edas. <\/span><\/p>\n<h3 style=\"text-align: justify\"><span style=\"font-family: Verdana, sans-serif\">4. Periodicidad<\/span><\/h3>\n<p style=\"text-align: justify\"><span style=\"font-family: Verdana, sans-serif\">Est\u00e1 incluido en la categor\u00eda de peri\u00f3dicos cotidianos ya que se trata de un peri\u00f3dico que publica de forma diaria, de lunes a domingo, siendo a la vez un matutino. <\/span><\/p>\n<h3 style=\"text-align: justify\"><span style=\"font-family: Verdana, sans-serif\">5. Momento de la aparici\u00f3n <\/span><\/h3>\n<p style=\"text-align: justify\"><span style=\"font-family: Verdana, sans-serif\">El peri\u00f3dico nace a la luz de un momento convulso para Espa\u00f1a, la cual en estos momentos est\u00e1 experimentando un proceso de transici\u00f3n hacia la democracia tras la muerte del dictador Francisco Franco. Por lo tanto, El Pa\u00eds se presenta como un peri\u00f3dico defensor de la democracia, tolerante y abierto a la globalizaci\u00f3n; sucediendo la buena praxis de El Sol y El Imparcial. <\/span><\/p>\n<h3 style=\"text-align: justify\"><span style=\"font-family: Verdana, sans-serif\">6. Zona principal de difusi\u00f3n <\/span><\/h3>\n<p style=\"text-align: justify\"><span style=\"font-family: Verdana, sans-serif\">Se trata de un peri\u00f3dico de car\u00e1cter nacional que contempla todo el territorio de Espa\u00f1a, adem\u00e1s de tener difusi\u00f3n en pa\u00edses extranjeros, como Uruguay, M\u00e9xico o Argentina. <\/span><\/p>\n<h3 style=\"text-align: justify\"><span style=\"font-family: Verdana, sans-serif\">7. Tiraje <\/span><\/h3>\n<p style=\"text-align: justify\"><span style=\"font-family: Verdana, sans-serif\">Seg\u00fan datos de la Oficina de Justificaci\u00f3n de la Difusi\u00f3n y una noticia que se encuentra en la p\u00e1gina web de El Pa\u00eds, \u00e9ste logr\u00f3 alcanzar en 2011 los 401.840 ejemplares, siendo un 6% m\u00e1s con respecto al a\u00f1o anterior. Seg\u00fan datos m\u00e1s actuales, de 2016, se ha producido un desplome general en varios peri\u00f3dicos espa\u00f1oles, del que El Pa\u00eds no escapa. La difusi\u00f3n cay\u00f3 casi un 7 % respecto a 2015, llegando a 215.000 ejemplares, siendo la cifra de ventas de 138.000, un 8,2 % menos que en 2015.<\/span><\/p>\n<h3 style=\"text-align: justify\"><span style=\"font-family: Verdana, sans-serif\">8. Fecha del primero y el \u00faltimo n\u00famero <\/span><\/h3>\n<p style=\"text-align: justify\"><span style=\"font-family: Verdana, sans-serif\">El primer ejemplar se public\u00f3 el 4 de mayo de 1976 y sigue public\u00e1ndose actualmente. <\/span><\/p>\n<h3 style=\"text-align: justify\"><span style=\"font-family: Verdana, sans-serif\">9. Precio <\/span><\/h3>\n<p style=\"text-align: justify\"><span style=\"font-family: Verdana, sans-serif\">En origen el precio del peri\u00f3dico era de 10 pesetas, subiendo posteriormente a 15 y m\u00e1s tarde a 35 pesetas, llegando en la d\u00e9cada de los noventa a 125 pesetas en la edici\u00f3n diaria y 250 pesetas en la de los domingos. En la actualidad, el precio del peri\u00f3dico diario es de 1\u201950 euros, alcanzando los 2 euros (desde septiembre de 2015) para la edici\u00f3n de s\u00e1bado y 2\u201980 (desde abril de 2016) para la edici\u00f3n de domingo. <\/span><\/p>\n<h3 style=\"text-align: justify\"><span style=\"font-family: Verdana, sans-serif\">10. Formato <\/span><\/h3>\n<p style=\"text-align: justify\"><span style=\"font-family: Verdana, sans-serif\">Sigue uno de los formatos m\u00e1s comunes de los diarios, el formato Berlin\u00e9s o Midi, con unas dimensiones de 31\u20195&#215;47 cm. <\/span><\/p>\n<h3 style=\"text-align: justify\"><span style=\"font-family: Verdana, sans-serif\">11. N\u00famero de p\u00e1ginas y numero de columnas por pagina<\/span><\/h3>\n<p style=\"text-align: justify\"><span style=\"font-family: Verdana, sans-serif\">Por lo general, El Pa\u00eds consta de 31 p\u00e1ginas, aunque esta cantidad puede variar en ediciones especiales. Adem\u00e1s, el n\u00famero habitual de columnas es de cinco por p\u00e1gina. <\/span><\/p>\n<h3 style=\"text-align: justify\"><span style=\"font-family: Verdana, sans-serif\">12. Nombre y direcci\u00f3n del impresor <\/span><\/h3>\n<p style=\"text-align: justify\"><span style=\"font-family: Verdana, sans-serif\">El impresor es el Grupo PRISA (Promotora de Informaciones S. A.), que se encuentra en Gran V\u00eda, n\u00ba 32, 28013, Madrid (Espa\u00f1a). <\/span><\/p>\n<h3 style=\"text-align: justify\"><span style=\"font-family: Verdana, sans-serif\">13. Lugar de conservaci\u00f3n de las colecciones <\/span><\/h3>\n<p style=\"text-align: justify\"><span style=\"font-family: Verdana, sans-serif\">Cuenta con una hemeroteca en la que se encuentran todas las publicaciones desde el primer n\u00famero (4 de mayo de 1976) hasta el 7 de febrero de 2012; las siguientes publicaciones se encuentran disponibles de forma online en su p\u00e1gina web. <\/span><\/p>\n<h3 style=\"text-align: justify\"><span style=\"font-family: Verdana, sans-serif\">14. Estructura jur\u00eddica y financiera <\/span><\/h3>\n<p style=\"text-align: justify\"><span style=\"font-family: Verdana, sans-serif\">Las fuerzas que obran sobre el peri\u00f3dico est\u00e1n conglomeradas en el Grupo Prisa, la cual es una sociedad an\u00f3nima, fundada en 1972. Su presidente es Juan Luis Cebri\u00e1n, ejerce dicho cargo desde 1988 y adem\u00e1s es uno de los fundadores del peri\u00f3dico como ya hemos visto en l\u00edneas anteriores. El grupo Prisa tiene bajo su propiedad las siguientes empresas: AS, Cinco D\u00edas, Huffington Post, Cadena Ser, Cadena Dial, los 40 Principales.<\/span><\/p>\n<h3 style=\"text-align: justify\"><span style=\"font-family: Verdana, sans-serif\">15. Condiciones de impresi\u00f3n <\/span><\/h3>\n<p style=\"text-align: justify\"><span style=\"font-family: Verdana, sans-serif\">El Pa\u00eds dispone de sus propias rotativas localizadas en m\u00faltiples puntos de la geograf\u00eda nacional, pero hoy en d\u00eda solo dispone de las de la capital de Espa\u00f1a ya que la de la ciudad Condal fueron cerradas en 2012. Las rotativas de Madrid son gestionadas desde hace 8 a\u00f1os por la empresa Pressprint perteneciente al grupo Prisa.<\/span><\/p>\n<h3 style=\"text-align: justify\"><span style=\"font-family: Verdana, sans-serif\">16. Condiciones de distribuci\u00f3n <\/span><\/h3>\n<p style=\"text-align: justify\"><span style=\"font-family: Verdana, sans-serif\">Dicho peri\u00f3dico llega al p\u00fablico lector a trav\u00e9s de la venta directa en todo tipo de comercios y establecimientos y a trav\u00e9s de la suscripci\u00f3n. Se hace efectiva a trav\u00e9s de la venta al n\u00famero, de las suscripciones y de las revistas.<\/span><\/p>\n<h3 style=\"text-align: justify\"><span style=\"font-family: Verdana, sans-serif\">17. Organizaci\u00f3n de la redacci\u00f3n <\/span><\/h3>\n<p style=\"text-align: justify\"><span style=\"font-family: Verdana, sans-serif\">La redacci\u00f3n se estructura a trav\u00e9s del Estatuto de la Redacci\u00f3n. Coordina las relaciones profesionales entre el Comit\u00e9 de Redacci\u00f3n y la direcci\u00f3n del peri\u00f3dico. En el \u00e1mbito internacional el peri\u00f3dico disfruta de redacciones en Washington D.C, M\u00e9xico D.F, S\u00e3o Paulo y en Bruselas,. Presenta corresponsales en Pek\u00edn, Mosc\u00fa, Berl\u00edn, Par\u00eds, Londres, Roma, Lisboa, entre otros.En los \u00faltimos a\u00f1os el Pa\u00eds se ha convertido en un nuevo espacio moderno, flexible y funcional que ayuda al trabajo semanal. Por lo que respecta a su organizaci\u00f3n, en la primera planta encontramos diferentes espacios con las secciones: El viajero, Negocios, Confecci\u00f3n, Desarrollo Digital, Estilo, Extras, el Pa\u00eds en ingl\u00e9s, Investigaci\u00f3n, Ideas, EPS, Cultura y Babelia. En la \u00faltima planta encontramos las salas de reuniones, confecci\u00f3n fotogr\u00e1fica, edici\u00f3n en papel, apoyo digital, internacional, econom\u00eda, \u00faltima hora RRSS, equipo expr\u00e9s, deportes, plat\u00f3, zona kiosko, verne\/materia, fotograf\u00eda, infograf\u00eda, v\u00eddeo y mesa de control y distribuci\u00f3n.<\/span><\/p>\n<h3 style=\"text-align: justify\"><span style=\"font-family: Verdana, sans-serif\">18. L\u00ednea y acci\u00f3n pol\u00edtica <\/span><\/h3>\n<p style=\"text-align: justify\"><span style=\"font-family: Verdana, sans-serif\">El Pa\u00eds se define como \u201cUn diario global, independiente, de calidad y defensor de la democracia\u201d.. En lo concerniente a su l\u00ednea pol\u00edtica es un peri\u00f3dico de corte progresista, ligado estrechamente a la democracia y tradicionalmente defensor de las medidas tomadas por los gobiernos del Partido Socialista Obrero Espa\u00f1ol. Muy influyente en la vida pol\u00edtica de nuestro tiempos presentes, llegando a reconocer Pedro S\u00e1nchez (PSOE) (en una entrevista realizada por Jordi \u00c9vole) que lleg\u00f3 a recibir presiones por parte de este peri\u00f3dico para que no llevase a cabo un gobierno apoyado por el partido de Podemos.<\/span><\/p>\n","protected":false},"excerpt":{"rendered":"<p>1. Nombre del peri\u00f3dico Peri\u00f3dico espa\u00f1ol fundado en 1976 por Jos\u00e9 Ortega Spottorno, Juan Lu\u00eds Cebri\u00e1n y Jes\u00fas de Polanco. Desde sus or\u00edgenes el peri\u00f3dico ha tenido el nombre de El Pa\u00eds. 2. Lugar residencia Administraci\u00f3n y Redacci\u00f3n Tanto la Administraci\u00f3n como la principal redacci\u00f3n del peri\u00f3dico se encuentran en Madrid, m\u00e1s concretamente en la [&hellip;]<\/p>\n","protected":false},"author":3614,"featured_media":0,"parent":269,"menu_order":1,"comment_status":"closed","ping_status":"closed","template":"","meta":{"footnotes":""},"class_list":["post-286","page","type-page","status-publish","hentry"],"_links":{"self":[{"href":"https:\/\/blogs.ua.es\/prensa23f\/wp-json\/wp\/v2\/pages\/286","targetHints":{"allow":["GET"]}}],"collection":[{"href":"https:\/\/blogs.ua.es\/prensa23f\/wp-json\/wp\/v2\/pages"}],"about":[{"href":"https:\/\/blogs.ua.es\/prensa23f\/wp-json\/wp\/v2\/types\/page"}],"author":[{"embeddable":true,"href":"https:\/\/blogs.ua.es\/prensa23f\/wp-json\/wp\/v2\/users\/3614"}],"replies":[{"embeddable":true,"href":"https:\/\/blogs.ua.es\/prensa23f\/wp-json\/wp\/v2\/comments?post=286"}],"version-history":[{"count":5,"href":"https:\/\/blogs.ua.es\/prensa23f\/wp-json\/wp\/v2\/pages\/286\/revisions"}],"predecessor-version":[{"id":488,"href":"https:\/\/blogs.ua.es\/prensa23f\/wp-json\/wp\/v2\/pages\/286\/revisions\/488"}],"up":[{"embeddable":true,"href":"https:\/\/blogs.ua.es\/prensa23f\/wp-json\/wp\/v2\/pages\/269"}],"wp:attachment":[{"href":"https:\/\/blogs.ua.es\/prensa23f\/wp-json\/wp\/v2\/media?parent=286"}],"curies":[{"name":"wp","href":"https:\/\/api.w.org\/{rel}","templated":true}]}}