{"id":288,"date":"2017-11-30T17:03:35","date_gmt":"2017-11-30T17:03:35","guid":{"rendered":"https:\/\/blogs.ua.es\/prensa23f\/?page_id=288"},"modified":"2017-12-04T21:18:06","modified_gmt":"2017-12-04T21:18:06","slug":"morfologia","status":"publish","type":"page","link":"https:\/\/blogs.ua.es\/prensa23f\/prensa\/el-pais\/morfologia\/","title":{"rendered":"Morfolog\u00eda"},"content":{"rendered":"<h1 style=\"text-align: center\"><strong>Elementos de estructura<img loading=\"lazy\" decoding=\"async\" class=\"size-medium wp-image-374 alignleft\" src=\"https:\/\/blogs.ua.es\/prensa23f\/files\/2017\/12\/23f-edicion-especial_01-200x300-200x300.jpg\" alt=\"\" width=\"200\" height=\"300\" \/> <\/strong><\/h1>\n<p style=\"text-align: justify\">Nos encontramos ante una portada que no presenta publicidad.\u00a0 Por otro lado, el espacio de redacci\u00f3n est\u00e1 formadopor tres elementos; el titulaje, una ilustraci\u00f3n y varios textos. En lo referente a los porcentajes de cada elemento debemos destacar que el titulaje ocupa un 50% de la superficie de la portada. Dentro del titulaje podemos diferenciar varios elementos, entre ellos el primero que destacamos es el <strong>nombre del peri\u00f3dico<\/strong> \u201cEL PA\u00cdS\u201d que ocupa un 10% de la superficie de la portada y un 20% del total del titulaje. Bajo \u00e9ste nos encontramos un <strong>streamer<\/strong> (bandelora) que ocupa el 3% de la superficie total de la portada y 20% del titulaje y donde podemos observar que se trata de una edici\u00f3n especial, el nombre del director en este caso Juan Lu\u00eds Cebri\u00e1n, que se trata del diario independiente de la ma\u00f1ana, el lugar de edici\u00f3n (Madrid) y la fecha de publicaci\u00f3n (el martes 24 de febrero de 1981) as\u00ed como el lugar de redacci\u00f3n, tel\u00e9fono de contacto, el precio (25 pesetas) y el a\u00f1o (5) y n\u00famero de publicaci\u00f3n (1494). Tras el streamer podemos diferenciar un <strong>interludio<\/strong> que ocupa el 2% de la superficie de la portada y corresponde al 4% del total del titulaje, en \u00e9ste podemos leer: \u201cEl general Milans del Bosch decreta el estado de excepci\u00f3n en la Regi\u00f3n Militar de Valencia\u201d. Una vez introducido el tema nos encontramos con el gran <strong>t\u00edtulo<\/strong> que ocupa el 15% de la superficie de la portada y un 30% del titulaje, \u00e9ste mediante las palabras: \u201cGolpe de Estado\u201d en grande y en negrita, pone la voz de alarma en el lector, llamando su atenci\u00f3n. Tras el t\u00edtulo nos encontramos con el <strong>subt\u00edtulo<\/strong> que ocupar\u00eda el 18% de la superficie de la portada y un 38% del titulaje, \u00e9ste podemos leer: \u201cEl Pa\u00eds, con la Constituci\u00f3n\u201d, claramente el peri\u00f3dico est\u00e1 posicion\u00e1ndose pol\u00edticamente a favor de la democracia en un momento de tensi\u00f3n pol\u00edtica m\u00e1xima.<\/p>\n<p style=\"text-align: justify\">Tras la cabecera principal de la portada nos encontramos con el texto. \u00c9ste est\u00e1 compuesto por un <strong>lead<\/strong> que ocupa 2% de la portada y se trata de una frase principal que introduce el texto, as\u00ed podemos leer: \u201cEl Gobierno y el Parlamento, rehenes de un grupo de guardias civiles\u201d. \u00a0Tras \u00e9l nos encontramos con el <strong>texto<\/strong> que hace hincapi\u00e9 en la noticia principal; el Golpe de Estado del 23 de febrero de 1981, \u00e9ste esta dividido en cuatro columnas y ocupa el 25% de la superficie de la portada. Acompa\u00f1ando al texto nos encontramos con la \u00fanica <strong>imagen<\/strong> que ilustra la portada (ocupar\u00eda el 15% de la superficie de la portada), se trata de la fachada del Palacio del Congreso de los Diputados de Madrid, lugar donde se habr\u00eda producido el altercado.<\/p>\n<p style=\"text-align: justify\">Por \u00faltimo, al final de la portada nos encontramos con un peque\u00f1o recuadro con el t\u00edtulo \u201c\u00a1Viva la Constituci\u00f3n!\u201d que, relacionado con la noticia principal, muestra la posici\u00f3n pol\u00edtica del peri\u00f3dico mostr\u00e1ndose a favor de la democracia y haciendo un llamamiento a sus lectores para que defiendan la Constituci\u00f3n como arma legal contra el Golpe de Estado.<\/p>\n<h1 style=\"text-align: center\"><strong>Clasificaci\u00f3n de las materias <\/strong><\/h1>\n<p style=\"text-align: justify\">La clasificaci\u00f3n de las materias se ha realizado siguiendo diferentes rasgos. En primer lugar, atendiendo a la<strong> clasificaci\u00f3n por g\u00e9neros<\/strong>, nos encontramos ante un art\u00edculo que est\u00e1 firmado por el propio director del peri\u00f3dico, Juan Lu\u00eds Cebri\u00e1n y por la redacci\u00f3n, Miguel Yuste. Su g\u00e9nero lo podr\u00edamos clasificar dentro del \u00e1mbito de noticias puesto que su objetivo principal es informar sobre el reciente Golpe de Estado. En segundo lugar, si hacemos referencia a la <strong>clasificaci\u00f3n por origen<\/strong> debemos pensar que se trata de una informaci\u00f3n suministrada por los colaboradores del peri\u00f3dico que tratan de informar en todo momento de los acontecimientos ya mencionados. Por otro lado, atendiendo a la <strong>clasificaci\u00f3n seg\u00fan el marco geogr\u00e1fico<\/strong> debemos destacar que se trata una noticia de \u00e1mbito nacional puesto que afecta a todo el Estado. En lo referente a la <strong>clasificaci\u00f3n seg\u00fan el objetivo<\/strong>, ya hab\u00edamos adelantado que el objetivo principal era el de informar a la poblaci\u00f3n. Por \u00faltimo, atendiendo a la <strong>clasificaci\u00f3n seg\u00fan su contenido<\/strong>, podemos destacar siguiendo el modelo de clasificaci\u00f3n de Kayser se trata de un \u00e1mbito interior puesto que la noticia afecta en primer orden al Estado espa\u00f1ol.<\/p>\n<p><img loading=\"lazy\" decoding=\"async\" class=\"aligncenter  wp-image-468\" src=\"https:\/\/blogs.ua.es\/prensa23f\/files\/2017\/12\/quesito-3-300x175.png\" alt=\"\" width=\"485\" height=\"283\" srcset=\"https:\/\/blogs.ua.es\/prensa23f\/files\/2017\/12\/quesito-3-300x175.png 300w, https:\/\/blogs.ua.es\/prensa23f\/files\/2017\/12\/quesito-3.png 567w\" sizes=\"auto, (max-width: 485px) 100vw, 485px\" \/><\/p>\n<p><img loading=\"lazy\" decoding=\"async\" class=\"aligncenter  wp-image-470\" src=\"https:\/\/blogs.ua.es\/prensa23f\/files\/2017\/12\/golpe-de-estado-guay-218x300.png\" alt=\"\" width=\"480\" height=\"661\" srcset=\"https:\/\/blogs.ua.es\/prensa23f\/files\/2017\/12\/golpe-de-estado-guay-218x300.png 218w, https:\/\/blogs.ua.es\/prensa23f\/files\/2017\/12\/golpe-de-estado-guay.png 495w\" sizes=\"auto, (max-width: 480px) 100vw, 480px\" \/><\/p>\n","protected":false},"excerpt":{"rendered":"<p>Elementos de estructura Nos encontramos ante una portada que no presenta publicidad.\u00a0 Por otro lado, el espacio de redacci\u00f3n est\u00e1 formadopor tres elementos; el titulaje, una ilustraci\u00f3n y varios textos. En lo referente a los porcentajes de cada elemento debemos destacar que el titulaje ocupa un 50% de la superficie de la portada. Dentro del [&hellip;]<\/p>\n","protected":false},"author":3614,"featured_media":0,"parent":269,"menu_order":2,"comment_status":"closed","ping_status":"closed","template":"","meta":{"footnotes":""},"class_list":["post-288","page","type-page","status-publish","hentry"],"_links":{"self":[{"href":"https:\/\/blogs.ua.es\/prensa23f\/wp-json\/wp\/v2\/pages\/288","targetHints":{"allow":["GET"]}}],"collection":[{"href":"https:\/\/blogs.ua.es\/prensa23f\/wp-json\/wp\/v2\/pages"}],"about":[{"href":"https:\/\/blogs.ua.es\/prensa23f\/wp-json\/wp\/v2\/types\/page"}],"author":[{"embeddable":true,"href":"https:\/\/blogs.ua.es\/prensa23f\/wp-json\/wp\/v2\/users\/3614"}],"replies":[{"embeddable":true,"href":"https:\/\/blogs.ua.es\/prensa23f\/wp-json\/wp\/v2\/comments?post=288"}],"version-history":[{"count":7,"href":"https:\/\/blogs.ua.es\/prensa23f\/wp-json\/wp\/v2\/pages\/288\/revisions"}],"predecessor-version":[{"id":472,"href":"https:\/\/blogs.ua.es\/prensa23f\/wp-json\/wp\/v2\/pages\/288\/revisions\/472"}],"up":[{"embeddable":true,"href":"https:\/\/blogs.ua.es\/prensa23f\/wp-json\/wp\/v2\/pages\/269"}],"wp:attachment":[{"href":"https:\/\/blogs.ua.es\/prensa23f\/wp-json\/wp\/v2\/media?parent=288"}],"curies":[{"name":"wp","href":"https:\/\/api.w.org\/{rel}","templated":true}]}}