{"id":292,"date":"2017-11-30T17:04:00","date_gmt":"2017-11-30T17:04:00","guid":{"rendered":"https:\/\/blogs.ua.es\/prensa23f\/?page_id=292"},"modified":"2017-12-04T23:41:00","modified_gmt":"2017-12-04T23:41:00","slug":"personalidad","status":"publish","type":"page","link":"https:\/\/blogs.ua.es\/prensa23f\/prensa\/diario-16\/personalidad\/","title":{"rendered":"Personalidad"},"content":{"rendered":"<h3 style=\"text-align: justify\"><span style=\"font-family: Verdana, sans-serif\">1. Nombre del peri\u00f3dico<\/span><\/h3>\n<p style=\"text-align: justify\"><span style=\"font-family: Verdana, sans-serif\">El diario 16 fue un peri\u00f3dico espa\u00f1ol que permaneci\u00f3 activo desde 1976 hasta el 2001. Su fundador fue Juan Tom\u00e1s de Salas.<\/span><\/p>\n<h3 style=\"text-align: justify\"><span style=\"font-family: Verdana, sans-serif\">2. Lugar de Residencia de la Administraci\u00f3n y la Redacci\u00f3n<\/span><\/h3>\n<p style=\"text-align: justify\"><span style=\"font-family: Verdana, sans-serif\">El lugar de la redacci\u00f3n se encuentra en Madrid.<\/span><\/p>\n<h3 style=\"text-align: justify\"><span style=\"font-family: Verdana, sans-serif\">3. Periodicidad<\/span><\/h3>\n<p style=\"text-align: justify\"><span style=\"font-family: Verdana, sans-serif\">El diario 16 emit\u00eda de forma semanal, de lunes a domingo.<\/span><\/p>\n<h3 style=\"text-align: justify\"><span style=\"font-family: Verdana, sans-serif\">4. Momento de aparici\u00f3n<\/span><\/h3>\n<p style=\"text-align: justify\"><span style=\"font-family: Verdana, sans-serif\">El diario 16 al igual que el Pa\u00eds es un peri\u00f3dico que nace tras la muerte de Francisco Franco. Su l\u00ednea editorial defendi\u00f3 los derechos y libertadas para una Espa\u00f1a democr\u00e1tica.<\/span><\/p>\n<h3 style=\"text-align: justify\"><span style=\"font-family: Verdana, sans-serif\">5. Zona principal de difusi\u00f3n<\/span><\/h3>\n<p style=\"text-align: justify\"><span style=\"font-family: Verdana, sans-serif\">El peri\u00f3dico naci\u00f3 en Madrid pero su objetivo fue llegar al alcance de toda la naci\u00f3n, y as\u00ed fue.<\/span><\/p>\n<h3 style=\"text-align: justify\"><span style=\"font-family: Verdana, sans-serif\">6. Tiraje<\/span><\/h3>\n<p style=\"text-align: justify\"><span style=\"font-family: Verdana, sans-serif\">Durante los a\u00f1os 80 se llegaron a vender una media de 50.000 ejemplares al d\u00eda.<\/span><\/p>\n<h3 style=\"text-align: justify\"><span style=\"font-family: Verdana, sans-serif\">7. Fecha del primer y \u00faltimo n\u00famero<\/span><\/h3>\n<p style=\"text-align: justify\"><span style=\"font-family: Verdana, sans-serif\">El primer ejemplar sali\u00f3 a la venta el 18 de octubre de 1976 y el \u00faltimo de ellos fue el 7 de noviembre de 2001 (8.824).<\/span><\/p>\n<h3 style=\"text-align: justify\"><span style=\"font-family: Verdana, sans-serif\">8. Precio<\/span><\/h3>\n<p style=\"text-align: justify\"><span style=\"font-family: Verdana, sans-serif\">En los a\u00f1os 80 el coste del peri\u00f3dico era de unas 12 pesetas. <\/span><\/p>\n<h3 style=\"text-align: justify\"><span style=\"font-family: Verdana, sans-serif\">9. Caracter\u00edsticas excepcionales de la vida del peri\u00f3dico<\/span><\/h3>\n<p style=\"text-align: justify\"><span style=\"font-family: Verdana, sans-serif\">El 26 de junio de 1977, su sede sufri\u00f3 un atentado del grupo terrorista GRAPO.<\/span><\/p>\n<h3 style=\"text-align: justify\"><span style=\"font-family: Verdana, sans-serif\">10. Formato<\/span><\/h3>\n<p style=\"text-align: justify\"><span style=\"font-family: Verdana, sans-serif\">El formato utilizado fue el berlin\u00e9s.<\/span><\/p>\n<h3 style=\"text-align: justify\"><span style=\"font-family: Verdana, sans-serif\">11. N\u00famero de p\u00e1ginas y n\u00famero de columnas por p\u00e1gina.<\/span><\/h3>\n<p style=\"text-align: justify\"><span style=\"font-family: Verdana, sans-serif\">El n\u00famero de p\u00e1ginas oscilaba entre las 25 y 30. En cuanto a las columnas, sol\u00edan haber 3.<\/span><\/p>\n<h3 style=\"text-align: justify\"><span style=\"font-family: Verdana, sans-serif\">12. N\u00famero de ediciones y zona cubierta por cada edici\u00f3n<\/span><\/h3>\n<p style=\"text-align: justify\"><span style=\"font-family: Verdana, sans-serif\">El n\u00facleo central de edici\u00f3n era Madrid.<\/span><\/p>\n<h3 style=\"text-align: justify\"><span style=\"font-family: Verdana, sans-serif\">13. Lugar de conservaci\u00f3n de las colecciones<\/span><\/h3>\n<p style=\"text-align: justify\"><span style=\"font-family: Verdana, sans-serif\">La universidad CEU San Pablo se qued\u00f3 con el archivo completo de Diario 16. En 2012 lo cedi\u00f3 al Museo Adolfo Su\u00e1rez y la Transici\u00f3n en Cebreros (\u00c1vila), y se encuentra en proceso de digitalizaci\u00f3n.<\/span><\/p>\n<h3 style=\"text-align: justify\"><span style=\"font-family: Verdana, sans-serif\">14. Estructura jur\u00eddica y financiera<\/span><\/h3>\n<p style=\"text-align: justify\"><span style=\"font-family: Verdana, sans-serif\">Durante los a\u00f1os 1976 a 1998 el grupo editor fue Grupo 16 mientras que para los a\u00f1os 1998 a 2001 el grupo editor fue Grupo Voz.<\/span><\/p>\n<h3 style=\"text-align: justify\"><span style=\"font-family: Verdana, sans-serif\">15. Condiciones de distribuci\u00f3n<\/span><\/h3>\n<p style=\"text-align: justify\"><span style=\"font-family: Verdana, sans-serif\">Tuvo emisi\u00f3n en todo espacio nacional.<\/span><\/p>\n<h3 style=\"text-align: justify\"><span style=\"font-family: Verdana, sans-serif\">16. Organizaci\u00f3n de la redacci\u00f3n<\/span><\/h3>\n<p style=\"text-align: justify\"><span style=\"font-family: Verdana, sans-serif\">Actualidad, Opini\u00f3n, Econom\u00eda, Sociedad, Ocio y Cultura, Deportes.<\/span><\/p>\n<h3 style=\"text-align: justify\"><span style=\"font-family: Verdana, sans-serif\">17. L\u00ednea y acci\u00f3n pol\u00edtica<\/span><\/h3>\n<p style=\"text-align: justify\"><span style=\"font-family: Verdana, sans-serif\">Su ideolog\u00eda pol\u00edtica es de car\u00e1cter liberal.<\/span><\/p>\n","protected":false},"excerpt":{"rendered":"<p>1. Nombre del peri\u00f3dico El diario 16 fue un peri\u00f3dico espa\u00f1ol que permaneci\u00f3 activo desde 1976 hasta el 2001. Su fundador fue Juan Tom\u00e1s de Salas. 2. Lugar de Residencia de la Administraci\u00f3n y la Redacci\u00f3n El lugar de la redacci\u00f3n se encuentra en Madrid. 3. Periodicidad El diario 16 emit\u00eda de forma semanal, de [&hellip;]<\/p>\n","protected":false},"author":3614,"featured_media":0,"parent":271,"menu_order":1,"comment_status":"closed","ping_status":"closed","template":"","meta":{"footnotes":""},"class_list":["post-292","page","type-page","status-publish","hentry"],"_links":{"self":[{"href":"https:\/\/blogs.ua.es\/prensa23f\/wp-json\/wp\/v2\/pages\/292","targetHints":{"allow":["GET"]}}],"collection":[{"href":"https:\/\/blogs.ua.es\/prensa23f\/wp-json\/wp\/v2\/pages"}],"about":[{"href":"https:\/\/blogs.ua.es\/prensa23f\/wp-json\/wp\/v2\/types\/page"}],"author":[{"embeddable":true,"href":"https:\/\/blogs.ua.es\/prensa23f\/wp-json\/wp\/v2\/users\/3614"}],"replies":[{"embeddable":true,"href":"https:\/\/blogs.ua.es\/prensa23f\/wp-json\/wp\/v2\/comments?post=292"}],"version-history":[{"count":5,"href":"https:\/\/blogs.ua.es\/prensa23f\/wp-json\/wp\/v2\/pages\/292\/revisions"}],"predecessor-version":[{"id":495,"href":"https:\/\/blogs.ua.es\/prensa23f\/wp-json\/wp\/v2\/pages\/292\/revisions\/495"}],"up":[{"embeddable":true,"href":"https:\/\/blogs.ua.es\/prensa23f\/wp-json\/wp\/v2\/pages\/271"}],"wp:attachment":[{"href":"https:\/\/blogs.ua.es\/prensa23f\/wp-json\/wp\/v2\/media?parent=292"}],"curies":[{"name":"wp","href":"https:\/\/api.w.org\/{rel}","templated":true}]}}