{"id":11,"date":"2016-11-08T18:00:34","date_gmt":"2016-11-08T18:00:34","guid":{"rendered":"https:\/\/blogs.ua.es\/prensaperiodica11s\/?page_id=11"},"modified":"2016-11-30T20:00:22","modified_gmt":"2016-11-30T20:00:22","slug":"periodicos-empleados","status":"publish","type":"page","link":"https:\/\/blogs.ua.es\/prensaperiodica11s\/periodicos-empleados\/","title":{"rendered":"Personalidad de los peri\u00f3dicos"},"content":{"rendered":"<p style=\"text-align: justify\">En esta secci\u00f3n se encuentra la informaci\u00f3n referente a la personalidad de los peri\u00f3dicos que se han analizado. Aqu\u00ed se explican los aspectos relacionados con el registro de identificaci\u00f3n y el expediente de identidad de cada diario, que abarcan cuestiones como el\u00a0 lugar de residencia de la sede principal y la redacci\u00f3n, la periodicidad con que se publican sus ejemplares, la zona de difusi\u00f3n, el momento de su fundaci\u00f3n, o la estructura jur\u00eddica y financiera.<\/p>\n<ul>\n<li style=\"text-align: justify\"><a href=\"https:\/\/blogs.ua.es\/prensaperiodica11s\/periodicos-empleados\/el-pais\/\"><strong>El Pa\u00eds<\/strong><\/a><\/li>\n<\/ul>\n<ul>\n<li style=\"text-align: justify\"><a href=\"https:\/\/blogs.ua.es\/prensaperiodica11s\/periodicos-empleados\/abc\/\"><strong>ABC<\/strong><\/a><\/li>\n<\/ul>\n<ul>\n<li style=\"text-align: justify\"><a href=\"https:\/\/blogs.ua.es\/prensaperiodica11s\/periodicos-empleados\/the-new-york-times\/\"><strong>The New York Times<\/strong><\/a><\/li>\n<\/ul>\n<p>&nbsp;<\/p>\n","protected":false},"excerpt":{"rendered":"<p>En esta secci\u00f3n se encuentra la informaci\u00f3n referente a la personalidad de los peri\u00f3dicos que se han analizado. Aqu\u00ed se explican los aspectos relacionados con el registro de identificaci\u00f3n y el expediente de identidad de cada diario, que abarcan cuestiones &hellip; <a href=\"https:\/\/blogs.ua.es\/prensaperiodica11s\/periodicos-empleados\/\">Continue reading <span class=\"meta-nav\">&rarr;<\/span><\/a><\/p>\n","protected":false},"author":3264,"featured_media":0,"parent":0,"menu_order":3,"comment_status":"closed","ping_status":"closed","template":"","meta":{"footnotes":""},"class_list":["post-11","page","type-page","status-publish","hentry"],"_links":{"self":[{"href":"https:\/\/blogs.ua.es\/prensaperiodica11s\/wp-json\/wp\/v2\/pages\/11","targetHints":{"allow":["GET"]}}],"collection":[{"href":"https:\/\/blogs.ua.es\/prensaperiodica11s\/wp-json\/wp\/v2\/pages"}],"about":[{"href":"https:\/\/blogs.ua.es\/prensaperiodica11s\/wp-json\/wp\/v2\/types\/page"}],"author":[{"embeddable":true,"href":"https:\/\/blogs.ua.es\/prensaperiodica11s\/wp-json\/wp\/v2\/users\/3264"}],"replies":[{"embeddable":true,"href":"https:\/\/blogs.ua.es\/prensaperiodica11s\/wp-json\/wp\/v2\/comments?post=11"}],"version-history":[{"count":16,"href":"https:\/\/blogs.ua.es\/prensaperiodica11s\/wp-json\/wp\/v2\/pages\/11\/revisions"}],"predecessor-version":[{"id":388,"href":"https:\/\/blogs.ua.es\/prensaperiodica11s\/wp-json\/wp\/v2\/pages\/11\/revisions\/388"}],"wp:attachment":[{"href":"https:\/\/blogs.ua.es\/prensaperiodica11s\/wp-json\/wp\/v2\/media?parent=11"}],"curies":[{"name":"wp","href":"https:\/\/api.w.org\/{rel}","templated":true}]}}