{"id":5,"date":"2016-11-08T17:55:57","date_gmt":"2016-11-08T17:55:57","guid":{"rendered":"https:\/\/blogs.ua.es\/prensaperiodica11s\/?page_id=5"},"modified":"2016-11-30T19:05:43","modified_gmt":"2016-11-30T19:05:43","slug":"metodologia","status":"publish","type":"page","link":"https:\/\/blogs.ua.es\/prensaperiodica11s\/metodologia\/","title":{"rendered":"Metodolog\u00eda"},"content":{"rendered":"<p style=\"text-align: justify\">En esta p\u00e1gina se describe el procedimiento que hemos empleado en la realizaci\u00f3n del blog. Est\u00e1 dividida en dos partes, una que explica\u00a0la metodolog\u00eda que hemos usado bas\u00e1ndonos en la obra\u00a0<em>El peri\u00f3dico: estudios de morfolog\u00eda, metodolog\u00eda y prensa comparada,<\/em>\u00a0de Jaques Kayser; y otra que se\u00f1ala las ocasiones en las que hemos modificado la metodolog\u00eda de dicho autor.<\/p>\n<ul>\n<li style=\"text-align: justify\"><a href=\"https:\/\/blogs.ua.es\/prensaperiodica11s\/metodologia\/metodologia-del-trabajo\/\"><strong>Metodolog\u00eda del trabajo<\/strong><\/a><\/li>\n<\/ul>\n<ul>\n<li style=\"text-align: justify\"><a href=\"https:\/\/blogs.ua.es\/prensaperiodica11s\/metodologia\/modificaciones-anadidas\/\"><strong>Modifiaciones a\u00f1adidas<\/strong><\/a><\/li>\n<\/ul>\n<p>&nbsp;<\/p>\n","protected":false},"excerpt":{"rendered":"<p>En esta p\u00e1gina se describe el procedimiento que hemos empleado en la realizaci\u00f3n del blog. Est\u00e1 dividida en dos partes, una que explica\u00a0la metodolog\u00eda que hemos usado bas\u00e1ndonos en la obra\u00a0El peri\u00f3dico: estudios de morfolog\u00eda, metodolog\u00eda y prensa comparada,\u00a0de Jaques &hellip; <a href=\"https:\/\/blogs.ua.es\/prensaperiodica11s\/metodologia\/\">Continue reading <span class=\"meta-nav\">&rarr;<\/span><\/a><\/p>\n","protected":false},"author":3264,"featured_media":0,"parent":0,"menu_order":2,"comment_status":"closed","ping_status":"closed","template":"","meta":{"footnotes":""},"class_list":["post-5","page","type-page","status-publish","hentry"],"_links":{"self":[{"href":"https:\/\/blogs.ua.es\/prensaperiodica11s\/wp-json\/wp\/v2\/pages\/5","targetHints":{"allow":["GET"]}}],"collection":[{"href":"https:\/\/blogs.ua.es\/prensaperiodica11s\/wp-json\/wp\/v2\/pages"}],"about":[{"href":"https:\/\/blogs.ua.es\/prensaperiodica11s\/wp-json\/wp\/v2\/types\/page"}],"author":[{"embeddable":true,"href":"https:\/\/blogs.ua.es\/prensaperiodica11s\/wp-json\/wp\/v2\/users\/3264"}],"replies":[{"embeddable":true,"href":"https:\/\/blogs.ua.es\/prensaperiodica11s\/wp-json\/wp\/v2\/comments?post=5"}],"version-history":[{"count":11,"href":"https:\/\/blogs.ua.es\/prensaperiodica11s\/wp-json\/wp\/v2\/pages\/5\/revisions"}],"predecessor-version":[{"id":369,"href":"https:\/\/blogs.ua.es\/prensaperiodica11s\/wp-json\/wp\/v2\/pages\/5\/revisions\/369"}],"wp:attachment":[{"href":"https:\/\/blogs.ua.es\/prensaperiodica11s\/wp-json\/wp\/v2\/media?parent=5"}],"curies":[{"name":"wp","href":"https:\/\/api.w.org\/{rel}","templated":true}]}}