{"id":84,"date":"2016-11-24T19:03:14","date_gmt":"2016-11-24T19:03:14","guid":{"rendered":"https:\/\/blogs.ua.es\/prensaperiodica11s\/?page_id=84"},"modified":"2016-11-29T17:09:36","modified_gmt":"2016-11-29T17:09:36","slug":"abc","status":"publish","type":"page","link":"https:\/\/blogs.ua.es\/prensaperiodica11s\/periodicos-empleados\/abc\/","title":{"rendered":"ABC"},"content":{"rendered":"<p style=\"text-align: justify\"><em><strong>Registro de identificaci\u00f3n y expediente de identidad<\/strong><\/em><\/p>\n<div id=\"attachment_314\" style=\"width: 211px\" class=\"wp-caption alignleft\"><img loading=\"lazy\" decoding=\"async\" aria-describedby=\"caption-attachment-314\" class=\"wp-image-314 \" src=\"https:\/\/blogs.ua.es\/prensaperiodica11s\/files\/2016\/11\/Imagen-5-205x300.png\" alt=\"imagen-5\" width=\"201\" height=\"294\" srcset=\"https:\/\/blogs.ua.es\/prensaperiodica11s\/files\/2016\/11\/Imagen-5-205x300.png 205w, https:\/\/blogs.ua.es\/prensaperiodica11s\/files\/2016\/11\/Imagen-5.png 454w\" sizes=\"auto, (max-width: 201px) 100vw, 201px\" \/><p id=\"caption-attachment-314\" class=\"wp-caption-text\">Primer n\u00famero del diario <em>ABC<\/em>, del d\u00eda 1 de enero de 1903<\/p><\/div>\n<p style=\"text-align: justify\">El <em>ABC<\/em> es un diario espa\u00f1ol que se redacta en lengua castellana y tiene su sede de administraci\u00f3n y redacci\u00f3n en Madrid. Cuenta con dos ediciones, la de Madrid y la de Sevilla. Fue fundado por Torcuato Luca de Tena y \u00c1lvarez-Ossorio. La zona de difusi\u00f3n de este peri\u00f3dico es todo el territorio espa\u00f1ol. Adem\u00e1s, este diario cuenta con una p\u00e1gina web a trav\u00e9s de la que se puede seguir sus noticias, abc.es.<\/p>\n<p style=\"text-align: justify\">En un diario que sigue activo en la actualidad y tiene una edici\u00f3n de unos 314.271 ejemplares de media, que tienen una difusi\u00f3n aproximada de 242.154. El primer n\u00famero del <em>ABC<\/em> fue publicado el 1 de enero de 1903. Su precio es de 1,50\u20ac de lunes a viernes, 2\u20ac los s\u00e1bados y 3\u20ac los domingos. El formato del <em>ABC<\/em> es tipo folio o arrevistado. Sus publicaciones suelen ser alrededor de las 80 p\u00e1ginas. En cuanto al lugar de conservaci\u00f3n, en su p\u00e1gina web existe desde 2009 una hemeroteca en la que se pueden consultar todos sus n\u00fameros.<\/p>\n<div id=\"attachment_312\" style=\"width: 310px\" class=\"wp-caption alignright\"><img loading=\"lazy\" decoding=\"async\" aria-describedby=\"caption-attachment-312\" class=\"wp-image-312 size-medium\" src=\"https:\/\/blogs.ua.es\/prensaperiodica11s\/files\/2016\/11\/Imagen-3-300x170.png\" alt=\"imagen-3\" width=\"300\" height=\"170\" srcset=\"https:\/\/blogs.ua.es\/prensaperiodica11s\/files\/2016\/11\/Imagen-3-300x170.png 300w, https:\/\/blogs.ua.es\/prensaperiodica11s\/files\/2016\/11\/Imagen-3-768x436.png 768w, https:\/\/blogs.ua.es\/prensaperiodica11s\/files\/2016\/11\/Imagen-3.png 853w\" sizes=\"auto, (max-width: 300px) 100vw, 300px\" \/><p id=\"caption-attachment-312\" class=\"wp-caption-text\">Edificio del Grupo Vocento, en Madrid<\/p><\/div>\n<p style=\"text-align: justify\">El director es Bieito Rubido Ramonde y la propiedad es de Vocento (grupo de comunicaci\u00f3n multimedia de informaci\u00f3n general de Espa\u00f1a) despu\u00e9s de que en 2002 Prensa Espa\u00f1ola se uniera al Grupo Correo, dando lugar a Vocento. El editor es el Diario ABC, S.L. Actualmente, este diario sigue una l\u00ednea conservadora, mon\u00e1rquica y cat\u00f3lica. Desde el punto de vista econ\u00f3mico su l\u00ednea es partidaria del libre mercado.<\/p>\n","protected":false},"excerpt":{"rendered":"<p>Registro de identificaci\u00f3n y expediente de identidad El ABC es un diario espa\u00f1ol que se redacta en lengua castellana y tiene su sede de administraci\u00f3n y redacci\u00f3n en Madrid. Cuenta con dos ediciones, la de Madrid y la de Sevilla. &hellip; <a href=\"https:\/\/blogs.ua.es\/prensaperiodica11s\/periodicos-empleados\/abc\/\">Continue reading <span class=\"meta-nav\">&rarr;<\/span><\/a><\/p>\n","protected":false},"author":3264,"featured_media":0,"parent":11,"menu_order":2,"comment_status":"closed","ping_status":"closed","template":"","meta":{"footnotes":""},"class_list":["post-84","page","type-page","status-publish","hentry"],"_links":{"self":[{"href":"https:\/\/blogs.ua.es\/prensaperiodica11s\/wp-json\/wp\/v2\/pages\/84","targetHints":{"allow":["GET"]}}],"collection":[{"href":"https:\/\/blogs.ua.es\/prensaperiodica11s\/wp-json\/wp\/v2\/pages"}],"about":[{"href":"https:\/\/blogs.ua.es\/prensaperiodica11s\/wp-json\/wp\/v2\/types\/page"}],"author":[{"embeddable":true,"href":"https:\/\/blogs.ua.es\/prensaperiodica11s\/wp-json\/wp\/v2\/users\/3264"}],"replies":[{"embeddable":true,"href":"https:\/\/blogs.ua.es\/prensaperiodica11s\/wp-json\/wp\/v2\/comments?post=84"}],"version-history":[{"count":21,"href":"https:\/\/blogs.ua.es\/prensaperiodica11s\/wp-json\/wp\/v2\/pages\/84\/revisions"}],"predecessor-version":[{"id":330,"href":"https:\/\/blogs.ua.es\/prensaperiodica11s\/wp-json\/wp\/v2\/pages\/84\/revisions\/330"}],"up":[{"embeddable":true,"href":"https:\/\/blogs.ua.es\/prensaperiodica11s\/wp-json\/wp\/v2\/pages\/11"}],"wp:attachment":[{"href":"https:\/\/blogs.ua.es\/prensaperiodica11s\/wp-json\/wp\/v2\/media?parent=84"}],"curies":[{"name":"wp","href":"https:\/\/api.w.org\/{rel}","templated":true}]}}