{"id":12,"date":"2015-11-19T14:52:20","date_gmt":"2015-11-19T14:52:20","guid":{"rendered":"https:\/\/blogs.ua.es\/prensayeleccionesgenerales\/?page_id=12"},"modified":"2015-12-06T10:27:49","modified_gmt":"2015-12-06T10:27:49","slug":"3-metodologia-de-trabajo","status":"publish","type":"page","link":"https:\/\/blogs.ua.es\/prensayeleccionesgenerales\/3-metodologia-de-trabajo\/","title":{"rendered":"3. Metodolog\u00eda de trabajo"},"content":{"rendered":"<p style=\"text-align: justify\">La metodolog\u00eda que hemos seguido para realizar este trabajo es la propuesta por Kayser en su libro\u00a0<em>El Peri\u00f3dico: estudios de morfolog\u00eda, de metodolog\u00eda y de prensa comparada<\/em>.<\/p>\n<p style=\"text-align: justify\">Primeramente vamos a se\u00f1alar el m\u00e9todo escogido para la selecci\u00f3n de las portadas. En nuestro trabajo hemos seleccionado una serie de portadas caracter\u00edsticas y que se corresponden con las relacionadas con las elecciones generales acontecidas en Espa\u00f1a entre 1977 y 2011 para estudiar as\u00ed la evoluci\u00f3n de las mismas. Para ello hemos escogido las portadas referentes al d\u00eda de las elecciones y del d\u00eda posterior, y adem\u00e1s hemos escogido a su vez dos peri\u00f3dicos de tirada nacional con un componente ideol\u00f3gico distinto pera ver con ello tambi\u00e9n el distinto trato que se le da a un mismo hecho. Los dos peri\u00f3dicos escogidos son<strong><a href=\"http:\/\/elpais.com\/\"> El Pa\u00eds<\/a><\/strong> y <strong><a href=\"http:\/\/www.abc.es\/\">ABC<\/a><\/strong>.<\/p>\n<ul style=\"text-align: justify\">\n<li>Todas las potadas fueron encontradas en los archivos de los respectivos peri\u00f3dicos, aun que algunas tuvimos dificultades para localizarlas, sobre todo las m\u00e1s antiguas, finalmente todas ellas pudieron ser localizadas.<\/li>\n<li>En cuanto al criterio de <strong>redondeo decimal<\/strong> se ha realizado manteni\u00e9ndose \u00fanicamente un decimal y si era posible proceder al redondeo sin decimales para poder hacer m\u00e1s comprensible a golpe de vista los resultados.<\/li>\n<li>Las <strong>tablas de los elementos <\/strong>son las que Kayser establece en su obra con las categor\u00edas de publicidad y espacio de redacci\u00f3n. Esta segunda incluye las subcategor\u00edas de cabecera titulares textos e ilustraciones. Todo ello se muestra en porcentajes.<\/li>\n<li>Con los datos que hemos obtenido en las tablas de elementos hemos realizado una serie de <strong>gr\u00e1ficas circulares<\/strong> donde a simple vista podemos observar los resultados de las tablas en proporciones.<\/li>\n<li>En cuanto al hecho de establecer<strong> porcentajes<\/strong> han surgido algunos problemas o dudas sobre donde enmarcar algunos elementos como puede ser un pie de foto ya que, en este caso, si lo desligamos de la imagen el pie de foto no tiene sentido por s\u00ed mismo, pero tampoco es una imagen.<\/li>\n<li>Tenemos que se\u00f1alar el hecho de que hemos a\u00f1adido una categor\u00eda nueva dentro de los elementos y que Kaiser no hab\u00eda hecho referencia <strong>la cabecera<\/strong>. No lo hemos asemejado a los titula lares ya que es el nombre del peri\u00f3dico y no una noticia. Por ello le hemos otorgado una categor\u00eda propia.<\/li>\n<li>Hemos a\u00f1adido en este blog tambi\u00e9n un apartado dedicado a la <strong><a href=\"https:\/\/blogs.ua.es\/prensayeleccionesgenerales\/4-la-personalidad-de-el-pais-y-abc\/\">personalidad de los peri\u00f3dicos<\/a><\/strong> que hemos tratado. En este apartado lo que hemos incluido es una definici\u00f3n de peri\u00f3dico y un registro de identificaci\u00f3n con distintas subcategor\u00edas.<\/li>\n<li>Por \u00faltimo hemos a\u00f1adido un <strong><a href=\"https:\/\/blogs.ua.es\/prensayeleccionesgenerales\/2-contexto-historico\/\">contexto hist\u00f3rico<\/a><\/strong> referente al contenido de los peri\u00f3dicos, pues entendemos que analizar las portadas sin enmarcarlas en el tiempo no tiene sentido alguno.<\/li>\n<\/ul>\n<p style=\"text-align: justify\">\u00a0A continuaci\u00f3n os mostramos un ejemplo de la medici\u00f3n de una portada de ABC y otra de El Pa\u00eds:<\/p>\n<p style=\"text-align: justify\"><a href=\"https:\/\/blogs.ua.es\/prensayeleccionesgenerales\/files\/2015\/11\/Ejemplo-ABC.jpg\"><img loading=\"lazy\" decoding=\"async\" class=\"aligncenter size-full wp-image-194\" src=\"https:\/\/blogs.ua.es\/prensayeleccionesgenerales\/files\/2015\/11\/Ejemplo-ABC.jpg\" alt=\"Ejemplo ABC\" width=\"701\" height=\"763\" srcset=\"https:\/\/blogs.ua.es\/prensayeleccionesgenerales\/files\/2015\/11\/Ejemplo-ABC.jpg 701w, https:\/\/blogs.ua.es\/prensayeleccionesgenerales\/files\/2015\/11\/Ejemplo-ABC-276x300.jpg 276w\" sizes=\"auto, (max-width: 701px) 100vw, 701px\" \/><\/a><\/p>\n<p style=\"text-align: justify\"><a href=\"https:\/\/blogs.ua.es\/prensayeleccionesgenerales\/files\/2015\/11\/Ejemplo-El-Pa\u00eds.jpg\"><img loading=\"lazy\" decoding=\"async\" class=\"aligncenter size-full wp-image-196\" src=\"https:\/\/blogs.ua.es\/prensayeleccionesgenerales\/files\/2015\/11\/Ejemplo-El-Pa\u00eds.jpg\" alt=\"Ejemplo El Pa\u00eds\" width=\"682\" height=\"722\" srcset=\"https:\/\/blogs.ua.es\/prensayeleccionesgenerales\/files\/2015\/11\/Ejemplo-El-Pa\u00eds.jpg 682w, https:\/\/blogs.ua.es\/prensayeleccionesgenerales\/files\/2015\/11\/Ejemplo-El-Pa\u00eds-283x300.jpg 283w\" sizes=\"auto, (max-width: 682px) 100vw, 682px\" \/><\/a><\/p>\n","protected":false},"excerpt":{"rendered":"<p>La metodolog\u00eda que hemos seguido para realizar este trabajo es la propuesta por Kayser en su libro\u00a0El Peri\u00f3dico: estudios de morfolog\u00eda, de metodolog\u00eda y de prensa comparada. Primeramente vamos a se\u00f1alar el m\u00e9todo escogido para la selecci\u00f3n de las portadas. &hellip; <a href=\"https:\/\/blogs.ua.es\/prensayeleccionesgenerales\/3-metodologia-de-trabajo\/\">Continue reading <span class=\"meta-nav\">&rarr;<\/span><\/a><\/p>\n","protected":false},"author":2862,"featured_media":0,"parent":0,"menu_order":0,"comment_status":"closed","ping_status":"closed","template":"","meta":{"footnotes":""},"class_list":["post-12","page","type-page","status-publish","hentry"],"_links":{"self":[{"href":"https:\/\/blogs.ua.es\/prensayeleccionesgenerales\/wp-json\/wp\/v2\/pages\/12","targetHints":{"allow":["GET"]}}],"collection":[{"href":"https:\/\/blogs.ua.es\/prensayeleccionesgenerales\/wp-json\/wp\/v2\/pages"}],"about":[{"href":"https:\/\/blogs.ua.es\/prensayeleccionesgenerales\/wp-json\/wp\/v2\/types\/page"}],"author":[{"embeddable":true,"href":"https:\/\/blogs.ua.es\/prensayeleccionesgenerales\/wp-json\/wp\/v2\/users\/2862"}],"replies":[{"embeddable":true,"href":"https:\/\/blogs.ua.es\/prensayeleccionesgenerales\/wp-json\/wp\/v2\/comments?post=12"}],"version-history":[{"count":10,"href":"https:\/\/blogs.ua.es\/prensayeleccionesgenerales\/wp-json\/wp\/v2\/pages\/12\/revisions"}],"predecessor-version":[{"id":197,"href":"https:\/\/blogs.ua.es\/prensayeleccionesgenerales\/wp-json\/wp\/v2\/pages\/12\/revisions\/197"}],"wp:attachment":[{"href":"https:\/\/blogs.ua.es\/prensayeleccionesgenerales\/wp-json\/wp\/v2\/media?parent=12"}],"curies":[{"name":"wp","href":"https:\/\/api.w.org\/{rel}","templated":true}]}}