{"id":14,"date":"2015-11-19T14:52:48","date_gmt":"2015-11-19T14:52:48","guid":{"rendered":"https:\/\/blogs.ua.es\/prensayeleccionesgenerales\/?page_id=14"},"modified":"2015-12-05T11:13:13","modified_gmt":"2015-12-05T11:13:13","slug":"4-la-personalidad-de-el-pais-y-abc","status":"publish","type":"page","link":"https:\/\/blogs.ua.es\/prensayeleccionesgenerales\/4-la-personalidad-de-el-pais-y-abc\/","title":{"rendered":"4. La Personalidad del Peri\u00f3dico"},"content":{"rendered":"<p style=\"text-align: justify\">Seg\u00fan la <strong>UNESCO<\/strong>\u00a0debe considerarse peri\u00f3dico, las publicaciones que cumplan los siguientes requisitos:<\/p>\n<ul style=\"text-align: justify\">\n<li>Ser una publicaci\u00f3n <strong>impresa<\/strong>.<\/li>\n<li>Ser ofrecida al <strong>p\u00fablico<\/strong>.<\/li>\n<li>Ser presentada bajo una <strong>serie continua<\/strong> y bajo un <strong>mismo t\u00edtulo<\/strong>. Dicho requisito debe ser menos estricto de lo que algunos piensan ya un mismo peri\u00f3dico se puede haber visto obligado a cambiar de nombre por las circunstancias pol\u00edticas, y adem\u00e1s en muchas ocasiones siempre presenta una vinculaci\u00f3n el nuevo t\u00edtulo con el anterior.<\/li>\n<li>El n\u00famero de publicaciones debe de superar <strong>una<\/strong> al <strong>a\u00f1o,<\/strong> siendo la prensa m\u00e1s corriente la hebdomadaria, es decir, la que aparece diariamente, en la que no deber\u00eda de ser incluido el peri\u00f3dico del s\u00e9ptimo d\u00eda, en otras palabras, la publicaci\u00f3n dominical que suele ser distinta a los cotidianos.<\/li>\n<li>Cada ejemplar ha de estar <strong>numerado<\/strong> y presentar la <strong>fecha de publicaci\u00f3n<\/strong>.<\/li>\n<\/ul>\n<p style=\"text-align: justify\"><strong>Registro de Identificaci\u00f3n <\/strong><\/p>\n<p style=\"text-align: justify\">Por registro de identificaci\u00f3n entendemos las principales caracter\u00edsticas de un peri\u00f3dico, las cuales nos permiten fijar su identidad.<\/p>\n<ol style=\"text-align: justify\">\n<li><strong> Nombre del Peri\u00f3dico<\/strong><\/li>\n<\/ol>\n<p style=\"text-align: justify\">En general muy f\u00e1cil de encontrar ya que suele destacar por sus caracter\u00edsticas morfol\u00f3gicas pero que debe ser precisado correctamente puesto que en muchas ocasiones m\u00e1s de un peri\u00f3dico comparte el mismo nombre.<\/p>\n<p style=\"text-align: justify\">Adem\u00e1s el nombre puede reflejar como un peri\u00f3dico es la continuaci\u00f3n de otro y por ello hemos de investigar sus or\u00edgenes, que en muchas ocasiones suele estar explicitado en el primer n\u00famero del peri\u00f3dico.<\/p>\n<ol style=\"text-align: justify\" start=\"2\">\n<li><strong> El Lugar de Residencia de la Administraci\u00f3n y de la Redacci\u00f3n <\/strong><\/li>\n<\/ol>\n<p style=\"text-align: justify\">Hemos de hacer una distinci\u00f3n necesaria entre el lugar de residencia o domicilio legal, donde se suele encontrar tambi\u00e9n la redacci\u00f3n y los medios de difusi\u00f3n, aunque en ocasiones estos pueden ubicarse en posiciones geogr\u00e1ficas distintas.<\/p>\n<ol style=\"text-align: justify\" start=\"3\">\n<li><strong> Las Indicaciones que se pueden acompa\u00f1ar al Nombre<\/strong><\/li>\n<\/ol>\n<p style=\"text-align: justify\">\u00a0El nombre de la publicaci\u00f3n suele estar acompa\u00f1ado de una peque\u00f1a indicaci\u00f3n para orientar o desorientar al p\u00fablico acerca de la tendencia o l\u00ednea pol\u00edtica del peri\u00f3dico, aunque en ocasiones tan solo son formulas generales vac\u00edas de significaci\u00f3n pol\u00edtica.<\/p>\n<ol style=\"text-align: justify\" start=\"4\">\n<li><strong> La Periodicidad <\/strong><\/li>\n<\/ol>\n<p style=\"text-align: justify\">Por otro lado la periodicidad con la que suelen aparecer las publicaciones tambi\u00e9n es un factor de estudio, ya que puede ser de lo m\u00e1s variada pasando por publicaciones que tienen dos o tres ediciones al d\u00eda o publicaciones que aparecen cada diez d\u00edas.<\/p>\n<ol style=\"text-align: justify\" start=\"5\">\n<li><strong> El Momento de la Aparici\u00f3n <\/strong><\/li>\n<\/ol>\n<p style=\"text-align: justify\">Hemos de diferenciar las publicaciones respecto a su momento de aparici\u00f3n a lo largo del d\u00eda ya que en ocasiones las ediciones matutinas y vespertinas presentan variaciones tanto de formato como de concepci\u00f3n.<\/p>\n<ol style=\"text-align: justify\" start=\"6\">\n<li><strong> La Zona Principal de Difusi\u00f3n <\/strong><\/li>\n<\/ol>\n<p style=\"text-align: justify\">Aunque en ocasiones es dif\u00edcil de determinar resulta de gran provecho para el estudio de la influencia del peri\u00f3dico el determinar la zona geogr\u00e1fica que abarca.<\/p>\n<ol style=\"text-align: justify\" start=\"7\">\n<li><strong> El Tiraje <\/strong><\/li>\n<\/ol>\n<p style=\"text-align: justify\">Hemos de diferenciar si el tiraje conocido o no, ya que en gran medida ello depende del \u00a0habito lector de la poblaci\u00f3n a la que va dirigido. Tambi\u00e9n se ha de tener en cuenta cuestiones como el tiraje medio o las variaciones en el tiraje, tanto al alza como a la baja.<\/p>\n<ol style=\"text-align: justify\" start=\"8\">\n<li><strong> La Fecha del Primero y del \u00daltimo N\u00famero <\/strong><\/li>\n<\/ol>\n<p style=\"text-align: justify\">Tambi\u00e9n es necesario conocer la fecha en la cual apareci\u00f3 por primera vez el peri\u00f3dico bajo el titulo con el cual se lo estudia. Adem\u00e1s hemos de tener en cuenta las dificultades que se nos pueden presentar a la hora de encontrar dicho numero ya que los avatares que le peri\u00f3dico puede haber sufrido a lo largo de su historia son innumerables. El editorial del primer n\u00famero suele informar al lector de la l\u00ednea pol\u00edtica del peri\u00f3dico. En lo que refiere a peri\u00f3dicos que han desaparecido tambi\u00e9n es necesario conocer la fecha de la \u00faltima edici\u00f3n, ya que en esta edici\u00f3n suele incluirse un mensaje de despedida a los lectores, usualmente como un editorial de advertencia.<\/p>\n<ol style=\"text-align: justify\" start=\"9\">\n<li><strong> El Precio <\/strong><\/li>\n<\/ol>\n<p style=\"text-align: justify\">Esta informaci\u00f3n suele ser ofrecida en cada ejemplar y suele ofrecernos \u00a0informaci\u00f3n de la composici\u00f3n social del p\u00fablico del mismo peri\u00f3dico. Dicho dato no suele ser estable y varia con el tiempo.<\/p>\n<ol style=\"text-align: justify\" start=\"10\">\n<li><strong> Las Caracter\u00edsticas Excepcionales de la Vida del Peri\u00f3dico <\/strong><\/li>\n<\/ol>\n<p style=\"text-align: justify\">La vida del peri\u00f3dico suele estar marcada por diversos acontecimientos y posiciones determinadas en un asunto pol\u00e9mico as\u00ed como contar con la colaboraci\u00f3n de un personaje destacado.<\/p>\n<ol style=\"text-align: justify\" start=\"11\">\n<li><strong> El Formato <\/strong><\/li>\n<\/ol>\n<p style=\"text-align: justify\">En lo referente al formato, esta es una indicaci\u00f3n indispensable tanto para archiveros como para bibliotecarios, debi\u00e9ndose de indicar el ancho por el largo en el sistema m\u00e9trico propio de cada pa\u00eds. En general podemos distinguir dos formatos, el Gran formato y el tabloide.<\/p>\n<ol style=\"text-align: justify\" start=\"12\">\n<li><strong> N\u00famero de P\u00e1ginas y N\u00famero de Columnas por P\u00e1gina <\/strong><\/li>\n<\/ol>\n<p style=\"text-align: justify\">Esta indicaci\u00f3n suele ser interesante pero en ocasiones es imposible seguir todas las variaciones que presenta un peri\u00f3dico a lo largo de su historia.<\/p>\n<ol style=\"text-align: justify\" start=\"13\">\n<li><strong> El Nombre y la Direcci\u00f3n del Impresor <\/strong><\/li>\n<\/ol>\n<p style=\"text-align: justify\">En ocasiones ofrecidos por el lugar de residencia y administraci\u00f3n o por el lugar de redacci\u00f3n del peri\u00f3dico.\u00a0 El conocer el nombre del impresor puede connotar gran cantidad de informaci\u00f3n hist\u00f3rica e incluso completar vac\u00edos de archivos y bibliotecas. Adem\u00e1s puede indicar la vinculaci\u00f3n ideol\u00f3gica entre el impresor y la l\u00ednea del peri\u00f3dico.<\/p>\n<ol style=\"text-align: justify\" start=\"14\">\n<li><strong> N\u00famero de Ediciones y Zona cubierta por cada Edici\u00f3n <\/strong><\/li>\n<li><strong> Lugar de Conservaci\u00f3n de las Colecciones <\/strong><\/li>\n<\/ol>\n<p style=\"text-align: justify\">Otro punto interesante es el lugar de conservaci\u00f3n de las colecciones de los n\u00fameros del peri\u00f3dico estudiado.<\/p>\n<p style=\"text-align: justify\"><strong>El Expediente de Identidad <\/strong><\/p>\n<p style=\"text-align: justify\">En lo que refiere a la vida y personalidad del peri\u00f3dico se han de esclarecer los siguientes puntos:<\/p>\n<ol>\n<li style=\"text-align: justify\"><strong> Estructura Jur\u00eddica y Financiera <\/strong><\/li>\n<li style=\"text-align: justify\"><strong> Condiciones de Impresi\u00f3n <\/strong><\/li>\n<li style=\"text-align: justify\"><strong> Condiciones de Distribuci\u00f3n <\/strong><\/li>\n<li style=\"text-align: justify\"><strong> Organizaci\u00f3n de la Redacci\u00f3n <\/strong><\/li>\n<li style=\"text-align: justify\"><strong> L\u00ednea y Acci\u00f3n Pol\u00edticas <\/strong><\/li>\n<\/ol>\n","protected":false},"excerpt":{"rendered":"<p>Seg\u00fan la UNESCO\u00a0debe considerarse peri\u00f3dico, las publicaciones que cumplan los siguientes requisitos: Ser una publicaci\u00f3n impresa. Ser ofrecida al p\u00fablico. Ser presentada bajo una serie continua y bajo un mismo t\u00edtulo. Dicho requisito debe ser menos estricto de lo que &hellip; <a href=\"https:\/\/blogs.ua.es\/prensayeleccionesgenerales\/4-la-personalidad-de-el-pais-y-abc\/\">Continue reading <span class=\"meta-nav\">&rarr;<\/span><\/a><\/p>\n","protected":false},"author":2862,"featured_media":0,"parent":0,"menu_order":0,"comment_status":"closed","ping_status":"closed","template":"","meta":{"footnotes":""},"class_list":["post-14","page","type-page","status-publish","hentry"],"_links":{"self":[{"href":"https:\/\/blogs.ua.es\/prensayeleccionesgenerales\/wp-json\/wp\/v2\/pages\/14","targetHints":{"allow":["GET"]}}],"collection":[{"href":"https:\/\/blogs.ua.es\/prensayeleccionesgenerales\/wp-json\/wp\/v2\/pages"}],"about":[{"href":"https:\/\/blogs.ua.es\/prensayeleccionesgenerales\/wp-json\/wp\/v2\/types\/page"}],"author":[{"embeddable":true,"href":"https:\/\/blogs.ua.es\/prensayeleccionesgenerales\/wp-json\/wp\/v2\/users\/2862"}],"replies":[{"embeddable":true,"href":"https:\/\/blogs.ua.es\/prensayeleccionesgenerales\/wp-json\/wp\/v2\/comments?post=14"}],"version-history":[{"count":7,"href":"https:\/\/blogs.ua.es\/prensayeleccionesgenerales\/wp-json\/wp\/v2\/pages\/14\/revisions"}],"predecessor-version":[{"id":143,"href":"https:\/\/blogs.ua.es\/prensayeleccionesgenerales\/wp-json\/wp\/v2\/pages\/14\/revisions\/143"}],"wp:attachment":[{"href":"https:\/\/blogs.ua.es\/prensayeleccionesgenerales\/wp-json\/wp\/v2\/media?parent=14"}],"curies":[{"name":"wp","href":"https:\/\/api.w.org\/{rel}","templated":true}]}}