{"id":2446,"date":"2011-09-19T23:58:09","date_gmt":"2011-09-19T22:58:09","guid":{"rendered":"https:\/\/blogs.ua.es\/proyectosarquitectonicos\/?page_id=2446"},"modified":"2013-07-17T02:45:09","modified_gmt":"2013-07-17T00:45:09","slug":"enrique-nieto-juan-antonio-sanchez-morales","status":"publish","type":"page","link":"https:\/\/blogs.ua.es\/proyectosarquitectonicos\/cursos-precedentes-2\/curso-20112012\/enrique-nieto-juan-antonio-sanchez-morales\/","title":{"rendered":"Enrique Nieto + Juan Antonio S\u00e1nchez Morales"},"content":{"rendered":"<p><a href=\"https:\/\/blogs.ua.es\/proyectosarquitectonicos\/pfc\/enrique-nieto-juan-antonio-sanchez-morales\/cuadro-general\/\" rel=\"attachment wp-att-2447\"><img loading=\"lazy\" decoding=\"async\" class=\"alignnone size-large wp-image-2447\" alt=\"\" src=\"https:\/\/blogs.ua.es\/proyectosarquitectonicos\/files\/2011\/09\/cuadro-general-1024x520.jpg\" width=\"640\" height=\"325\" \/><\/a><\/p>\n<p><strong>PFC 2011-12<\/strong><\/p>\n<p>Con el PFC 2111-12 se persigue, en lo fundamental, constituir un \u00e1mbito de negociaci\u00f3n articulado que permita seguir contribuyendo a la construcci\u00f3n de la expresi\u00f3n y creaci\u00f3n contempor\u00e1neas, desde la diversidad disciplinar y sin renunciar a la intensidad con la que se ha venido operando hasta ahora. Se crean para ello tres espacios de conocimiento que definen pre-concepciones proyectuales bastante diferenciadas en su n\u00facleo pero intencionadamente borrosas en su per\u00edmetros, que declaradamente pretenden integrar visiones, posiciones, objetivos,\u2026 m\u00faltiples.<\/p>\n<p>El PFC 2011-12 es un curso nuevo y novedoso, compuesto de una conjugaci\u00f3n de programas que contemplando las circunstancias de todo orden que nos han precedido y ahora nos acontecen, tambi\u00e9n se propone incrementar el car\u00e1cter investigador de la producci\u00f3n y hacer m\u00e1s perceptible Alicante en el contexto cultural global.<\/p>\n<p>&nbsp;<\/p>\n","protected":false},"excerpt":{"rendered":"<p>PFC 2011-12 Con el PFC 2111-12 se persigue, en lo fundamental, constituir un \u00e1mbito de negociaci\u00f3n articulado que permita seguir contribuyendo a la construcci\u00f3n de la expresi\u00f3n y creaci\u00f3n contempor\u00e1neas, desde la diversidad disciplinar y sin renunciar a la intensidad con la que se ha venido operando hasta ahora. Se crean para ello tres espacios [&hellip;]<\/p>\n","protected":false},"author":503,"featured_media":0,"parent":4033,"menu_order":0,"comment_status":"open","ping_status":"open","template":"","meta":{"footnotes":""},"class_list":["post-2446","page","type-page","status-publish","hentry"],"_links":{"self":[{"href":"https:\/\/blogs.ua.es\/proyectosarquitectonicos\/wp-json\/wp\/v2\/pages\/2446","targetHints":{"allow":["GET"]}}],"collection":[{"href":"https:\/\/blogs.ua.es\/proyectosarquitectonicos\/wp-json\/wp\/v2\/pages"}],"about":[{"href":"https:\/\/blogs.ua.es\/proyectosarquitectonicos\/wp-json\/wp\/v2\/types\/page"}],"author":[{"embeddable":true,"href":"https:\/\/blogs.ua.es\/proyectosarquitectonicos\/wp-json\/wp\/v2\/users\/503"}],"replies":[{"embeddable":true,"href":"https:\/\/blogs.ua.es\/proyectosarquitectonicos\/wp-json\/wp\/v2\/comments?post=2446"}],"version-history":[{"count":3,"href":"https:\/\/blogs.ua.es\/proyectosarquitectonicos\/wp-json\/wp\/v2\/pages\/2446\/revisions"}],"predecessor-version":[{"id":4241,"href":"https:\/\/blogs.ua.es\/proyectosarquitectonicos\/wp-json\/wp\/v2\/pages\/2446\/revisions\/4241"}],"up":[{"embeddable":true,"href":"https:\/\/blogs.ua.es\/proyectosarquitectonicos\/wp-json\/wp\/v2\/pages\/4033"}],"wp:attachment":[{"href":"https:\/\/blogs.ua.es\/proyectosarquitectonicos\/wp-json\/wp\/v2\/media?parent=2446"}],"curies":[{"name":"wp","href":"https:\/\/api.w.org\/{rel}","templated":true}]}}