{"id":3161,"date":"2012-03-20T13:12:57","date_gmt":"2012-03-20T12:12:57","guid":{"rendered":"https:\/\/blogs.ua.es\/proyectosarquitectonicos\/?page_id=3161"},"modified":"2013-07-17T02:22:11","modified_gmt":"2013-07-17T00:22:11","slug":"adriana-figueiras","status":"publish","type":"page","link":"https:\/\/blogs.ua.es\/proyectosarquitectonicos\/cursos-precedentes-2\/curso-20112012\/adriana-figueiras\/","title":{"rendered":"Adriana Figueiras"},"content":{"rendered":"<p style=\"text-align: center\"><a href=\"https:\/\/blogs.ua.es\/proyectosarquitectonicos\/proyectos-ii\/pii-0-2\/image001-2\/\" rel=\"attachment wp-att-2461\"><img loading=\"lazy\" decoding=\"async\" class=\"aligncenter size-full\" alt=\"\" src=\"https:\/\/blogs.ua.es\/proyectosarquitectonicos\/files\/2010\/03\/image001.jpg\" width=\"640\" height=\"480\" \/><\/a><\/p>\n<p>&nbsp;<\/p>\n<p>+top\u00eda<\/p>\n<p>La Espiral Jetty, obra del artista Robert Smithson, nos sit\u00faa en los a\u00f1os 70, punto desde el que vamos a dar comienzo del trabajo de este curso,<\/p>\n<p>En este interesante gr\u00e1fico llamado Evolutionary Tree 2000, del arquitecto y cr\u00edtico de arquitectura, Charles Jencks, podemos apreciar c\u00f3mo, comenzando en la d\u00e9cada de los 60 y avanzando hacia los 70, se configura una uni\u00f3n o flujo entre las diferentes corrientes de pensamiento.<\/p>\n<p>Es ese momento en el que se inicia la fluidez y desaparici\u00f3n de fronteras el que fija un marco para los temas que se desarrollar\u00e1n en este curso.<\/p>\n<p><em>El lugar<\/em><\/p>\n<p>Para este curso, propongo vincular el sentido del lugar con el pensamiento de las utop\u00edas que surgieron en esos a\u00f1os 70<strong><\/strong><\/p>\n<p>Propong\u00e1monos el reto de plantearnos qu\u00e9 pasar\u00eda si esas utop\u00edas tomaran en cuenta el lugar. De una forma intensa, aport\u00e1ndole m\u00e1s significado, vinculaci\u00f3n e interacci\u00f3n.<\/p>\n<p>De ah\u00ed el t\u00e9rmino inventado de +top\u00eda, un lugar exacerbado, incrementado, potenciado.<\/p>\n<p><em>La ciudad<\/em><\/p>\n<p>La ciudad en la costa tur\u00edstica, quiz\u00e1s una utop\u00eda suburbana, la Muralla Roja, un complejo residencial del arquitecto Ricardo Bofill en Calpe, Alicante<\/p>\n<p>&nbsp;<\/p>\n<p>&nbsp;<\/p>\n<p><em>Los nuevos formatos.<\/em><\/p>\n<p><em>Los nuevos procesos de generaci\u00f3n de formas.<\/em><\/p>\n<p>Propongo unir las propuestas de formato y de investigaci\u00f3n en cuanto a generaci\u00f3n de formas y patrones.<\/p>\n","protected":false},"excerpt":{"rendered":"<p>&nbsp; +top\u00eda La Espiral Jetty, obra del artista Robert Smithson, nos sit\u00faa en los a\u00f1os 70, punto desde el que vamos a dar comienzo del trabajo de este curso, En este interesante gr\u00e1fico llamado Evolutionary Tree 2000, del arquitecto y cr\u00edtico de arquitectura, Charles Jencks, podemos apreciar c\u00f3mo, comenzando en la d\u00e9cada de los 60 [&hellip;]<\/p>\n","protected":false},"author":2550,"featured_media":0,"parent":4033,"menu_order":0,"comment_status":"open","ping_status":"open","template":"","meta":{"footnotes":""},"class_list":["post-3161","page","type-page","status-publish","hentry"],"_links":{"self":[{"href":"https:\/\/blogs.ua.es\/proyectosarquitectonicos\/wp-json\/wp\/v2\/pages\/3161","targetHints":{"allow":["GET"]}}],"collection":[{"href":"https:\/\/blogs.ua.es\/proyectosarquitectonicos\/wp-json\/wp\/v2\/pages"}],"about":[{"href":"https:\/\/blogs.ua.es\/proyectosarquitectonicos\/wp-json\/wp\/v2\/types\/page"}],"author":[{"embeddable":true,"href":"https:\/\/blogs.ua.es\/proyectosarquitectonicos\/wp-json\/wp\/v2\/users\/2550"}],"replies":[{"embeddable":true,"href":"https:\/\/blogs.ua.es\/proyectosarquitectonicos\/wp-json\/wp\/v2\/comments?post=3161"}],"version-history":[{"count":8,"href":"https:\/\/blogs.ua.es\/proyectosarquitectonicos\/wp-json\/wp\/v2\/pages\/3161\/revisions"}],"predecessor-version":[{"id":4204,"href":"https:\/\/blogs.ua.es\/proyectosarquitectonicos\/wp-json\/wp\/v2\/pages\/3161\/revisions\/4204"}],"up":[{"embeddable":true,"href":"https:\/\/blogs.ua.es\/proyectosarquitectonicos\/wp-json\/wp\/v2\/pages\/4033"}],"wp:attachment":[{"href":"https:\/\/blogs.ua.es\/proyectosarquitectonicos\/wp-json\/wp\/v2\/media?parent=3161"}],"curies":[{"name":"wp","href":"https:\/\/api.w.org\/{rel}","templated":true}]}}