{"id":4036,"date":"2013-06-06T23:19:52","date_gmt":"2013-06-06T21:19:52","guid":{"rendered":"https:\/\/blogs.ua.es\/proyectosarquitectonicos\/?page_id=4036"},"modified":"2013-07-17T02:48:35","modified_gmt":"2013-07-17T00:48:35","slug":"pilar-morillassiro-morcillo-flashmob","status":"publish","type":"page","link":"https:\/\/blogs.ua.es\/proyectosarquitectonicos\/cursos-precedentes-2\/curso-20112012\/pilar-morillassiro-morcillo-flashmob\/","title":{"rendered":"Pilar Morillas+Siro Morcillo: Flashmob"},"content":{"rendered":"<p>Curso que estimula mediante las metodolog\u00edas de la <em>Acci\u00f3n Instant\u00e1nea<\/em> y la <em>Red Humana<\/em> la intervenci\u00f3n directa y r\u00e1pida sobre el medio, centr\u00e1ndose el curso en tres enunciados rotativos: <em>Lo Cotidiano<\/em>, <em>Acciones Invasivas<\/em> y <em>Lo excepcional<\/em> que reinterpretan e investigan sobre el concepto de <em>Acontecimiento<\/em>, tomando como tablero de juego la propia ciudad de Alicante y su reactivaci\u00f3n<em><\/em><\/p>\n","protected":false},"excerpt":{"rendered":"<p>Curso que estimula mediante las metodolog\u00edas de la Acci\u00f3n Instant\u00e1nea y la Red Humana la intervenci\u00f3n directa y r\u00e1pida sobre el medio, centr\u00e1ndose el curso en tres enunciados rotativos: Lo Cotidiano, Acciones Invasivas y Lo excepcional que reinterpretan e investigan sobre el concepto de Acontecimiento, tomando como tablero de juego la propia ciudad de Alicante [&hellip;]<\/p>\n","protected":false},"author":503,"featured_media":0,"parent":4033,"menu_order":0,"comment_status":"open","ping_status":"open","template":"","meta":{"footnotes":""},"class_list":["post-4036","page","type-page","status-publish","hentry"],"_links":{"self":[{"href":"https:\/\/blogs.ua.es\/proyectosarquitectonicos\/wp-json\/wp\/v2\/pages\/4036","targetHints":{"allow":["GET"]}}],"collection":[{"href":"https:\/\/blogs.ua.es\/proyectosarquitectonicos\/wp-json\/wp\/v2\/pages"}],"about":[{"href":"https:\/\/blogs.ua.es\/proyectosarquitectonicos\/wp-json\/wp\/v2\/types\/page"}],"author":[{"embeddable":true,"href":"https:\/\/blogs.ua.es\/proyectosarquitectonicos\/wp-json\/wp\/v2\/users\/503"}],"replies":[{"embeddable":true,"href":"https:\/\/blogs.ua.es\/proyectosarquitectonicos\/wp-json\/wp\/v2\/comments?post=4036"}],"version-history":[{"count":3,"href":"https:\/\/blogs.ua.es\/proyectosarquitectonicos\/wp-json\/wp\/v2\/pages\/4036\/revisions"}],"predecessor-version":[{"id":4248,"href":"https:\/\/blogs.ua.es\/proyectosarquitectonicos\/wp-json\/wp\/v2\/pages\/4036\/revisions\/4248"}],"up":[{"embeddable":true,"href":"https:\/\/blogs.ua.es\/proyectosarquitectonicos\/wp-json\/wp\/v2\/pages\/4033"}],"wp:attachment":[{"href":"https:\/\/blogs.ua.es\/proyectosarquitectonicos\/wp-json\/wp\/v2\/media?parent=4036"}],"curies":[{"name":"wp","href":"https:\/\/api.w.org\/{rel}","templated":true}]}}