{"id":4055,"date":"2013-06-06T23:32:03","date_gmt":"2013-06-06T21:32:03","guid":{"rendered":"https:\/\/blogs.ua.es\/proyectosarquitectonicos\/?page_id=4055"},"modified":"2013-07-17T02:41:04","modified_gmt":"2013-07-17T00:41:04","slug":"maria-del-mar-melgarejo-fabiola-sanchez-subidon","status":"publish","type":"page","link":"https:\/\/blogs.ua.es\/proyectosarquitectonicos\/cursos-precedentes-2\/curso-20112012\/maria-del-mar-melgarejo-fabiola-sanchez-subidon\/","title":{"rendered":"Mar\u00eda del Mar Melgarejo + Fabiola S\u00e1nchez: Subid\u00f3n!"},"content":{"rendered":"<p>Confiamos en que el trabajo realizado desde la pasi\u00f3n personal y la diversi\u00f3n produce resultados exitosos. Partiendo de la explosi\u00f3n del YO de cada uno, se evidencian las herramientas\/ valores que les son propios, para posteriormente generar <em>sociedades afines<\/em>, cooperativas, comunidades, empresas, consultor\u00edas, plataformas, etc., que trabajan peri\u00f3dicamente sobre la intervenci\u00f3n\/\/alteraci\u00f3n cr\u00edtica y creativa de la Realidad. El curso construir\u00e1 un evento final de TRUEQUE dE idEAS cREATIVAS aL PESO. <a href=\"http:\/\/proyectos0subidon.tumblr.com\/\" target=\"_blank\">http:\/\/proyectos0subidon.tumblr.com\/<\/a><\/p>\n","protected":false},"excerpt":{"rendered":"<p>Confiamos en que el trabajo realizado desde la pasi\u00f3n personal y la diversi\u00f3n produce resultados exitosos. Partiendo de la explosi\u00f3n del YO de cada uno, se evidencian las herramientas\/ valores que les son propios, para posteriormente generar sociedades afines, cooperativas, comunidades, empresas, consultor\u00edas, plataformas, etc., que trabajan peri\u00f3dicamente sobre la intervenci\u00f3n\/\/alteraci\u00f3n cr\u00edtica y creativa de [&hellip;]<\/p>\n","protected":false},"author":503,"featured_media":0,"parent":4033,"menu_order":0,"comment_status":"open","ping_status":"open","template":"","meta":{"footnotes":""},"class_list":["post-4055","page","type-page","status-publish","hentry"],"_links":{"self":[{"href":"https:\/\/blogs.ua.es\/proyectosarquitectonicos\/wp-json\/wp\/v2\/pages\/4055","targetHints":{"allow":["GET"]}}],"collection":[{"href":"https:\/\/blogs.ua.es\/proyectosarquitectonicos\/wp-json\/wp\/v2\/pages"}],"about":[{"href":"https:\/\/blogs.ua.es\/proyectosarquitectonicos\/wp-json\/wp\/v2\/types\/page"}],"author":[{"embeddable":true,"href":"https:\/\/blogs.ua.es\/proyectosarquitectonicos\/wp-json\/wp\/v2\/users\/503"}],"replies":[{"embeddable":true,"href":"https:\/\/blogs.ua.es\/proyectosarquitectonicos\/wp-json\/wp\/v2\/comments?post=4055"}],"version-history":[{"count":4,"href":"https:\/\/blogs.ua.es\/proyectosarquitectonicos\/wp-json\/wp\/v2\/pages\/4055\/revisions"}],"predecessor-version":[{"id":4233,"href":"https:\/\/blogs.ua.es\/proyectosarquitectonicos\/wp-json\/wp\/v2\/pages\/4055\/revisions\/4233"}],"up":[{"embeddable":true,"href":"https:\/\/blogs.ua.es\/proyectosarquitectonicos\/wp-json\/wp\/v2\/pages\/4033"}],"wp:attachment":[{"href":"https:\/\/blogs.ua.es\/proyectosarquitectonicos\/wp-json\/wp\/v2\/media?parent=4055"}],"curies":[{"name":"wp","href":"https:\/\/api.w.org\/{rel}","templated":true}]}}