{"id":4355,"date":"2013-07-17T18:25:45","date_gmt":"2013-07-17T16:25:45","guid":{"rendered":"https:\/\/blogs.ua.es\/proyectosarquitectonicos\/?page_id=4355"},"modified":"2013-07-23T11:48:10","modified_gmt":"2013-07-23T09:48:10","slug":"jose-maria-torres-nadal","status":"publish","type":"page","link":"https:\/\/blogs.ua.es\/proyectosarquitectonicos\/cursos-precedentes-2\/curso-2013-2014-2\/proyectos-iv-grado\/jose-maria-torres-nadal\/","title":{"rendered":"G4 Jos\u00e9 Mar\u00eda Torres Nadal"},"content":{"rendered":"<p><strong>PAISAJES QUERIDOS: ENTRE ALICANTE Y MURCIA<\/strong><\/p>\n<p>Profesor: Jos\u00e9 Mar\u00eda Torres Nadal<\/p>\n<p><a href=\"https:\/\/blogs.ua.es\/proyectosarquitectonicos\/files\/2013\/07\/20130713_135828_resized.jpg\"><img loading=\"lazy\" decoding=\"async\" class=\"aligncenter size-full wp-image-4421\" alt=\"20130713_135828_resized\" src=\"https:\/\/blogs.ua.es\/proyectosarquitectonicos\/files\/2013\/07\/20130713_135828_resized.jpg\" width=\"550\" height=\"413\" srcset=\"https:\/\/blogs.ua.es\/proyectosarquitectonicos\/files\/2013\/07\/20130713_135828_resized.jpg 550w, https:\/\/blogs.ua.es\/proyectosarquitectonicos\/files\/2013\/07\/20130713_135828_resized-300x225.jpg 300w, https:\/\/blogs.ua.es\/proyectosarquitectonicos\/files\/2013\/07\/20130713_135828_resized-150x112.jpg 150w, https:\/\/blogs.ua.es\/proyectosarquitectonicos\/files\/2013\/07\/20130713_135828_resized-400x300.jpg 400w\" sizes=\"auto, (max-width: 550px) 100vw, 550px\" \/><\/a> <a href=\"https:\/\/blogs.ua.es\/proyectosarquitectonicos\/files\/2013\/07\/20130723_075558.jpg\"><img loading=\"lazy\" decoding=\"async\" class=\"aligncenter size-large wp-image-4422\" alt=\"20130723_075558\" src=\"https:\/\/blogs.ua.es\/proyectosarquitectonicos\/files\/2013\/07\/20130723_075558.jpg\" width=\"550\" height=\"413\" srcset=\"https:\/\/blogs.ua.es\/proyectosarquitectonicos\/files\/2013\/07\/20130723_075558.jpg 550w, https:\/\/blogs.ua.es\/proyectosarquitectonicos\/files\/2013\/07\/20130723_075558-300x225.jpg 300w, https:\/\/blogs.ua.es\/proyectosarquitectonicos\/files\/2013\/07\/20130723_075558-150x112.jpg 150w, https:\/\/blogs.ua.es\/proyectosarquitectonicos\/files\/2013\/07\/20130723_075558-400x300.jpg 400w\" sizes=\"auto, (max-width: 550px) 100vw, 550px\" \/><\/a><\/p>\n<p><strong>0<\/strong><\/p>\n<p>Este es un curso sin techo y sin red, un curso sobre los poderes del conocimiento y de la intuici\u00f3n. Un curso sobre como contemplar el contexto, incluso sus aspectos m\u00e1s problem\u00e1ticos,\u00a0 como\u00a0 la posibilidad de una experiencia apasionada y erotizada I.L.M. Sobre el concepto de trabajo como un servicio\u00a0 encadenado. Sobre la construcci\u00f3n de valores, econ\u00f3micos y sociales distintos de los del mercado. Sobre la creaci\u00f3n individual y la creaci\u00f3n colectiva.\u00a0 El curso como un viaje al interior\u00a0 de un paisaje.<\/p>\n<p><strong>1<\/strong><\/p>\n<p>La relaci\u00f3n entre Alicante y Murcia \u00a0ha sido un dato que desde su inicio est\u00e1 incorporada en la historia de la C\u00e1tedra de Proyectos.\u00a0 Como hermanas en vecindad, como ejecutoras de historias distintas la una de la otra, han coexistido busc\u00e1ndose \u00a0culturalmente, f\u00edsicamente, econ\u00f3micamente,\u00a0 socialmente. Profesores de uno y otro lado han ido recorriendo esa distancia \u00a0a lo largo del tiempo viendo crecer invernaderos, casas, pueblos. Carreteras, accidentes, diluvios o crep\u00fasculos. \u00a0En sus estaciones de servicio se ha multiplicado el arsenal <i>humano<\/i> y \u00a0\u00a0en sus paisajes el Mediterr\u00e1neo se ha atravesado de otra manera. En \u00a0esos 80 kms, con una ciudad en \u00a0lado norte de la otra, y la otra en \u00a0su lado sur, cultura, lengua, pol\u00edtica identifican una estructura en la \u00a0que lo urbano\/humano, los recursos energ\u00e9ticos, lo que nos identifica como actores experimentados\/apasionados junto a otros actores tambi\u00e9n experimentados\/apasionados, pueden construir una realidad muy distinta de la que el urbanismo cl\u00e1sico ha construido.<\/p>\n<p><strong>2<\/strong><\/p>\n<p>Desde el primer momento intentaremos construir entre una ciudad y la otra, en una ciudad y en la otra, otras realidades que tienen que ver con los hombres y sus poderes,\u00a0 con cartograf\u00edas de sentimientos, con lugares misteriosos, con viajes de ida y vuelta\u2026 Desde el primer momento intentaremos entender y construir las entidades arquitect\u00f3nicas\u00a0 de esas realidades y esos espacios\u00a0 donde lo nuevo humano, ese mundo fant\u00e1stico, invisible, ya existe y tiene lugar.<\/p>\n<p>Agotado el camino en el que la arquitectura se ha pensado como acontecimientos definitivos, abiertos ahora nosotros mismos a la movilizaci\u00f3n de lo deliberado frente a lo impuesto, este curso es un aprendizaje triple:<\/p>\n<ol start=\"1\">\n<li>Sobre la subjetividad , la m\u00eda y la vuestra : solo se puede aprender de quien est\u00e1 aprendiendo algo: c\u00f3mo analizamos , c\u00f3mo vemos \u00a0lo que siempre hemos visto y \u00a0con qui\u00e9n, c\u00f3mo, donde, con que lo hacemos. Actuar como un detective<\/li>\n<li>Sobre la conciencia y \u00a0el conocimiento: partimos de contextos determinados pol\u00edticamente\u00a0 pero tratamos de borrar esas condiciones espec\u00edficas \u00a0para quedarnos \u00a0con el momento de la decisi\u00f3n pura como condici\u00f3n de la \u00a0pol\u00edtica: c\u00f3mo argumento la decisi\u00f3n, c\u00f3mo escojo,\u00a0 qu\u00e9 papel tiene que ver el gusto personal, c\u00f3mo lo comunico, qu\u00e9 papel para la intuici\u00f3n, d\u00f3nde yo y d\u00f3nde los otros, d\u00f3nde su emoci\u00f3n, d\u00f3nde la m\u00eda,<\/li>\n<li>Sobre la tecnolog\u00eda como la\u00a0 sociedad hecha para que dure: Como proyectamos, qu\u00e9 es ahora lo f\u00edsico, qu\u00e9 huella deja, qu\u00e9 recursos usa, qui\u00e9n tiene la \u00faltima palabra c\u00f3mo comparto lo que s\u00e9.<\/li>\n<\/ol>\n<p><strong>3<\/strong><\/p>\n<p>Este es un curso conectado con la escuela y con la Universidad. Horizontalmente est\u00e1 conectado con el curso de Jose Carrasco y Antonio Abell\u00e1n. Verticalmente est\u00e1 conectado con el curso de Paco Leiva. Sociol\u00f3gicamente est\u00e1 conectado con el Departamento de Sociolog\u00eda de Francisco Jose Franc\u00e9s.<\/p>\n<p>&nbsp;<\/p>\n<p>&nbsp;<\/p>\n","protected":false},"excerpt":{"rendered":"<p>PAISAJES QUERIDOS: ENTRE ALICANTE Y MURCIA Profesor: Jos\u00e9 Mar\u00eda Torres Nadal 0 Este es un curso sin techo y sin red, un curso sobre los poderes del conocimiento y de la intuici\u00f3n. Un curso sobre como contemplar el contexto, incluso sus aspectos m\u00e1s problem\u00e1ticos,\u00a0 como\u00a0 la posibilidad de una experiencia apasionada y erotizada I.L.M. Sobre [&hellip;]<\/p>\n","protected":false},"author":503,"featured_media":0,"parent":3731,"menu_order":0,"comment_status":"open","ping_status":"open","template":"","meta":{"footnotes":""},"class_list":["post-4355","page","type-page","status-publish","hentry"],"_links":{"self":[{"href":"https:\/\/blogs.ua.es\/proyectosarquitectonicos\/wp-json\/wp\/v2\/pages\/4355","targetHints":{"allow":["GET"]}}],"collection":[{"href":"https:\/\/blogs.ua.es\/proyectosarquitectonicos\/wp-json\/wp\/v2\/pages"}],"about":[{"href":"https:\/\/blogs.ua.es\/proyectosarquitectonicos\/wp-json\/wp\/v2\/types\/page"}],"author":[{"embeddable":true,"href":"https:\/\/blogs.ua.es\/proyectosarquitectonicos\/wp-json\/wp\/v2\/users\/503"}],"replies":[{"embeddable":true,"href":"https:\/\/blogs.ua.es\/proyectosarquitectonicos\/wp-json\/wp\/v2\/comments?post=4355"}],"version-history":[{"count":5,"href":"https:\/\/blogs.ua.es\/proyectosarquitectonicos\/wp-json\/wp\/v2\/pages\/4355\/revisions"}],"predecessor-version":[{"id":4420,"href":"https:\/\/blogs.ua.es\/proyectosarquitectonicos\/wp-json\/wp\/v2\/pages\/4355\/revisions\/4420"}],"up":[{"embeddable":true,"href":"https:\/\/blogs.ua.es\/proyectosarquitectonicos\/wp-json\/wp\/v2\/pages\/3731"}],"wp:attachment":[{"href":"https:\/\/blogs.ua.es\/proyectosarquitectonicos\/wp-json\/wp\/v2\/media?parent=4355"}],"curies":[{"name":"wp","href":"https:\/\/api.w.org\/{rel}","templated":true}]}}