{"id":4920,"date":"2014-09-08T18:22:40","date_gmt":"2014-09-08T16:22:40","guid":{"rendered":"https:\/\/blogs.ua.es\/proyectosarquitectonicos\/?page_id=4920"},"modified":"2015-07-10T13:13:45","modified_gmt":"2015-07-10T11:13:45","slug":"g3-tarde-jaime-sepulcre-andres-silanes","status":"publish","type":"page","link":"https:\/\/blogs.ua.es\/proyectosarquitectonicos\/curso-2014-2015\/proyectos-2-y-3\/g3-tarde-jaime-sepulcre-andres-silanes\/","title":{"rendered":"G3 (Tarde) Jaime Sepulcre + Andr\u00e9s Silanes"},"content":{"rendered":"<p><strong><span style=\"font-size: 13px\">2\u00aa Residencia<\/span><\/strong><\/p>\n<div>\n<p><strong>Etnograf\u00edas arquitect\u00f3nicas en las ociourbes de la Costa Blanca<\/strong><\/p>\n<p align=\"right\">EPS ALICANTE &#8211; \u00c1REA PROYECTOS ARQUITECT\u00d3NICOS<\/p>\n<p align=\"right\">Profesores: Andr\u00e9s Silanes y Jaime Sepulcre<\/p>\n<p align=\"right\">Asignatura: Proyectos Arquitect\u00f3nicos 2-3, 4-5, 6-7, 8-9 (Taller Vertical)<\/p>\n<p align=\"right\">Curso: 2014-15<\/p>\n<h2><span style=\"color: #0000ff\"><a style=\"color: #0000ff\" href=\"http:\/\/segundaresidencia.tumblr.com\/\" target=\"_blank\">blog<\/a><\/span><\/h2>\n<p><span style=\"font-size: 13px\">Tras una experiencia de dos a\u00f1os (2012-14) trabajando sobre m\u00faltiples aproximaciones al fen\u00f3meno del ocio en el \u00e1mbito de lo dom\u00e9stico, concentrados en desrrutinizar los comportamientos cotidianos y recualificar la vida de disfrute en el hogar, en esta nueva edici\u00f3n de la asignatura de Proyectos Arquitect\u00f3nicos vamos a trasladar el foco de la investigaci\u00f3n a una realidad que nos es igualmente pr\u00f3xima y cercana y que representa en s\u00ed misma todo un escenario total pensado por y para el disfrute: nos referimos a la ciudad de vacaciones, a la ciudad de veraneo, a la ciudad tur\u00edstica del sol y playa. Unas ciudades cuya especialidad industrial es el ocio, la venta del placer y la fantas\u00eda de la felicidad.<\/span><\/p>\n<\/div>\n<p>El curso se plantea como una experiencia colectiva, como una investigaci\u00f3n colectiva -plural, multifocal- cuyo \u00e1mbito de trabajo ser\u00e1n las ciudades tur\u00edsticas de toda la costa de Alicante, conocida como la `Costa Blanca\u00b4: Campoamor, Torrevieja, Guardamar, Santa Pola, Alicante, San Juan, Villajoyosa, Benidorm, Altea, Calpe, Moraira, Javea y Denia.<\/p>\n<p>A la vista del presente actual nos interesa saber qu\u00e9 se buscaba al comienzo, qu\u00e9 fue sucediendo, qu\u00e9 podr\u00eda haber sucedido, qu\u00e9 podr\u00e1 suceder y que nos gustar\u00eda que pudiera suceder&#8230; Han pasado ya cincuenta a\u00f1os desde que hacia 1960 se desatara en la costa mediterr\u00e1nea el boom de las ciudades tur\u00edsticas y de 2\u00aa residencia. El t\u00edtulo del curso -2\u00aa residencia- pretende provocar una reflexi\u00f3n y una proyecci\u00f3n sobre cu\u00e1l ser\u00eda esa segunda -nueva- oportunidad de pensar e intervenir en todo ese h\u00e1bitat continuo a orillas del Mediterr\u00e1neo; sobre c\u00f3mo relacionarnos con nuestro entorno geogr\u00e1fico, con nuestro territorio, y qu\u00e9 arquitecturas generar para su explotaci\u00f3n y disfrute.<\/p>\n<p>\u00b7 Queremos aprender de la realidad: la ciudad actual como fuente de inspiraci\u00f3n. La realidad nos interesa en la medida en que sea `nuestro cotidiano avanzado\u00b4, nuestra experiencia inteligente de la realidad.<\/p>\n<p>\u00b7 Queremos aprender del pasado: `Arqueolog\u00eda del futuro\u00b4, viajar hacia el pasado para tambi\u00e9n viajar hacia el futuro (visiones arquitect\u00f3nicas futuras del pasado).<\/p>\n<p>\u00b7 Queremos hacer proyectivas hacia una deseabilidad futura: \u00bfc\u00f3mo ser\u00e1 la costa de Alicante hacia 2060 -en otro medio siglo-? Los futuribles se proyectan como deseos que hay que perseguir; son las aspiraciones, los ideales, las utop\u00edas que nos hacen personas, que nos hacen art\u00edfices de nuestro propio futuro.<br \/>\n<a href=\"https:\/\/blogs.ua.es\/proyectosarquitectonicos\/files\/2014\/09\/Foto-Taller-Sepulcre-Silanes.jpg\"><img loading=\"lazy\" decoding=\"async\" class=\"aligncenter size-full wp-image-5068\" src=\"https:\/\/blogs.ua.es\/proyectosarquitectonicos\/files\/2014\/09\/Foto-Taller-Sepulcre-Silanes.jpg\" alt=\"Microsoft Word - 2\u00aa RESIDENCIA_Programa P2,3,4y5_SilanesSepulcr\" width=\"560\" height=\"740\" srcset=\"https:\/\/blogs.ua.es\/proyectosarquitectonicos\/files\/2014\/09\/Foto-Taller-Sepulcre-Silanes.jpg 560w, https:\/\/blogs.ua.es\/proyectosarquitectonicos\/files\/2014\/09\/Foto-Taller-Sepulcre-Silanes-227x300.jpg 227w, https:\/\/blogs.ua.es\/proyectosarquitectonicos\/files\/2014\/09\/Foto-Taller-Sepulcre-Silanes-113x150.jpg 113w, https:\/\/blogs.ua.es\/proyectosarquitectonicos\/files\/2014\/09\/Foto-Taller-Sepulcre-Silanes-400x528.jpg 400w\" sizes=\"auto, (max-width: 560px) 100vw, 560px\" \/><\/a><\/p>\n","protected":false},"excerpt":{"rendered":"<p>2\u00aa Residencia Etnograf\u00edas arquitect\u00f3nicas en las ociourbes de la Costa Blanca EPS ALICANTE &#8211; \u00c1REA PROYECTOS ARQUITECT\u00d3NICOS Profesores: Andr\u00e9s Silanes y Jaime Sepulcre Asignatura: Proyectos Arquitect\u00f3nicos 2-3, 4-5, 6-7, 8-9 (Taller Vertical) Curso: 2014-15 blog Tras una experiencia de dos a\u00f1os (2012-14) trabajando sobre m\u00faltiples aproximaciones al fen\u00f3meno del ocio en el \u00e1mbito de lo [&hellip;]<\/p>\n","protected":false},"author":503,"featured_media":0,"parent":4882,"menu_order":0,"comment_status":"open","ping_status":"open","template":"","meta":{"footnotes":""},"class_list":["post-4920","page","type-page","status-publish","hentry"],"_links":{"self":[{"href":"https:\/\/blogs.ua.es\/proyectosarquitectonicos\/wp-json\/wp\/v2\/pages\/4920","targetHints":{"allow":["GET"]}}],"collection":[{"href":"https:\/\/blogs.ua.es\/proyectosarquitectonicos\/wp-json\/wp\/v2\/pages"}],"about":[{"href":"https:\/\/blogs.ua.es\/proyectosarquitectonicos\/wp-json\/wp\/v2\/types\/page"}],"author":[{"embeddable":true,"href":"https:\/\/blogs.ua.es\/proyectosarquitectonicos\/wp-json\/wp\/v2\/users\/503"}],"replies":[{"embeddable":true,"href":"https:\/\/blogs.ua.es\/proyectosarquitectonicos\/wp-json\/wp\/v2\/comments?post=4920"}],"version-history":[{"count":6,"href":"https:\/\/blogs.ua.es\/proyectosarquitectonicos\/wp-json\/wp\/v2\/pages\/4920\/revisions"}],"predecessor-version":[{"id":5425,"href":"https:\/\/blogs.ua.es\/proyectosarquitectonicos\/wp-json\/wp\/v2\/pages\/4920\/revisions\/5425"}],"up":[{"embeddable":true,"href":"https:\/\/blogs.ua.es\/proyectosarquitectonicos\/wp-json\/wp\/v2\/pages\/4882"}],"wp:attachment":[{"href":"https:\/\/blogs.ua.es\/proyectosarquitectonicos\/wp-json\/wp\/v2\/media?parent=4920"}],"curies":[{"name":"wp","href":"https:\/\/api.w.org\/{rel}","templated":true}]}}