{"id":5146,"date":"2015-01-27T18:33:35","date_gmt":"2015-01-27T17:33:35","guid":{"rendered":"https:\/\/blogs.ua.es\/proyectosarquitectonicos\/?page_id=5146"},"modified":"2015-01-30T17:29:11","modified_gmt":"2015-01-30T16:29:11","slug":"enrique-nieto-juan-antonio-sanchez-morales-jose-maria-torres-nadal","status":"publish","type":"page","link":"https:\/\/blogs.ua.es\/proyectosarquitectonicos\/enrique-nieto-juan-antonio-sanchez-morales-jose-maria-torres-nadal\/","title":{"rendered":"Enrique Nieto + Juan Antonio S\u00e1nchez Morales + Jos\u00e9 Mar\u00eda Torres Nada + Mar\u00eda Jos\u00e9 Marcos"},"content":{"rendered":"<p>Hoy ha comenzado el curso de Proyectos 0. \u00a1Bienvenidxs a todxs!<\/p>\n<p><a href=\"https:\/\/blogs.ua.es\/proyectosarquitectonicos\/files\/2015\/01\/P0_web.jpg\"><img loading=\"lazy\" decoding=\"async\" class=\"aligncenter size-full wp-image-5158\" src=\"https:\/\/blogs.ua.es\/proyectosarquitectonicos\/files\/2015\/01\/P0_web.jpg\" alt=\"P0_web\" width=\"560\" height=\"315\" srcset=\"https:\/\/blogs.ua.es\/proyectosarquitectonicos\/files\/2015\/01\/P0_web.jpg 560w, https:\/\/blogs.ua.es\/proyectosarquitectonicos\/files\/2015\/01\/P0_web-300x168.jpg 300w, https:\/\/blogs.ua.es\/proyectosarquitectonicos\/files\/2015\/01\/P0_web-150x84.jpg 150w, https:\/\/blogs.ua.es\/proyectosarquitectonicos\/files\/2015\/01\/P0_web-400x225.jpg 400w\" sizes=\"auto, (max-width: 560px) 100vw, 560px\" \/><\/a><\/p>\n","protected":false},"excerpt":{"rendered":"<p>Hoy ha comenzado el curso de Proyectos 0. \u00a1Bienvenidxs a todxs!<\/p>\n","protected":false},"author":503,"featured_media":0,"parent":0,"menu_order":0,"comment_status":"open","ping_status":"open","template":"","meta":{"footnotes":""},"class_list":["post-5146","page","type-page","status-publish","hentry"],"_links":{"self":[{"href":"https:\/\/blogs.ua.es\/proyectosarquitectonicos\/wp-json\/wp\/v2\/pages\/5146","targetHints":{"allow":["GET"]}}],"collection":[{"href":"https:\/\/blogs.ua.es\/proyectosarquitectonicos\/wp-json\/wp\/v2\/pages"}],"about":[{"href":"https:\/\/blogs.ua.es\/proyectosarquitectonicos\/wp-json\/wp\/v2\/types\/page"}],"author":[{"embeddable":true,"href":"https:\/\/blogs.ua.es\/proyectosarquitectonicos\/wp-json\/wp\/v2\/users\/503"}],"replies":[{"embeddable":true,"href":"https:\/\/blogs.ua.es\/proyectosarquitectonicos\/wp-json\/wp\/v2\/comments?post=5146"}],"version-history":[{"count":5,"href":"https:\/\/blogs.ua.es\/proyectosarquitectonicos\/wp-json\/wp\/v2\/pages\/5146\/revisions"}],"predecessor-version":[{"id":5161,"href":"https:\/\/blogs.ua.es\/proyectosarquitectonicos\/wp-json\/wp\/v2\/pages\/5146\/revisions\/5161"}],"wp:attachment":[{"href":"https:\/\/blogs.ua.es\/proyectosarquitectonicos\/wp-json\/wp\/v2\/media?parent=5146"}],"curies":[{"name":"wp","href":"https:\/\/api.w.org\/{rel}","templated":true}]}}