{"id":5376,"date":"2015-06-08T19:35:27","date_gmt":"2015-06-08T17:35:27","guid":{"rendered":"https:\/\/blogs.ua.es\/proyectosarquitectonicos\/?page_id=5376"},"modified":"2015-11-25T11:58:31","modified_gmt":"2015-11-25T10:58:31","slug":"arquitectura-y-subpoliticas","status":"publish","type":"page","link":"https:\/\/blogs.ua.es\/proyectosarquitectonicos\/expo-pfc-2002-2015\/arquitectura-y-subpoliticas\/","title":{"rendered":"Arquitectura y subpol\u00edticas"},"content":{"rendered":"<h3><span style=\"color: #ff7000\">mediaciones para mundos en com\u00fan<\/span><\/h3>\n<p>http:\/\/issuu.com\/playstudio\/docs\/libro_libroexpo_pfc_montado_web\/1<\/p>\n<p>&nbsp;<\/p>\n<p>Comisarios:<\/p>\n<p><strong>Miguel Mesa del Castillo<br \/>\n<\/strong><\/p>\n<p>&nbsp;<\/p>\n<p>Consultora cient\u00edfica:<\/p>\n<p><strong>Nerea Calvillo<\/strong><\/p>\n<p>&nbsp;<\/p>\n<p>Proyectos y autores:<\/p>\n<p><strong>El crucerista intr\u00e9pido<\/strong> \/ Ana Garc\u00eda Navarro y Angeles Gil Reyes<\/p>\n<p><strong>La Mancha:un proyecto para 6 presentes posibles<\/strong> <em>\/ <\/em>David C\u00e1rdenas Lorenz<em>o<\/em><\/p>\n<p><strong>La industria fiesta<\/strong> <em>\/ <\/em>Cristina J\u00f3dar P\u00e9rez<\/p>\n<p><strong>OCP.ALC<\/strong> \/ David Riquelme Garc\u00eda<\/p>\n<p><strong>De lo param\u00e9trico a lo pintoresco<\/strong> <em>\/ <\/em>David Andr\u00e9s Mart\u00edn-Pozuelo<\/p>\n<p><strong>Restituci\u00f3n del libro &#8220;La casa de hojas&#8221;de Mark Z. Danielewsky<\/strong> <em>\/ <\/em>Federico Tom\u00e1s Lorenzo<\/p>\n<p><strong>Historia de una lobotom\u00eda<\/strong> \/ David Jim\u00e9nez lniesta y Ma Angeles Pe\u00f1alver lzaguirre<\/p>\n<p><strong>La monumental vandalizada<\/strong> <em>\/ <\/em>Marta Ariza B\u00e9ixer<\/p>\n<p><strong>MIRA c\u00f3mo \u00e9RAMOS<\/strong> \/ Mary Pepa Ramos Mira<\/p>\n<p><strong>Estaci\u00f3n oceanogr\u00e1fica para piratas ecol\u00f3gicos<\/strong> <em>\/ <\/em>Rub\u00e9n Bodewig Belmonte<\/p>\n<p><strong>87% Standard. Aprendiendo de la ordinariez<\/strong> <em>\/ <\/em>Ana Melgarejo L\u00f3pez<\/p>\n<p><em>\u00a0<\/em><\/p>\n","protected":false},"excerpt":{"rendered":"<p>mediaciones para mundos en com\u00fan http:\/\/issuu.com\/playstudio\/docs\/libro_libroexpo_pfc_montado_web\/1 &nbsp; Comisarios: Miguel Mesa del Castillo &nbsp; Consultora cient\u00edfica: Nerea Calvillo &nbsp; Proyectos y autores: El crucerista intr\u00e9pido \/ Ana Garc\u00eda Navarro y Angeles Gil Reyes La Mancha:un proyecto para 6 presentes posibles \/ David C\u00e1rdenas Lorenzo La industria fiesta \/ Cristina J\u00f3dar P\u00e9rez OCP.ALC \/ David Riquelme Garc\u00eda [&hellip;]<\/p>\n","protected":false},"author":2744,"featured_media":0,"parent":5269,"menu_order":0,"comment_status":"open","ping_status":"open","template":"","meta":{"footnotes":""},"class_list":["post-5376","page","type-page","status-publish","hentry"],"_links":{"self":[{"href":"https:\/\/blogs.ua.es\/proyectosarquitectonicos\/wp-json\/wp\/v2\/pages\/5376","targetHints":{"allow":["GET"]}}],"collection":[{"href":"https:\/\/blogs.ua.es\/proyectosarquitectonicos\/wp-json\/wp\/v2\/pages"}],"about":[{"href":"https:\/\/blogs.ua.es\/proyectosarquitectonicos\/wp-json\/wp\/v2\/types\/page"}],"author":[{"embeddable":true,"href":"https:\/\/blogs.ua.es\/proyectosarquitectonicos\/wp-json\/wp\/v2\/users\/2744"}],"replies":[{"embeddable":true,"href":"https:\/\/blogs.ua.es\/proyectosarquitectonicos\/wp-json\/wp\/v2\/comments?post=5376"}],"version-history":[{"count":5,"href":"https:\/\/blogs.ua.es\/proyectosarquitectonicos\/wp-json\/wp\/v2\/pages\/5376\/revisions"}],"predecessor-version":[{"id":5761,"href":"https:\/\/blogs.ua.es\/proyectosarquitectonicos\/wp-json\/wp\/v2\/pages\/5376\/revisions\/5761"}],"up":[{"embeddable":true,"href":"https:\/\/blogs.ua.es\/proyectosarquitectonicos\/wp-json\/wp\/v2\/pages\/5269"}],"wp:attachment":[{"href":"https:\/\/blogs.ua.es\/proyectosarquitectonicos\/wp-json\/wp\/v2\/media?parent=5376"}],"curies":[{"name":"wp","href":"https:\/\/api.w.org\/{rel}","templated":true}]}}