{"id":5503,"date":"2015-09-03T20:31:14","date_gmt":"2015-09-03T18:31:14","guid":{"rendered":"https:\/\/blogs.ua.es\/proyectosarquitectonicos\/?page_id=5503"},"modified":"2015-10-30T11:03:59","modified_gmt":"2015-10-30T10:03:59","slug":"g1-juan-carlos-castro","status":"publish","type":"page","link":"https:\/\/blogs.ua.es\/proyectosarquitectonicos\/g1-juan-carlos-castro\/","title":{"rendered":"G1. Juan Carlos Castro"},"content":{"rendered":"<figure style=\"width: 539px\" class=\"wp-caption aligncenter\"><img loading=\"lazy\" decoding=\"async\" class=\"\" src=\"http:\/\/www.meipi.org\/meipimatic\/ruinascomtemporaneas\/images\/entry\/phpNlWX7j\" alt=\"\" width=\"539\" height=\"376\" \/><figcaption class=\"wp-caption-text\">Centro de Exposiciones y Congresos de Ayamonte<\/figcaption><\/figure>\n<h4>Arquitectura Zombi<\/h4>\n<p>La ca\u00edda de Leman Brothers en septiembre de 2008 tuvo como consecuencia la ca\u00edda en cadena de los principales mercados de valores a nivel global, desencadenando la mayor crisis econ\u00f3mica mundial conocida desde el famoso crac de 1929.<\/p>\n<p>Hasta septiembre de 2008, Espa\u00f1a estaba viviendo el punto \u00e1lgido de una econom\u00eda emergente cuyos principales activos eran el turismo y el mercado inmobiliario, es decir el mercado econ\u00f3mico desarrollado alrededor de la construcci\u00f3n de viviendas e infraestructuras. Como consecuencia de la ca\u00edda de Leman Brothers, el paisaje periurbano de todas las poblaciones con voluntad de crecer como s\u00edmbolo identitario de mejora y crecimiento econ\u00f3mico, se ha visto poblado de una larga serie de estructuras, infraestructuras y edificios que nunca vieron el final de su ejecuci\u00f3n, o que fueron finalizados pero nunca habitados. Una suerte de arquitectura zombi que nos recuerda diariamente las consecuencias del desarrollismo descontrolado y la construcci\u00f3n y la arquitectura basada \u00fanicamente en los valores de mercado.<\/p>\n<p><strong>Programa<\/strong><\/p>\n<p>En este contexto territorial de ruinas contempor\u00e1neas, se desarrollar\u00e1 el curso <strong><em>Arquitectura Zombi, <\/em><\/strong>centr\u00e1ndose para esta edici\u00f3n en el sudeste espa\u00f1ol y m\u00e1s concretamente en las arquitecturas e infraestructuras del ocio, como paradigma del desarrollismo econ\u00f3mico.<\/p>\n<p><strong>Metodolog\u00eda<\/strong><\/p>\n<p>El curso desarrollar\u00e1 y pondr\u00e1 en pr\u00e1ctica una metodolog\u00eda de trabajo basada en 3 puntos:<\/p>\n<ul>\n<li>TOMA DE DATOS: B\u00fasqueda y vaciado de informaci\u00f3n de las infraestructuras y edificios del ocio sujeto de estudio.<\/li>\n<li>VISUALIZACI\u00d3N: Representaci\u00f3n gr\u00e1fica aut\u00f3noma y precisa de los datos, biograf\u00edas y relaciones de inter\u00e9s y poder existentes alrededor de los sujetos de estudio.<\/li>\n<li>ESTRATEGIA y PROTOTIPOS: Desarrollo de estrategias y prototipos arquitect\u00f3nicos capaces de reactivar y reanimar los edificios e infraestructuras enfermos.<\/li>\n<\/ul>\n<p><strong>Objetivos<\/strong><\/p>\n<ul>\n<li>Capacidad para hacer b\u00fasquedas y tomas de datos exhaustivas de un contexto arquitect\u00f3nico complejo<\/li>\n<li>Capacidad para utilizar materiales ajenos a la disciplina arquitect\u00f3nica e incorporarlos en el desarrollo de un proceso de dise\u00f1o arquitect\u00f3nico.<\/li>\n<li>Control y manejo de una bibliograf\u00eda propia, aplicada al proyecto arquitect\u00f3nico.<\/li>\n<li>Manejo de herramientas digitales y anal\u00f3gicas capaces de representar situaciones arquitect\u00f3nicas complejas<\/li>\n<li>Manejo y control de formatos de dibujo vectorial, imagen y video<\/li>\n<li>Desarrollo de un lenguaje gr\u00e1fico propio<\/li>\n<li>Desarrollo de una narrativa visual capaz de comunicar todos sus contenidos por ella misma.<\/li>\n<li>Ampliaci\u00f3n y uso del imaginario y subjetividad individual como herramienta de proyecto arquitect\u00f3nico.<\/li>\n<\/ul>\n<p><strong>Evaluaci\u00f3n<\/strong><\/p>\n<ul>\n<li>Entrega de todos los ejercicios propuestos en tiempo y forma<\/li>\n<li>Cumplimiento de los objetivos enunciados en cada ejercicio<\/li>\n<li>Cumplimiento de los objetivos generales del curso<\/li>\n<\/ul>\n<p><strong>Fases<\/strong><\/p>\n<p>FASE 1. Arqueolog\u00eda de datos, visualizaci\u00f3n y desarrollo de herramientas gr\u00e1ficas. Desarrollo grupal.<\/p>\n<p>FASE2. Construcci\u00f3n de imaginarios personales. Desarrollo individual<\/p>\n<p>FASE3. Estrategias de dise\u00f1o, reactivaci\u00f3n y dise\u00f1o de dispositivos arquitect\u00f3nicos. Desarrollo grupal.<\/p>\n<p>FASE4. Edici\u00f3n final. Revisi\u00f3n y ampliaci\u00f3n de los materiales entregados. Entrega dosier final (A3). Desarrollo individual.<\/p>\n<p><strong>Viaje<\/strong><\/p>\n<p>El curso reforzar\u00e1 su metodolog\u00eda y ampliar\u00e1 su experiencia con un viaje a Barcelona, que coincidir\u00e1 con el Festival de arquitectura EME3.<\/p>\n<p>&nbsp;<\/p>\n<p>&nbsp;<\/p>\n","protected":false},"excerpt":{"rendered":"<p>Arquitectura Zombi La ca\u00edda de Leman Brothers en septiembre de 2008 tuvo como consecuencia la ca\u00edda en cadena de los principales mercados de valores a nivel global, desencadenando la mayor crisis econ\u00f3mica mundial conocida desde el famoso crac de 1929. Hasta septiembre de 2008, Espa\u00f1a estaba viviendo el punto \u00e1lgido de una econom\u00eda emergente cuyos [&hellip;]<\/p>\n","protected":false},"author":1037,"featured_media":0,"parent":0,"menu_order":0,"comment_status":"open","ping_status":"open","template":"","meta":{"footnotes":""},"class_list":["post-5503","page","type-page","status-publish","hentry"],"_links":{"self":[{"href":"https:\/\/blogs.ua.es\/proyectosarquitectonicos\/wp-json\/wp\/v2\/pages\/5503","targetHints":{"allow":["GET"]}}],"collection":[{"href":"https:\/\/blogs.ua.es\/proyectosarquitectonicos\/wp-json\/wp\/v2\/pages"}],"about":[{"href":"https:\/\/blogs.ua.es\/proyectosarquitectonicos\/wp-json\/wp\/v2\/types\/page"}],"author":[{"embeddable":true,"href":"https:\/\/blogs.ua.es\/proyectosarquitectonicos\/wp-json\/wp\/v2\/users\/1037"}],"replies":[{"embeddable":true,"href":"https:\/\/blogs.ua.es\/proyectosarquitectonicos\/wp-json\/wp\/v2\/comments?post=5503"}],"version-history":[{"count":8,"href":"https:\/\/blogs.ua.es\/proyectosarquitectonicos\/wp-json\/wp\/v2\/pages\/5503\/revisions"}],"predecessor-version":[{"id":5692,"href":"https:\/\/blogs.ua.es\/proyectosarquitectonicos\/wp-json\/wp\/v2\/pages\/5503\/revisions\/5692"}],"wp:attachment":[{"href":"https:\/\/blogs.ua.es\/proyectosarquitectonicos\/wp-json\/wp\/v2\/media?parent=5503"}],"curies":[{"name":"wp","href":"https:\/\/api.w.org\/{rel}","templated":true}]}}