{"id":5512,"date":"2015-09-30T12:40:42","date_gmt":"2015-09-30T10:40:42","guid":{"rendered":"https:\/\/blogs.ua.es\/proyectosarquitectonicos\/?page_id=5512"},"modified":"2015-09-30T13:43:39","modified_gmt":"2015-09-30T11:43:39","slug":"g1-adriana-figueiras","status":"publish","type":"page","link":"https:\/\/blogs.ua.es\/proyectosarquitectonicos\/g1-adriana-figueiras\/","title":{"rendered":"G1. Adriana Figueiras"},"content":{"rendered":"<p><a href=\"https:\/\/blogs.ua.es\/proyectosarquitectonicos\/files\/2015\/09\/HEVIA-Y-BAYO-2015.jpg\"><img loading=\"lazy\" decoding=\"async\" class=\"aligncenter wp-image-5587 size-full\" src=\"https:\/\/blogs.ua.es\/proyectosarquitectonicos\/files\/2015\/09\/HEVIA-Y-BAYO-2015.jpg\" alt=\"HEVIA Y BAYO 2015\" width=\"1000\" height=\"664\" srcset=\"https:\/\/blogs.ua.es\/proyectosarquitectonicos\/files\/2015\/09\/HEVIA-Y-BAYO-2015.jpg 1000w, https:\/\/blogs.ua.es\/proyectosarquitectonicos\/files\/2015\/09\/HEVIA-Y-BAYO-2015-300x199.jpg 300w, https:\/\/blogs.ua.es\/proyectosarquitectonicos\/files\/2015\/09\/HEVIA-Y-BAYO-2015-150x100.jpg 150w, https:\/\/blogs.ua.es\/proyectosarquitectonicos\/files\/2015\/09\/HEVIA-Y-BAYO-2015-400x266.jpg 400w\" sizes=\"auto, (max-width: 1000px) 100vw, 1000px\" \/><\/a><\/p>\n<h4 style=\"text-align: center\"><strong><em>acuerdos urbanos<\/em><\/strong><\/h4>\n<p>&nbsp;<\/p>\n<p>Se propone el trabajo en proyectos y acciones ef\u00edmeras que pongan en relaci\u00f3n el \u2018<strong>paisaje\u2019<\/strong>, el \u2018<strong>arte\u2019<\/strong>, el \u2018<strong>espacio urbano\u2019<\/strong>, la \u2018<strong>acci\u00f3n\u2019<\/strong> y la \u2018<strong>arquitectura\u2019<\/strong>, como construcci\u00f3n del escenario socio-espacial-urbano contempor\u00e1neo.<\/p>\n<p>Se busca\u00a0\u00a0 explorar la ciudad a trav\u00e9s de una mirada detenida que permita hacer emerger lo invisible para encontrar oportunidades de actuaci\u00f3n.<\/p>\n<p>Los proyectos ser\u00e1n pol\u00edticos* y, adem\u00e1s de ocupar un lugar f\u00edsico, se vincular\u00e1n con diferentes asuntos de car\u00e1cter p\u00fablico pertenecientes a realidades civiles, sociales, econ\u00f3micas y ambientales.<\/p>\n<p style=\"padding-left: 60px\"><em>*La sexta acepci\u00f3n del t\u00e9rmino\u00a0Pol\u00edtica\u00a0-en el DRAE- afirma: \u201cActividad del ciudadano cuando interviene en los asuntos p\u00fablicos con su opini\u00f3n, con su voto, o de cualquier otro modo\u201d.<\/em><\/p>\n<p>El primer cuatrimestre se dedicar\u00e1 al trabajo de construcci\u00f3n proyectual del entramado de relaciones entre los lugares y los contenidos p\u00fablicos. Primordial el dibujo y los documentos descriptivos y organizativos.<\/p>\n<p>El segundo cuatrimestre se dedicar\u00e1 a la construcci\u00f3n de prototipos e instalaciones. Primordial el trabajo en dise\u00f1o y construcci\u00f3n. Los proyectos se intercambiar\u00e1n, lo que permitir\u00e1 la movilidad de estudiantes.<\/p>\n<p>Las cinco l\u00edneas de exploraci\u00f3n que se proponen como punto de partida y de b\u00fasqueda de referencias, no son m\u00e1s que una insinuaci\u00f3n de muchos otros caminos posibles.<\/p>\n<p>Para empezar la exploraci\u00f3n, podemos referenciar cada una de las l\u00edneas a una pr\u00e1ctica conocida en arte y arquitectura, del siguiente modo:<\/p>\n<p><strong>\u2018Paisaje\u2019<\/strong> con \u201cLand Art\u201d RICHARD SERRA 2014<\/p>\n<p><strong>\u2018Arte\u2019<\/strong> con \u201cStreet Art\u201d MENTALGASSI 2011<\/p>\n<p><strong>\u2018Espacio Urbano\u2019<\/strong> con \u201cStreet Gallery\u201d NURIA D\u00cdAZ 2015<\/p>\n<p><strong>\u2018Acci\u00f3n\u2019<\/strong> con \u201cUrban Performances\u201d \u00a0\u00a0\u00a0\u00a0\u00a0\u00a0\u00a0\u00a0\u00a0\u00a0\u00a0MARKUS BADER 2013<\/p>\n<p><strong>\u2018Arquitectura\u2019<\/strong> con \u201cUrban Temporary Architecture\u201d HEVIA Y BAYO 2015<\/p>\n<p>&nbsp;<\/p>\n<p>&nbsp;<\/p>\n<p>&nbsp;<\/p>\n<p>&nbsp;<\/p>\n<p>&nbsp;<\/p>\n<p>&nbsp;<\/p>\n","protected":false},"excerpt":{"rendered":"<p>acuerdos urbanos &nbsp; Se propone el trabajo en proyectos y acciones ef\u00edmeras que pongan en relaci\u00f3n el \u2018paisaje\u2019, el \u2018arte\u2019, el \u2018espacio urbano\u2019, la \u2018acci\u00f3n\u2019 y la \u2018arquitectura\u2019, como construcci\u00f3n del escenario socio-espacial-urbano contempor\u00e1neo. Se busca\u00a0\u00a0 explorar la ciudad a trav\u00e9s de una mirada detenida que permita hacer emerger lo invisible para encontrar oportunidades de [&hellip;]<\/p>\n","protected":false},"author":1037,"featured_media":0,"parent":0,"menu_order":0,"comment_status":"open","ping_status":"open","template":"","meta":{"footnotes":""},"class_list":["post-5512","page","type-page","status-publish","hentry"],"_links":{"self":[{"href":"https:\/\/blogs.ua.es\/proyectosarquitectonicos\/wp-json\/wp\/v2\/pages\/5512","targetHints":{"allow":["GET"]}}],"collection":[{"href":"https:\/\/blogs.ua.es\/proyectosarquitectonicos\/wp-json\/wp\/v2\/pages"}],"about":[{"href":"https:\/\/blogs.ua.es\/proyectosarquitectonicos\/wp-json\/wp\/v2\/types\/page"}],"author":[{"embeddable":true,"href":"https:\/\/blogs.ua.es\/proyectosarquitectonicos\/wp-json\/wp\/v2\/users\/1037"}],"replies":[{"embeddable":true,"href":"https:\/\/blogs.ua.es\/proyectosarquitectonicos\/wp-json\/wp\/v2\/comments?post=5512"}],"version-history":[{"count":4,"href":"https:\/\/blogs.ua.es\/proyectosarquitectonicos\/wp-json\/wp\/v2\/pages\/5512\/revisions"}],"predecessor-version":[{"id":5624,"href":"https:\/\/blogs.ua.es\/proyectosarquitectonicos\/wp-json\/wp\/v2\/pages\/5512\/revisions\/5624"}],"wp:attachment":[{"href":"https:\/\/blogs.ua.es\/proyectosarquitectonicos\/wp-json\/wp\/v2\/media?parent=5512"}],"curies":[{"name":"wp","href":"https:\/\/api.w.org\/{rel}","templated":true}]}}